{"id":31,"date":"2018-04-27T15:44:48","date_gmt":"2018-04-27T15:44:48","guid":{"rendered":"https:\/\/pracownia52.pl\/?page_id=31"},"modified":"2025-12-22T19:48:57","modified_gmt":"2025-12-22T19:48:57","slug":"krotki-przewodnik-po-moich-stronach","status":"publish","type":"page","link":"https:\/\/pracownia52.pl\/","title":{"rendered":"A wi\u0119c\u2026"},"content":{"rendered":"\n<div class=\"wp-block-media-text is-stacked-on-mobile\" style=\"grid-template-columns:35% auto\"><figure class=\"wp-block-media-text__media\"><img loading=\"lazy\" decoding=\"async\" width=\"400\" height=\"158\" src=\"https:\/\/pracownia52.pl\/wp-content\/uploads\/2018\/04\/scissors-Franka-p52-logo-all-400.gif\" alt=\"\" class=\"wp-image-78 size-full\"\/><\/figure><div class=\"wp-block-media-text__content\">\n<p>\u2022 najpierw stary katalog zdj\u0119\u0107, projekt\u00f3w: <br>d. <strong><a href=\"https:\/\/pracownia52.pl\/www\/\" data-type=\"URL\" data-id=\"https:\/\/pracownia52.pl\/www\/\">pracownia 52<\/a><\/strong> i z czas\u00f3w nieco wcze\u015bniejszych\u2026<\/p>\n<\/div><\/div>\n\n\n\n<div class=\"wp-block-media-text is-stacked-on-mobile\" style=\"grid-template-columns:34% auto\"><figure class=\"wp-block-media-text__media\"><img loading=\"lazy\" decoding=\"async\" width=\"1024\" height=\"998\" src=\"https:\/\/pracownia52.pl\/wp-content\/uploads\/2025\/12\/gotowe-Obok-tom-drugi-foto-mniejsze-mr-makowski-IMG-8833-1024x998.jpeg\" alt=\"\" class=\"wp-image-468 size-full\" srcset=\"https:\/\/pracownia52.pl\/wp-content\/uploads\/2025\/12\/gotowe-Obok-tom-drugi-foto-mniejsze-mr-makowski-IMG-8833-1024x998.jpeg 1024w, https:\/\/pracownia52.pl\/wp-content\/uploads\/2025\/12\/gotowe-Obok-tom-drugi-foto-mniejsze-mr-makowski-IMG-8833-300x292.jpeg 300w, https:\/\/pracownia52.pl\/wp-content\/uploads\/2025\/12\/gotowe-Obok-tom-drugi-foto-mniejsze-mr-makowski-IMG-8833-768x749.jpeg 768w, https:\/\/pracownia52.pl\/wp-content\/uploads\/2025\/12\/gotowe-Obok-tom-drugi-foto-mniejsze-mr-makowski-IMG-8833.jpeg 1231w\" sizes=\"auto, (max-width: 706px) 89vw, (max-width: 767px) 82vw, 740px\" \/><\/figure><div class=\"wp-block-media-text__content\">\n<p>\u201e<strong><a href=\"https:\/\/obok.info\/?p=318\" data-type=\"link\" data-id=\"https:\/\/obok.info\/?p=318\">Obok. Tom drugi<\/a><\/strong>\u201d ju\u017c jest, szczeg\u00f3\u0142y = <strong><a href=\"https:\/\/ooops.pl\/?page_id=37642\" data-type=\"link\" data-id=\"https:\/\/ooops.pl\/?page_id=37642\">tam<\/a><\/strong>.<\/p>\n<\/div><\/div>\n\n\n\n<div class=\"wp-block-media-text is-stacked-on-mobile\" style=\"grid-template-columns:34% auto\"><figure class=\"wp-block-media-text__media\"><a href=\"https:\/\/ooops.pl\/?p=36787\"><img decoding=\"async\" src=\"https:\/\/pracownia52.pl\/wp-content\/uploads\/2021\/08\/I-okladka-Festiwale-mr-makowski-miniaturka-200-pxl-podst.jpg\" alt=\"\"\/><\/a><\/figure><div class=\"wp-block-media-text__content\">\n<p>s\u0105 te\u017c inne KSI\u0104\u017bKI: ta <strong><a href=\"https:\/\/ooops.pl\/?p=36787\">przedostatni<\/a><\/strong><a href=\"https:\/\/ooops.pl\/?p=36787\"><strong>a<\/strong><\/a>:<br>\u2022 mr makowski, Konrad Wojciechowski <br>\u201e<strong><a href=\"https:\/\/ooops.pl\/?p=36787\" data-type=\"URL\" data-id=\"https:\/\/ooops.pl\/?p=36787\">Koniec festiwali albo kolorowa prywatyzacja. \u017bycie artystyczno-estradowe w Polsce 1955-2021<\/a><\/strong>\u201d (2021); nieco demitologizacji, troch\u0119 wspomnie\u0144, sporo przekornych (?) tez\u2026<\/p>\n\n\n\n<p>\u2026oraz te wcze\u015bniej wydane:<\/p>\n<\/div><\/div>\n\n\n\n<div class=\"wp-block-media-text is-stacked-on-mobile\" style=\"grid-template-columns:34% auto\"><figure class=\"wp-block-media-text__media\"><a href=\"https:\/\/makowski.info\/\"><img loading=\"lazy\" decoding=\"async\" width=\"754\" height=\"1024\" src=\"https:\/\/pracownia52.pl\/wp-content\/uploads\/2020\/02\/0I-Podroz-do-wer-okladki-2019-c-mr-makowski-Low-Res-RGB-754x1024.jpg\" alt=\"\" class=\"wp-image-124 size-full\" srcset=\"https:\/\/pracownia52.pl\/wp-content\/uploads\/2020\/02\/0I-Podroz-do-wer-okladki-2019-c-mr-makowski-Low-Res-RGB-754x1024.jpg 754w, https:\/\/pracownia52.pl\/wp-content\/uploads\/2020\/02\/0I-Podroz-do-wer-okladki-2019-c-mr-makowski-Low-Res-RGB-221x300.jpg 221w, https:\/\/pracownia52.pl\/wp-content\/uploads\/2020\/02\/0I-Podroz-do-wer-okladki-2019-c-mr-makowski-Low-Res-RGB-768x1043.jpg 768w, https:\/\/pracownia52.pl\/wp-content\/uploads\/2020\/02\/0I-Podroz-do-wer-okladki-2019-c-mr-makowski-Low-Res-RGB.jpg 884w\" sizes=\"auto, (max-width: 706px) 89vw, (max-width: 767px) 82vw, 740px\" \/><\/a><\/figure><div class=\"wp-block-media-text__content\">\n<p>\u2022 mr makowski \u201e<strong><a href=\"https:\/\/ooops.pl\/?page_id=35939\" data-type=\"URL\" data-id=\"https:\/\/ooops.pl\/?page_id=35939\">Podr\u00f3\u017c do \u015brodka mojego ojca. Aktywista Zbigniew Makowski (1946-1956)<\/a><\/strong>\u201d, wydana ju\u017c po \u015bmierci <strong><a href=\"https:\/\/culture.pl\/pl\/tworca\/zbigniew-makowski\" data-type=\"URL\" data-id=\"https:\/\/culture.pl\/pl\/tworca\/zbigniew-makowski\">mego ojca<\/a><\/strong>\u2026<\/p>\n<\/div><\/div>\n\n\n\n<div class=\"wp-block-media-text is-stacked-on-mobile\" style=\"grid-template-columns:35% auto\"><figure class=\"wp-block-media-text__media\"><a href=\"https:\/\/nikt.net\/\"><img decoding=\"async\" src=\"https:\/\/pracownia52.pl\/wp-content\/uploads\/2018\/04\/Panstwo-Nikt-tom-1-Okladka-I-str-mr-makowski-200pxl.jpg\" alt=\"\"\/><\/a><\/figure><div class=\"wp-block-media-text__content\">\n<p>\u2026czyli nieco nowszy (2020) <strong><a href=\"https:\/\/makowski.info\" data-type=\"URL\" data-id=\"https:\/\/makowski.info\">fragment<\/a><\/strong> wi\u0119kszej ca\u0142o\u015bci, ona \u2013 obok\u2026 dwie&nbsp;<a href=\"http:\/\/nikt.net\/?p=958\"><strong>ksi\u0105\u017cki<\/strong><\/a>: <br>historia (prawie) <strong><a href=\"https:\/\/ooops.pl\/?page_id=29807\" data-type=\"URL\" data-id=\"https:\/\/ooops.pl\/?page_id=29807\">rodzinna<\/a><\/strong>: \u201e<strong><a href=\"https:\/\/nikt.net\/?page_id=108\" data-type=\"URL\" data-id=\"https:\/\/nikt.net\/?page_id=108\">Pa\u0144stwo Nikt. Dzieje ludzi niewa\u017cnych<\/a><\/strong>\u201d (2016), to d\u0142u\u017csza opowie\u015b\u0107 + druga mniejsza, w obrazkach \u2013 interpretacja cz\u0119\u015bci tej opowie\u015bci: <strong><a href=\"http:\/\/martakrzywicka.pl\" data-type=\"URL\" data-id=\"http:\/\/martakrzywicka.pl\">Marta Krzywicka<\/a><\/strong>; oraz towarzysz\u0105ca wydawnictwu <strong><a href=\"https:\/\/nikt.net\" data-type=\"URL\" data-id=\"https:\/\/nikt.net\">strona www<\/a><\/strong>, <br>z uzupe\u0142nieniami i innymi w\u0105tkami\u2026<\/p>\n<\/div><\/div>\n\n\n\n<div class=\"wp-block-media-text is-stacked-on-mobile\" style=\"grid-template-columns:35% auto\"><figure class=\"wp-block-media-text__media\"><a href=\"https:\/\/ooops.pl\/?page_id=10844\"><img loading=\"lazy\" decoding=\"async\" width=\"200\" height=\"264\" src=\"https:\/\/pracownia52.pl\/wp-content\/uploads\/2018\/04\/okladka-Obok-200x264pxl-CMYK.jpg\" alt=\"\" class=\"wp-image-62 size-full\"\/><\/a><\/figure><div class=\"wp-block-media-text__content\">\n<p>\u2026obok, bo by\u0142a te\u017c klasyka gatunku (jak to oceniaj\u0105 <strong><a href=\"http:\/\/obok.info\/?page_id=35\" data-type=\"URL\" data-id=\"http:\/\/obok.info\/?page_id=35\">niekt\u00f3rzy<\/a><\/strong>)\u2026 \u201eObok\u2026\u201d prawdziwe: <br><br>\u2022 Micha\u0142 Szyma\u0144ski, <strong><a href=\"http:\/\/obok.info\/?page_id=35\" data-type=\"URL\" data-id=\"http:\/\/obok.info\/?page_id=35\">mr makowski<\/a><\/strong> (i in.)<br>\u201e<strong><a href=\"https:\/\/ooops.pl\/?page_id=10844\" data-type=\"URL\" data-id=\"https:\/\/ooops.pl\/?page_id=10844\">Obok albo ile procent Babilonu?<\/a><\/strong>\u201d (2011); <br>ju\u017c u mnie niedost\u0119pna\u2026<\/p>\n<\/div><\/div>\n\n\n\n<p>RESZTA:<br>\u2022 \u201e<strong><a href=\"https:\/\/ooops.pl\" data-type=\"URL\" data-id=\"https:\/\/ooops.pl\">ooops<\/a><\/strong>\u201d (kiedy\u015b blog, dzi\u015b raczej notatnik);<br>\u2022 \u201e<strong><a href=\"http:\/\/obok.info\" data-type=\"URL\" data-id=\"http:\/\/obok.info\">obok<\/a><\/strong>\u201d \u2013 czyli strona, kt\u00f3ra mia\u0142a pomaga\u0107 <strong><a href=\"http:\/\/obok.info\/?page_id=35\" data-type=\"URL\" data-id=\"http:\/\/obok.info\/?page_id=35\">ksi\u0105\u017cce<\/a><\/strong>, nieco zaniedbana dzi\u015b;<br>\u2022 \u201e<strong><a href=\"http:\/\/www.mitologie.eu\" data-type=\"URL\" data-id=\"http:\/\/www.mitologie.eu\">mitologie<\/a><\/strong>\u201d to pocz\u0105tek ksi\u0105\u017cki <strong><a href=\"https:\/\/ooops.pl\/?p=36787\" data-type=\"URL\" data-id=\"https:\/\/ooops.pl\/?p=36787\">o festiwalach<\/a><\/strong> by\u0142;<br>\u2022 \u201e<strong><a href=\"http:\/\/przedmioty.com\" data-type=\"URL\" data-id=\"http:\/\/przedmioty.com\">Przedmioty<\/a><\/strong>\u201d \u2013 jak sama nazwa m\u00f3wi;<\/p>\n\n\n\n<p>i s\u0105 jeszcze strony innych \/ dla innych, najpierw MUZYKA:<\/p>\n\n\n\n<div class=\"wp-block-media-text is-stacked-on-mobile\" style=\"grid-template-columns:36% auto\"><figure class=\"wp-block-media-text__media\"><a href=\"https:\/\/ooops.pl\/?page_id=18790\"><img decoding=\"async\" src=\"https:\/\/pracownia52.pl\/wp-content\/uploads\/2018\/04\/Regementarz-small-200pxl.jpg\" alt=\"\"\/><\/a><\/figure><div class=\"wp-block-media-text__content\">\n<p>\u201e<strong><a href=\"https:\/\/ooops.pl\/?page_id=18790\" data-type=\"URL\" data-id=\"https:\/\/ooops.pl\/?page_id=18790\">regementarz<\/a><\/strong>\u201d \u2013 wcze\u015bniej by\u0142a nawet i strona <br>(+ o ksi\u0105\u017cce S\u0142awka, wydanie 2), dzi\u015b ju\u017c tylko pliki na mych stronach, gdzieniegdzie\u2026<\/p>\n<\/div><\/div>\n\n\n\n<p><br>\u2022 \u201e<a href=\"http:\/\/helmutnadolski.info\"><strong>Hellmood<\/strong><\/a>\u201d: jedyny i niepowtarzalny Helmut Nadolski; po znajomo\u015bci\u2026<\/p>\n\n\n\n<p>\u2026p\u00f3\u017aniej OBRAZY:<br>\u2022 <a href=\"http:\/\/jaceksienicki.pl\"><strong>Jacek Sienicki<\/strong><\/a>, strona oficjalna;&nbsp;oraz&nbsp;<strong style=\"color: var( --e-global-color-text ); font-family: var( --e-global-typography-text-font-family ), Sans-serif; font-size: 1rem;\"><a href=\"http:\/\/sieniccy.pl\">Sieniccy<\/a><\/strong> (strona o rodzinie)<\/p>\n\n\n\n<p>\u2026oraz inne FORMY:<br>\u2022 <a href=\"http:\/\/mh.waw.pl\"><strong>Micha\u0142 zwany He\u0144kiem<\/strong><\/a>\u2026<\/p>\n\n\n\n<div class=\"wp-block-group\"><div class=\"wp-block-group__inner-container is-layout-constrained wp-block-group-is-layout-constrained\">\n<details class=\"wp-block-details is-layout-flow wp-block-details-is-layout-flow\" open><summary>Polecam te\u017c niekt\u00f3re z mych starszych projekt\u00f3w<\/summary>\n<div class=\"wp-block-columns is-layout-flex wp-container-core-columns-is-layout-9d6595d7 wp-block-columns-is-layout-flex\">\n<div class=\"wp-block-column is-vertically-aligned-center is-layout-flow wp-block-column-is-layout-flow\" style=\"flex-basis:100%\">\n<figure class=\"wp-block-gallery has-nested-images columns-4 wp-block-gallery-1 is-layout-flex wp-block-gallery-is-layout-flex\">\n<figure class=\"wp-block-image size-full\"><a href=\"https:\/\/pracownia52.pl\/www\/?page_id=232\"><img loading=\"lazy\" decoding=\"async\" width=\"150\" height=\"167\" data-id=\"70\" src=\"https:\/\/pracownia52.pl\/wp-content\/uploads\/2018\/04\/Pseudookladka-J8-str-1-album-jarocin-KW-MRM-150-167pxl.jpg\" alt=\"\" class=\"wp-image-70\"\/><\/a><\/figure>\n\n\n\n<figure class=\"wp-block-image size-large\"><a href=\"https:\/\/pracownia52.pl\/www\/?page_id=13\"><img loading=\"lazy\" decoding=\"async\" width=\"200\" height=\"200\" data-id=\"67\" src=\"https:\/\/pracownia52.pl\/wp-content\/uploads\/2018\/04\/NON-STOP-head-01200pxl.jpg\" alt=\"\" class=\"wp-image-67\" srcset=\"https:\/\/pracownia52.pl\/wp-content\/uploads\/2018\/04\/NON-STOP-head-01200pxl.jpg 200w, https:\/\/pracownia52.pl\/wp-content\/uploads\/2018\/04\/NON-STOP-head-01200pxl-150x150.jpg 150w, https:\/\/pracownia52.pl\/wp-content\/uploads\/2018\/04\/NON-STOP-head-01200pxl-100x100.jpg 100w\" sizes=\"auto, (max-width: 200px) 100vw, 200px\" \/><\/a><\/figure>\n\n\n\n<figure class=\"wp-block-image size-large\"><a href=\"https:\/\/pracownia52.pl\/www\/?page_id=1523\"><img loading=\"lazy\" decoding=\"async\" width=\"179\" height=\"200\" data-id=\"72\" src=\"https:\/\/pracownia52.pl\/wp-content\/uploads\/2018\/04\/mmg-album-200pxl.png\" alt=\"\" class=\"wp-image-72\"\/><\/a><\/figure>\n\n\n\n<figure class=\"wp-block-image size-large\"><a href=\"https:\/\/pracownia52.pl\/www\/?p=7072\"><img loading=\"lazy\" decoding=\"async\" width=\"200\" height=\"248\" data-id=\"71\" src=\"https:\/\/pracownia52.pl\/wp-content\/uploads\/2018\/04\/Bob-Nevesely-200pxl-proj-mr-makowski.jpg\" alt=\"\" class=\"wp-image-71\"\/><\/a><\/figure>\n\n\n\n<figure class=\"wp-block-image size-full\"><a href=\"https:\/\/ooops.pl\/?page_id=8961\"><img loading=\"lazy\" decoding=\"async\" width=\"1024\" height=\"524\" data-id=\"403\" src=\"https:\/\/pracownia52.pl\/wp-content\/uploads\/2025\/02\/IMG_5626.jpeg\" alt=\"\" class=\"wp-image-403\" srcset=\"https:\/\/pracownia52.pl\/wp-content\/uploads\/2025\/02\/IMG_5626.jpeg 1024w, https:\/\/pracownia52.pl\/wp-content\/uploads\/2025\/02\/IMG_5626-300x154.jpeg 300w, https:\/\/pracownia52.pl\/wp-content\/uploads\/2025\/02\/IMG_5626-768x393.jpeg 768w\" sizes=\"auto, (max-width: 706px) 89vw, (max-width: 767px) 82vw, 740px\" \/><\/a><\/figure>\n<\/figure>\n<\/div>\n<\/div>\n<\/details>\n<\/div><\/div>\n\n\n\n<p>o<\/p>\n","protected":false},"excerpt":{"rendered":"<p>\u2022 najpierw stary katalog zdj\u0119\u0107, projekt\u00f3w: d. pracownia 52 i z czas\u00f3w nieco wcze\u015bniejszych\u2026 \u201eObok. Tom drugi\u201d ju\u017c jest, szczeg\u00f3\u0142y = tam. s\u0105 te\u017c inne KSI\u0104\u017bKI: ta przedostatnia:\u2022 mr makowski, Konrad Wojciechowski \u201eKoniec festiwali albo kolorowa prywatyzacja. \u017bycie artystyczno-estradowe w Polsce 1955-2021\u201d (2021); nieco demitologizacji, troch\u0119 wspomnie\u0144, sporo przekornych (?) tez\u2026 \u2026oraz te wcze\u015bniej wydane: &hellip; <\/p>\n<p class=\"link-more\"><a href=\"https:\/\/pracownia52.pl\/\" class=\"more-link\">Czytaj dalej<span class=\"screen-reader-text\"> \u201eA wi\u0119c\u2026\u201d<\/span><\/a><\/p>\n","protected":false},"author":1,"featured_media":0,"parent":0,"menu_order":0,"comment_status":"closed","ping_status":"closed","template":"","meta":{"footnotes":""},"class_list":["post-31","page","type-page","status-publish","hentry"],"_links":{"self":[{"href":"https:\/\/pracownia52.pl\/index.php?rest_route=\/wp\/v2\/pages\/31","targetHints":{"allow":["GET"]}}],"collection":[{"href":"https:\/\/pracownia52.pl\/index.php?rest_route=\/wp\/v2\/pages"}],"about":[{"href":"https:\/\/pracownia52.pl\/index.php?rest_route=\/wp\/v2\/types\/page"}],"author":[{"embeddable":true,"href":"https:\/\/pracownia52.pl\/index.php?rest_route=\/wp\/v2\/users\/1"}],"replies":[{"embeddable":true,"href":"https:\/\/pracownia52.pl\/index.php?rest_route=%2Fwp%2Fv2%2Fcomments&post=31"}],"version-history":[{"count":284,"href":"https:\/\/pracownia52.pl\/index.php?rest_route=\/wp\/v2\/pages\/31\/revisions"}],"predecessor-version":[{"id":476,"href":"https:\/\/pracownia52.pl\/index.php?rest_route=\/wp\/v2\/pages\/31\/revisions\/476"}],"wp:attachment":[{"href":"https:\/\/pracownia52.pl\/index.php?rest_route=%2Fwp%2Fv2%2Fmedia&parent=31"}],"curies":[{"name":"wp","href":"https:\/\/api.w.org\/{rel}","templated":true}]}}