{"id":1081,"date":"2010-06-13T11:57:58","date_gmt":"2010-06-13T11:57:58","guid":{"rendered":"http:\/\/pracownia52.pl\/www\/?page_id=1081"},"modified":"2017-03-17T13:31:31","modified_gmt":"2017-03-17T13:31:31","slug":"%e2%80%a2%e2%80%a2%e2%80%a2","status":"publish","type":"page","link":"https:\/\/pracownia52.pl\/www\/?page_id=1081","title":{"rendered":"\u2022 \u2022 \u2022 \u2022 \u2022 \u2022"},"content":{"rendered":"<p>dla pewnego u\u0142atwienia podzieli\u0142em List\u0119 na dwie, mocno umowne cz\u0119\u015bci: w pierwszej znajdujemy ludzi, grupy, nazwy czy zdarzenia\u2026 zwi\u0105zane z muzyk\u0105; w drugiej \u2013 projekty, inicjatywy czy inne akcje, niekiedy te\u017c oko\u0142o-muzyczne.<br \/>\nmr m.<\/p>\n","protected":false},"excerpt":{"rendered":"<p>dla pewnego u\u0142atwienia podzieli\u0142em List\u0119 na dwie, mocno umowne cz\u0119\u015bci: w pierwszej znajdujemy ludzi, grupy, nazwy czy zdarzenia\u2026 zwi\u0105zane z muzyk\u0105; w drugiej \u2013 projekty, inicjatywy czy inne akcje, niekiedy te\u017c oko\u0142o-muzyczne. mr m.<\/p>\n","protected":false},"author":1,"featured_media":0,"parent":0,"menu_order":2,"comment_status":"closed","ping_status":"open","template":"","meta":{"footnotes":""},"class_list":["post-1081","page","type-page","status-publish","hentry"],"_links":{"self":[{"href":"https:\/\/pracownia52.pl\/www\/index.php?rest_route=\/wp\/v2\/pages\/1081","targetHints":{"allow":["GET"]}}],"collection":[{"href":"https:\/\/pracownia52.pl\/www\/index.php?rest_route=\/wp\/v2\/pages"}],"about":[{"href":"https:\/\/pracownia52.pl\/www\/index.php?rest_route=\/wp\/v2\/types\/page"}],"author":[{"embeddable":true,"href":"https:\/\/pracownia52.pl\/www\/index.php?rest_route=\/wp\/v2\/users\/1"}],"replies":[{"embeddable":true,"href":"https:\/\/pracownia52.pl\/www\/index.php?rest_route=%2Fwp%2Fv2%2Fcomments&post=1081"}],"version-history":[{"count":9,"href":"https:\/\/pracownia52.pl\/www\/index.php?rest_route=\/wp\/v2\/pages\/1081\/revisions"}],"predecessor-version":[{"id":6483,"href":"https:\/\/pracownia52.pl\/www\/index.php?rest_route=\/wp\/v2\/pages\/1081\/revisions\/6483"}],"wp:attachment":[{"href":"https:\/\/pracownia52.pl\/www\/index.php?rest_route=%2Fwp%2Fv2%2Fmedia&parent=1081"}],"curies":[{"name":"wp","href":"https:\/\/api.w.org\/{rel}","templated":true}]}}