{"id":1236,"date":"2010-06-13T13:32:58","date_gmt":"2010-06-13T13:32:58","guid":{"rendered":"http:\/\/pracownia52.pl\/www\/?page_id=1236"},"modified":"2019-01-06T11:16:45","modified_gmt":"2019-01-06T11:16:45","slug":"jazz-n-odra","status":"publish","type":"page","link":"https:\/\/pracownia52.pl\/www\/?page_id=1236","title":{"rendered":"Jazz n. Odr\u0105"},"content":{"rendered":"\n<p>wiele zdj\u0119\u0107, z ko\u0144ca lat 70. dalej z 80. a tak\u017ce z 1990 roku\u2026<br \/>na drugim zdj\u0119ciu: <strong>Sarandis Juwanudis<\/strong> (JnO 1979, laureat chyba nagr. indywidualnej), kt\u00f3ry zmar\u0142 w Grecji 1 stycznia 2013.<br \/>dalej <a href=\"http:\/\/ooops.pl\/?p=31052\"><strong>Alphonse Mouzon<\/strong><\/a>, ni\u017cej: <a href=\"https:\/\/pracownia52.pl\/www\/?page_id=1286\"><strong>W\u0142odek Kiniorski<\/strong><\/a>, <a href=\"https:\/\/pracownia52.pl\/www\/?page_id=1045\"><strong>Alek Korecki<\/strong><\/a> i perkusista z grupy <a href=\"https:\/\/pracownia52.pl\/www\/?page_id=2796\"><strong>Jamesa Blood Ulmera<\/strong><\/a>.<br \/>\u2026<br \/>wreszcie w 1985 czy &#8217;86 jaki\u015b rodzaj wystawki, z kt\u00f3rej zosta\u0142o zaproszenie; z linorytu \u2013 roboty <strong>Piotrka M\u0142odo\u017ce\u0144ca<\/strong>, m\u0142odszego brata <a href=\"https:\/\/pracownia52.pl\/www\/?page_id=668\"><strong>Sta\u015bka<\/strong><\/a>; kt\u00f3ry zrobi\u0142 mi poprzedni, podobny w koncepcji linoryt, do wystawki w \u201eAkwarium\u201d (1979?). Litery by\u0142y odbijane na skrawkach (r\u00f3\u017cnych, cz\u0119sto nieudanych) zdj\u0119\u0107 moich, kilka os\u00f3b to t\u0142uk\u0142o, sz\u00f3sty obieg jaki\u015b.<br \/>mr m.<\/p>\n\n\n\n<ul class=\"wp-block-gallery columns-3 is-cropped wp-block-gallery-1 is-layout-flex wp-block-gallery-is-layout-flex\"><li class=\"blocks-gallery-item\"><figure><a href=\"https:\/\/pracownia52.pl\/www\/wp-content\/uploads\/2010\/06\/1979-JnO-Wro-wiosna-3.jpg\"><img loading=\"lazy\" decoding=\"async\" width=\"524\" height=\"800\" src=\"https:\/\/pracownia52.pl\/www\/wp-content\/uploads\/2010\/06\/1979-JnO-Wro-wiosna-3.jpg\" alt=\"\" data-id=\"1237\" class=\"wp-image-1237\" srcset=\"https:\/\/pracownia52.pl\/www\/wp-content\/uploads\/2010\/06\/1979-JnO-Wro-wiosna-3.jpg?v=1627124279 524w, https:\/\/pracownia52.pl\/www\/wp-content\/uploads\/2010\/06\/1979-JnO-Wro-wiosna-3-197x300.jpg?v=1627124279 197w\" sizes=\"auto, (max-width: 524px) 100vw, 524px\" \/><\/a><\/figure><\/li><li class=\"blocks-gallery-item\"><figure><a href=\"https:\/\/pracownia52.pl\/www\/wp-content\/uploads\/2010\/06\/011-1979-JnO-low-sarandis-juwanudis-laureaci-fot-mr-makowski.jpg\"><img loading=\"lazy\" decoding=\"async\" width=\"800\" height=\"527\" src=\"https:\/\/pracownia52.pl\/www\/wp-content\/uploads\/2010\/06\/011-1979-JnO-low-sarandis-juwanudis-laureaci-fot-mr-makowski.jpg\" alt=\"\" data-id=\"3389\" class=\"wp-image-3389\" srcset=\"https:\/\/pracownia52.pl\/www\/wp-content\/uploads\/2010\/06\/011-1979-JnO-low-sarandis-juwanudis-laureaci-fot-mr-makowski.jpg?v=1627124127 800w, https:\/\/pracownia52.pl\/www\/wp-content\/uploads\/2010\/06\/011-1979-JnO-low-sarandis-juwanudis-laureaci-fot-mr-makowski-300x198.jpg?v=1627124127 300w, https:\/\/pracownia52.pl\/www\/wp-content\/uploads\/2010\/06\/011-1979-JnO-low-sarandis-juwanudis-laureaci-fot-mr-makowski-768x506.jpg?v=1627124127 768w\" sizes=\"auto, (max-width: 767px) 89vw, (max-width: 1000px) 54vw, (max-width: 1071px) 543px, 580px\" \/><\/a><figcaption>Sarandis Juwanu<strong>dis<\/strong> <\/figcaption><\/figure><\/li><li class=\"blocks-gallery-item\"><figure><a href=\"https:\/\/pracownia52.pl\/www\/wp-content\/uploads\/2010\/06\/alphonsoX1982mouzon001-6mn.jpg\"><img loading=\"lazy\" decoding=\"async\" width=\"900\" height=\"598\" src=\"https:\/\/pracownia52.pl\/www\/wp-content\/uploads\/2010\/06\/alphonsoX1982mouzon001-6mn.jpg\" alt=\"\" data-id=\"6370\" class=\"wp-image-6370\" srcset=\"https:\/\/pracownia52.pl\/www\/wp-content\/uploads\/2010\/06\/alphonsoX1982mouzon001-6mn.jpg?v=1627123756 900w, https:\/\/pracownia52.pl\/www\/wp-content\/uploads\/2010\/06\/alphonsoX1982mouzon001-6mn-300x199.jpg?v=1627123756 300w, https:\/\/pracownia52.pl\/www\/wp-content\/uploads\/2010\/06\/alphonsoX1982mouzon001-6mn-768x510.jpg?v=1627123756 768w\" sizes=\"auto, (max-width: 767px) 89vw, (max-width: 1000px) 54vw, (max-width: 1071px) 543px, 580px\" \/><\/a><figcaption><a href=\"https:\/\/en.wikipedia.org\/wiki\/Alphonse_Mouzon\"><strong>Alphonse Mouzon<\/strong><\/a><\/figcaption><\/figure><\/li><li class=\"blocks-gallery-item\"><figure><a href=\"https:\/\/pracownia52.pl\/www\/wp-content\/uploads\/2010\/06\/JnO-1987-Young-Power-kon207-Wl-Kiniorski-mnmod.jpg\"><img loading=\"lazy\" decoding=\"async\" width=\"800\" height=\"533\" src=\"https:\/\/pracownia52.pl\/www\/wp-content\/uploads\/2010\/06\/JnO-1987-Young-Power-kon207-Wl-Kiniorski-mnmod.jpg\" alt=\"\" data-id=\"6373\" class=\"wp-image-6373\" srcset=\"https:\/\/pracownia52.pl\/www\/wp-content\/uploads\/2010\/06\/JnO-1987-Young-Power-kon207-Wl-Kiniorski-mnmod.jpg?v=1627123755 800w, https:\/\/pracownia52.pl\/www\/wp-content\/uploads\/2010\/06\/JnO-1987-Young-Power-kon207-Wl-Kiniorski-mnmod-300x200.jpg?v=1627123755 300w, https:\/\/pracownia52.pl\/www\/wp-content\/uploads\/2010\/06\/JnO-1987-Young-Power-kon207-Wl-Kiniorski-mnmod-768x512.jpg?v=1627123755 768w\" sizes=\"auto, (max-width: 767px) 89vw, (max-width: 1000px) 54vw, (max-width: 1071px) 543px, 580px\" \/><\/a><figcaption>W\u0142odek Kiniorski<\/figcaption><\/figure><\/li><li class=\"blocks-gallery-item\"><figure><a href=\"https:\/\/pracownia52.pl\/www\/wp-content\/uploads\/2010\/06\/Jazz-n-Odra-1987-low-001.jpg\"><img loading=\"lazy\" decoding=\"async\" width=\"533\" height=\"800\" src=\"https:\/\/pracownia52.pl\/www\/wp-content\/uploads\/2010\/06\/Jazz-n-Odra-1987-low-001.jpg\" alt=\"\" data-id=\"6372\" class=\"wp-image-6372\" srcset=\"https:\/\/pracownia52.pl\/www\/wp-content\/uploads\/2010\/06\/Jazz-n-Odra-1987-low-001.jpg?v=1627123755 533w, https:\/\/pracownia52.pl\/www\/wp-content\/uploads\/2010\/06\/Jazz-n-Odra-1987-low-001-200x300.jpg?v=1627123755 200w\" sizes=\"auto, (max-width: 533px) 100vw, 533px\" \/><\/a><\/figure><\/li><li class=\"blocks-gallery-item\"><figure><a href=\"https:\/\/pracownia52.pl\/www\/wp-content\/uploads\/2010\/06\/jnO1985002o6alekkoreckimnmod.jpg\"><img loading=\"lazy\" decoding=\"async\" width=\"600\" height=\"878\" src=\"https:\/\/pracownia52.pl\/www\/wp-content\/uploads\/2010\/06\/jnO1985002o6alekkoreckimnmod.jpg\" alt=\"\" data-id=\"6383\" class=\"wp-image-6383\" srcset=\"https:\/\/pracownia52.pl\/www\/wp-content\/uploads\/2010\/06\/jnO1985002o6alekkoreckimnmod.jpg?v=1627123754 600w, https:\/\/pracownia52.pl\/www\/wp-content\/uploads\/2010\/06\/jnO1985002o6alekkoreckimnmod-205x300.jpg?v=1627123754 205w\" sizes=\"auto, (max-width: 600px) 100vw, 600px\" \/><\/a><figcaption>Alek Korecki<\/figcaption><\/figure><\/li><li class=\"blocks-gallery-item\"><figure><a href=\"https:\/\/pracownia52.pl\/www\/wp-content\/uploads\/2010\/06\/jno-1989-blood-ulmerdrummer-low-1.jpg\"><img loading=\"lazy\" decoding=\"async\" width=\"800\" height=\"533\" src=\"https:\/\/pracownia52.pl\/www\/wp-content\/uploads\/2010\/06\/jno-1989-blood-ulmerdrummer-low-1.jpg\" alt=\"\" data-id=\"6380\" class=\"wp-image-6380\" srcset=\"https:\/\/pracownia52.pl\/www\/wp-content\/uploads\/2010\/06\/jno-1989-blood-ulmerdrummer-low-1.jpg?v=1627123755 800w, https:\/\/pracownia52.pl\/www\/wp-content\/uploads\/2010\/06\/jno-1989-blood-ulmerdrummer-low-1-300x200.jpg?v=1627123755 300w, https:\/\/pracownia52.pl\/www\/wp-content\/uploads\/2010\/06\/jno-1989-blood-ulmerdrummer-low-1-768x512.jpg?v=1627123755 768w\" sizes=\"auto, (max-width: 767px) 89vw, (max-width: 1000px) 54vw, (max-width: 1071px) 543px, 580px\" \/><\/a><figcaption>Pan perkusista grupy Jamesa Blood Ulmera<\/figcaption><\/figure><\/li><li class=\"blocks-gallery-item\"><figure><a href=\"https:\/\/pracownia52.pl\/www\/wp-content\/uploads\/2019\/01\/1979-JnO-koncert-Wro-wiosna-4.jpg\"><img loading=\"lazy\" decoding=\"async\" width=\"800\" height=\"521\" src=\"https:\/\/pracownia52.pl\/www\/wp-content\/uploads\/2019\/01\/1979-JnO-koncert-Wro-wiosna-4.jpg\" alt=\"\" data-id=\"8656\" data-link=\"https:\/\/pracownia52.pl\/www\/?attachment_id=8656\" class=\"wp-image-8656\" srcset=\"https:\/\/pracownia52.pl\/www\/wp-content\/uploads\/2019\/01\/1979-JnO-koncert-Wro-wiosna-4.jpg?v=1627123651 800w, https:\/\/pracownia52.pl\/www\/wp-content\/uploads\/2019\/01\/1979-JnO-koncert-Wro-wiosna-4-300x195.jpg?v=1627123651 300w, https:\/\/pracownia52.pl\/www\/wp-content\/uploads\/2019\/01\/1979-JnO-koncert-Wro-wiosna-4-768x500.jpg?v=1627123651 768w\" sizes=\"auto, (max-width: 767px) 89vw, (max-width: 1000px) 54vw, (max-width: 1071px) 543px, 580px\" \/><\/a><figcaption>1979<\/figcaption><\/figure><\/li><li class=\"blocks-gallery-item\"><figure><a href=\"https:\/\/pracownia52.pl\/www\/wp-content\/uploads\/2019\/01\/james-blood-ulmer-1989-low-1-3.jpg\"><img loading=\"lazy\" decoding=\"async\" width=\"800\" height=\"530\" src=\"https:\/\/pracownia52.pl\/www\/wp-content\/uploads\/2019\/01\/james-blood-ulmer-1989-low-1-3.jpg\" alt=\"\" data-id=\"8657\" data-link=\"https:\/\/pracownia52.pl\/www\/?attachment_id=8657\" class=\"wp-image-8657\" srcset=\"https:\/\/pracownia52.pl\/www\/wp-content\/uploads\/2019\/01\/james-blood-ulmer-1989-low-1-3.jpg?v=1627123650 800w, https:\/\/pracownia52.pl\/www\/wp-content\/uploads\/2019\/01\/james-blood-ulmer-1989-low-1-3-300x199.jpg?v=1627123650 300w, https:\/\/pracownia52.pl\/www\/wp-content\/uploads\/2019\/01\/james-blood-ulmer-1989-low-1-3-768x509.jpg?v=1627123650 768w\" sizes=\"auto, (max-width: 767px) 89vw, (max-width: 1000px) 54vw, (max-width: 1071px) 543px, 580px\" \/><\/a><figcaption>James Blood Ulmer (1990)<\/figcaption><\/figure><\/li><li class=\"blocks-gallery-item\"><figure><a href=\"https:\/\/pracownia52.pl\/www\/wp-content\/uploads\/2019\/01\/james-blood-ulmer-1989-wro-low-2.jpg\"><img loading=\"lazy\" decoding=\"async\" width=\"800\" height=\"526\" src=\"https:\/\/pracownia52.pl\/www\/wp-content\/uploads\/2019\/01\/james-blood-ulmer-1989-wro-low-2.jpg\" alt=\"\" data-id=\"8658\" data-link=\"https:\/\/pracownia52.pl\/www\/?attachment_id=8658\" class=\"wp-image-8658\" srcset=\"https:\/\/pracownia52.pl\/www\/wp-content\/uploads\/2019\/01\/james-blood-ulmer-1989-wro-low-2.jpg?v=1627123650 800w, https:\/\/pracownia52.pl\/www\/wp-content\/uploads\/2019\/01\/james-blood-ulmer-1989-wro-low-2-300x197.jpg?v=1627123650 300w, https:\/\/pracownia52.pl\/www\/wp-content\/uploads\/2019\/01\/james-blood-ulmer-1989-wro-low-2-768x505.jpg?v=1627123650 768w\" sizes=\"auto, (max-width: 767px) 89vw, (max-width: 1000px) 54vw, (max-width: 1071px) 543px, 580px\" \/><\/a><figcaption>James Blood Ulmer<\/figcaption><\/figure><\/li><li class=\"blocks-gallery-item\"><figure><a href=\"https:\/\/pracownia52.pl\/www\/wp-content\/uploads\/2019\/01\/jno-1989-bernard-low-2.jpg\"><img loading=\"lazy\" decoding=\"async\" width=\"533\" height=\"800\" src=\"https:\/\/pracownia52.pl\/www\/wp-content\/uploads\/2019\/01\/jno-1989-bernard-low-2.jpg\" alt=\"\" data-id=\"8659\" data-link=\"https:\/\/pracownia52.pl\/www\/?attachment_id=8659\" class=\"wp-image-8659\" srcset=\"https:\/\/pracownia52.pl\/www\/wp-content\/uploads\/2019\/01\/jno-1989-bernard-low-2.jpg?v=1627123650 533w, https:\/\/pracownia52.pl\/www\/wp-content\/uploads\/2019\/01\/jno-1989-bernard-low-2-200x300.jpg?v=1627123650 200w\" sizes=\"auto, (max-width: 533px) 100vw, 533px\" \/><\/a><figcaption>Bernard Maseli (1985)<\/figcaption><\/figure><\/li><\/ul>\n\n\n\n<ul class=\"wp-block-gallery columns-3 is-cropped wp-block-gallery-2 is-layout-flex wp-block-gallery-is-layout-flex\"><li class=\"blocks-gallery-item\"><figure><a href=\"https:\/\/pracownia52.pl\/www\/wp-content\/uploads\/2019\/01\/JnO-free-cooperation-low-1985-2.jpg\"><img loading=\"lazy\" decoding=\"async\" width=\"800\" height=\"524\" src=\"https:\/\/pracownia52.pl\/www\/wp-content\/uploads\/2019\/01\/JnO-free-cooperation-low-1985-2.jpg\" alt=\"\" data-id=\"8660\" data-link=\"https:\/\/pracownia52.pl\/www\/?attachment_id=8660\" class=\"wp-image-8660\" srcset=\"https:\/\/pracownia52.pl\/www\/wp-content\/uploads\/2019\/01\/JnO-free-cooperation-low-1985-2.jpg?v=1627123649 800w, https:\/\/pracownia52.pl\/www\/wp-content\/uploads\/2019\/01\/JnO-free-cooperation-low-1985-2-300x197.jpg?v=1627123649 300w, https:\/\/pracownia52.pl\/www\/wp-content\/uploads\/2019\/01\/JnO-free-cooperation-low-1985-2-768x503.jpg?v=1627123649 768w\" sizes=\"auto, (max-width: 767px) 89vw, (max-width: 1000px) 54vw, (max-width: 1071px) 543px, 580px\" \/><\/a><figcaption><a href=\"https:\/\/pracownia52.pl\/www\/?page_id=1178\"><strong>Free Cooperation<\/strong><\/a> (1985)<\/figcaption><\/figure><\/li><li class=\"blocks-gallery-item\"><figure><a href=\"https:\/\/pracownia52.pl\/www\/wp-content\/uploads\/2019\/01\/jnO-krzys-gluch-1985002o3modmn.jpg\"><img loading=\"lazy\" decoding=\"async\" width=\"600\" height=\"906\" src=\"https:\/\/pracownia52.pl\/www\/wp-content\/uploads\/2019\/01\/jnO-krzys-gluch-1985002o3modmn.jpg\" alt=\"\" data-id=\"8661\" data-link=\"https:\/\/pracownia52.pl\/www\/?attachment_id=8661\" class=\"wp-image-8661\" srcset=\"https:\/\/pracownia52.pl\/www\/wp-content\/uploads\/2019\/01\/jnO-krzys-gluch-1985002o3modmn.jpg?v=1627123649 600w, https:\/\/pracownia52.pl\/www\/wp-content\/uploads\/2019\/01\/jnO-krzys-gluch-1985002o3modmn-199x300.jpg?v=1627123649 199w\" sizes=\"auto, (max-width: 600px) 100vw, 600px\" \/><\/a><figcaption>Free Coop. z przodu: Krzysztof G\u0142uch, 1985 r.<\/figcaption><\/figure><\/li><li class=\"blocks-gallery-item\"><figure><a href=\"https:\/\/pracownia52.pl\/www\/wp-content\/uploads\/2019\/01\/JnO1985larrycoryell-005mnmod.jpg\"><img loading=\"lazy\" decoding=\"async\" width=\"779\" height=\"600\" src=\"https:\/\/pracownia52.pl\/www\/wp-content\/uploads\/2019\/01\/JnO1985larrycoryell-005mnmod.jpg\" alt=\"\" data-id=\"8662\" data-link=\"https:\/\/pracownia52.pl\/www\/?attachment_id=8662\" class=\"wp-image-8662\" srcset=\"https:\/\/pracownia52.pl\/www\/wp-content\/uploads\/2019\/01\/JnO1985larrycoryell-005mnmod.jpg?v=1627123649 779w, https:\/\/pracownia52.pl\/www\/wp-content\/uploads\/2019\/01\/JnO1985larrycoryell-005mnmod-300x231.jpg?v=1627123649 300w, https:\/\/pracownia52.pl\/www\/wp-content\/uploads\/2019\/01\/JnO1985larrycoryell-005mnmod-768x592.jpg?v=1627123649 768w\" sizes=\"auto, (max-width: 767px) 89vw, (max-width: 1000px) 54vw, (max-width: 1071px) 543px, 580px\" \/><\/a><figcaption>Larry Coryell i pani (Emily Ramler? 1985)<\/figcaption><\/figure><\/li><\/ul>\n","protected":false},"excerpt":{"rendered":"<p>wiele zdj\u0119\u0107, z ko\u0144ca lat 70. dalej z 80. a tak\u017ce z 1990 roku\u2026na drugim zdj\u0119ciu: Sarandis Juwanudis (JnO 1979, laureat chyba nagr. indywidualnej), kt\u00f3ry zmar\u0142 w Grecji 1 stycznia 2013.dalej Alphonse Mouzon, ni\u017cej: W\u0142odek Kiniorski, Alek Korecki i perkusista z grupy Jamesa Blood Ulmera.\u2026wreszcie w 1985 czy &#8217;86 jaki\u015b rodzaj wystawki, z kt\u00f3rej zosta\u0142o &hellip; <\/p>\n<p class=\"link-more\"><a href=\"https:\/\/pracownia52.pl\/www\/?page_id=1236\" class=\"more-link\">Czytaj dalej<span class=\"screen-reader-text\"> \u201eJazz n. Odr\u0105\u201d<\/span><\/a><\/p>\n","protected":false},"author":1,"featured_media":6768,"parent":0,"menu_order":0,"comment_status":"closed","ping_status":"open","template":"","meta":{"footnotes":""},"class_list":["post-1236","page","type-page","status-publish","has-post-thumbnail","hentry"],"_links":{"self":[{"href":"https:\/\/pracownia52.pl\/www\/index.php?rest_route=\/wp\/v2\/pages\/1236","targetHints":{"allow":["GET"]}}],"collection":[{"href":"https:\/\/pracownia52.pl\/www\/index.php?rest_route=\/wp\/v2\/pages"}],"about":[{"href":"https:\/\/pracownia52.pl\/www\/index.php?rest_route=\/wp\/v2\/types\/page"}],"author":[{"embeddable":true,"href":"https:\/\/pracownia52.pl\/www\/index.php?rest_route=\/wp\/v2\/users\/1"}],"replies":[{"embeddable":true,"href":"https:\/\/pracownia52.pl\/www\/index.php?rest_route=%2Fwp%2Fv2%2Fcomments&post=1236"}],"version-history":[{"count":27,"href":"https:\/\/pracownia52.pl\/www\/index.php?rest_route=\/wp\/v2\/pages\/1236\/revisions"}],"predecessor-version":[{"id":8666,"href":"https:\/\/pracownia52.pl\/www\/index.php?rest_route=\/wp\/v2\/pages\/1236\/revisions\/8666"}],"wp:featuredmedia":[{"embeddable":true,"href":"https:\/\/pracownia52.pl\/www\/index.php?rest_route=\/wp\/v2\/media\/6768"}],"wp:attachment":[{"href":"https:\/\/pracownia52.pl\/www\/index.php?rest_route=%2Fwp%2Fv2%2Fmedia&parent=1236"}],"curies":[{"name":"wp","href":"https:\/\/api.w.org\/{rel}","templated":true}]}}