{"id":1275,"date":"2010-06-14T06:41:33","date_gmt":"2010-06-14T06:41:33","guid":{"rendered":"http:\/\/pracownia52.pl\/www\/?page_id=1275"},"modified":"2019-01-05T18:48:53","modified_gmt":"2019-01-05T18:48:53","slug":"wojtek-bellon-wolna-grupa-bukowina","status":"publish","type":"page","link":"https:\/\/pracownia52.pl\/www\/?page_id=1275","title":{"rendered":"Wojtek Bellon (Wolna Grupa Bukowina)"},"content":{"rendered":"\n<p>cho\u0107 naprawd\u0119: <strong>Wojciech Jerzy Belon<\/strong>.<\/p>\n\n\n\n<blockquote class=\"wp-block-quote is-layout-flow wp-block-quote-is-layout-flow\"><p>Na stronie Wolnej Grupy Bukowina o \u015bmierci Belona napisano: \u201e&#8230;kr\u0105\u017c\u0105 dziesi\u0105tki historyjek. <a href=\"http:\/\/pl.wikipedia.org\/wiki\/Wojciech_Belon\">Prawda jest tylko jedna, lecz nie b\u0119dzie nigdy ci udost\u0119pniona<\/a>. Ci, kt\u00f3rzy j\u0105 znaj\u0105, strzeg\u0105 jej bardzo starannie\u201d. Jego pogrzeb odby\u0142 si\u0119 w Busku-Zdroju 8 maja 1985.<\/p><\/blockquote>\n\n\n\n<p>No, mo\u017ce. Ale ja pami\u0119tam te\u017c innego, mniej <em>poetyckiego<\/em> Wojtka. sk\u0105din\u0105d \u2013 \u015bwietny facet. A na zdj\u0119ciu: z Jurkiem Kawalcem, ex-<a href=\"https:\/\/pracownia52.pl\/www\/?page_id=416\"><strong>KRZAK<\/strong><\/a>. te\u017c ju\u017c nie \u017cyje\u2026<br \/> mr m.<br \/><\/p>\n\n\n\n<figure class=\"wp-block-image\"><img loading=\"lazy\" decoding=\"async\" width=\"500\" height=\"343\" src=\"http:\/\/pracownia52.pl\/www\/wp-content\/uploads\/2010\/06\/Wojtek-Belon-rockowi-83.jpg\" alt=\"\" class=\"wp-image-1276\" srcset=\"https:\/\/pracownia52.pl\/www\/wp-content\/uploads\/2010\/06\/Wojtek-Belon-rockowi-83.jpg?v=1627124276 500w, https:\/\/pracownia52.pl\/www\/wp-content\/uploads\/2010\/06\/Wojtek-Belon-rockowi-83-300x206.jpg?v=1627124276 300w\" sizes=\"auto, (max-width: 500px) 100vw, 500px\" \/><\/figure>\n","protected":false},"excerpt":{"rendered":"<p>cho\u0107 naprawd\u0119: Wojciech Jerzy Belon. Na stronie Wolnej Grupy Bukowina o \u015bmierci Belona napisano: \u201e&#8230;kr\u0105\u017c\u0105 dziesi\u0105tki historyjek. Prawda jest tylko jedna, lecz nie b\u0119dzie nigdy ci udost\u0119pniona. Ci, kt\u00f3rzy j\u0105 znaj\u0105, strzeg\u0105 jej bardzo starannie\u201d. Jego pogrzeb odby\u0142 si\u0119 w Busku-Zdroju 8 maja 1985. No, mo\u017ce. Ale ja pami\u0119tam te\u017c innego, mniej poetyckiego Wojtka. sk\u0105din\u0105d &hellip; <\/p>\n<p class=\"link-more\"><a href=\"https:\/\/pracownia52.pl\/www\/?page_id=1275\" class=\"more-link\">Czytaj dalej<span class=\"screen-reader-text\"> \u201eWojtek Bellon (Wolna Grupa Bukowina)\u201d<\/span><\/a><\/p>\n","protected":false},"author":1,"featured_media":0,"parent":0,"menu_order":0,"comment_status":"closed","ping_status":"open","template":"","meta":{"footnotes":""},"class_list":["post-1275","page","type-page","status-publish","hentry"],"_links":{"self":[{"href":"https:\/\/pracownia52.pl\/www\/index.php?rest_route=\/wp\/v2\/pages\/1275","targetHints":{"allow":["GET"]}}],"collection":[{"href":"https:\/\/pracownia52.pl\/www\/index.php?rest_route=\/wp\/v2\/pages"}],"about":[{"href":"https:\/\/pracownia52.pl\/www\/index.php?rest_route=\/wp\/v2\/types\/page"}],"author":[{"embeddable":true,"href":"https:\/\/pracownia52.pl\/www\/index.php?rest_route=\/wp\/v2\/users\/1"}],"replies":[{"embeddable":true,"href":"https:\/\/pracownia52.pl\/www\/index.php?rest_route=%2Fwp%2Fv2%2Fcomments&post=1275"}],"version-history":[{"count":10,"href":"https:\/\/pracownia52.pl\/www\/index.php?rest_route=\/wp\/v2\/pages\/1275\/revisions"}],"predecessor-version":[{"id":8643,"href":"https:\/\/pracownia52.pl\/www\/index.php?rest_route=\/wp\/v2\/pages\/1275\/revisions\/8643"}],"wp:attachment":[{"href":"https:\/\/pracownia52.pl\/www\/index.php?rest_route=%2Fwp%2Fv2%2Fmedia&parent=1275"}],"curies":[{"name":"wp","href":"https:\/\/api.w.org\/{rel}","templated":true}]}}

<p>choć naprawdę: <strong>Wojciech Jerzy Belon</strong>.</p>



<blockquote class="wp-block-quote is-layout-flow wp-block-quote-is-layout-flow"><p>Na stronie Wolnej Grupy Bukowina o śmierci Belona napisano: „&#8230;krążą dziesiątki historyjek. <a href="http://pl.wikipedia.org/wiki/Wojciech_Belon">Prawda jest tylko jedna, lecz nie będzie nigdy ci udostępniona</a>. Ci, którzy ją znają, strzegą jej bardzo starannie”. Jego pogrzeb odbył się w Busku-Zdroju 8 maja 1985.</p></blockquote>



<p>No, może. Ale ja pamiętam też innego, mniej <em>poetyckiego</em> Wojtka. skądinąd – świetny facet. A na zdjęciu: z Jurkiem Kawalcem, ex-<a href="https://pracownia52.pl/www/?page_id=416"><strong>KRZAK</strong></a>. też już nie żyje…<br /> mr m.<br /></p>



<figure class="wp-block-image"><img loading="lazy" decoding="async" width="500" height="343" src="http://pracownia52.pl/www/wp-content/uploads/2010/06/Wojtek-Belon-rockowi-83.jpg" alt="" class="wp-image-1276" srcset="https://pracownia52.pl/www/wp-content/uploads/2010/06/Wojtek-Belon-rockowi-83.jpg?v=1627124276 500w, https://pracownia52.pl/www/wp-content/uploads/2010/06/Wojtek-Belon-rockowi-83-300x206.jpg?v=1627124276 300w" sizes="auto, (max-width: 500px) 100vw, 500px" /></figure>

<p>choć naprawdę: Wojciech Jerzy Belon. Na stronie Wolnej Grupy Bukowina o śmierci Belona napisano: „&#8230;krążą dziesiątki historyjek. Prawda jest tylko jedna, lecz nie będzie nigdy ci udostępniona. Ci, którzy ją znają, strzegą jej bardzo starannie”. Jego pogrzeb odbył się w Busku-Zdroju 8 maja 1985. No, może. Ale ja pamiętam też innego, mniej poetyckiego Wojtka. skądinąd &hellip; </p>
<p class="link-more"><a href="https://pracownia52.pl/www/?page_id=1275" class="more-link">Czytaj dalej<span class="screen-reader-text"> „Wojtek Bellon (Wolna Grupa Bukowina)”</span></a></p>
