{"id":128,"date":"2010-06-11T10:51:10","date_gmt":"2010-06-11T10:51:10","guid":{"rendered":"http:\/\/pracownia52.pl\/www\/?page_id=128"},"modified":"2018-12-24T10:34:23","modified_gmt":"2018-12-24T10:34:23","slug":"carla-bley","status":"publish","type":"page","link":"https:\/\/pracownia52.pl\/www\/?page_id=128","title":{"rendered":"Carla Bley"},"content":{"rendered":"\n<p>zrobi\u0142em Jej jedno zdj\u0119cie \u2013 na Jazz Jamboree 81, za kulisami. spyta\u0142a:<br \/>\u2013 <em>are you professional photographer?<\/em><br \/>\u2013 <em>yeaugh<\/em>\u2026 zabe\u0142kota\u0142em. i wtedy zrobi\u0142a t\u0119 min\u0119\u2026<br \/>po latach, dzi\u0119ki <strong>Dioniemu Pi\u0105tkowskiemu<\/strong> (Era Jazzu) \u2013 kt\u00f3ry zorganizowa\u0142 jej 3 koncerty w Polsce (2003) \u2013 wr\u0119czy\u0142em jej to zdj\u0119cie. popratrzy\u0142a, chyba troch\u0119 zdziwiona:<br \/>\u2013 <em>nosi\u0142am wtedy co\u015b takiego?<\/em><br \/>mr m.<\/p>\n\n\n\n<ul class=\"wp-block-gallery columns-2 is-cropped wp-block-gallery-1 is-layout-flex wp-block-gallery-is-layout-flex\"><li class=\"blocks-gallery-item\"><figure><a href=\"https:\/\/pracownia52.pl\/www\/wp-content\/uploads\/2018\/01\/1981-jj-carla-bley-bband-low-p6.jpg\"><img loading=\"lazy\" decoding=\"async\" width=\"800\" height=\"535\" src=\"https:\/\/pracownia52.pl\/www\/wp-content\/uploads\/2018\/01\/1981-jj-carla-bley-bband-low-p6.jpg\" alt=\"\" data-id=\"7459\" class=\"wp-image-7459\" srcset=\"https:\/\/pracownia52.pl\/www\/wp-content\/uploads\/2018\/01\/1981-jj-carla-bley-bband-low-p6.jpg?v=1627123710 800w, https:\/\/pracownia52.pl\/www\/wp-content\/uploads\/2018\/01\/1981-jj-carla-bley-bband-low-p6-300x201.jpg?v=1627123710 300w, https:\/\/pracownia52.pl\/www\/wp-content\/uploads\/2018\/01\/1981-jj-carla-bley-bband-low-p6-768x514.jpg?v=1627123710 768w\" sizes=\"auto, (max-width: 767px) 89vw, (max-width: 1000px) 54vw, (max-width: 1071px) 543px, 580px\" \/><\/a><\/figure><\/li><li class=\"blocks-gallery-item\"><figure><a href=\"https:\/\/pracownia52.pl\/www\/wp-content\/uploads\/2010\/06\/02_carla_bley.jpg\"><img loading=\"lazy\" decoding=\"async\" width=\"500\" height=\"353\" src=\"https:\/\/pracownia52.pl\/www\/wp-content\/uploads\/2010\/06\/02_carla_bley.jpg\" alt=\"\" data-id=\"131\" class=\"wp-image-131\" srcset=\"https:\/\/pracownia52.pl\/www\/wp-content\/uploads\/2010\/06\/02_carla_bley.jpg?v=1627124317 500w, https:\/\/pracownia52.pl\/www\/wp-content\/uploads\/2010\/06\/02_carla_bley-300x212.jpg?v=1627124317 300w\" sizes=\"auto, (max-width: 500px) 100vw, 500px\" \/><\/a><\/figure><\/li><\/ul>\n","protected":false},"excerpt":{"rendered":"<p>zrobi\u0142em Jej jedno zdj\u0119cie \u2013 na Jazz Jamboree 81, za kulisami. spyta\u0142a:\u2013 are you professional photographer?\u2013 yeaugh\u2026 zabe\u0142kota\u0142em. i wtedy zrobi\u0142a t\u0119 min\u0119\u2026po latach, dzi\u0119ki Dioniemu Pi\u0105tkowskiemu (Era Jazzu) \u2013 kt\u00f3ry zorganizowa\u0142 jej 3 koncerty w Polsce (2003) \u2013 wr\u0119czy\u0142em jej to zdj\u0119cie. popratrzy\u0142a, chyba troch\u0119 zdziwiona:\u2013 nosi\u0142am wtedy co\u015b takiego?mr m.<\/p>\n","protected":false},"author":1,"featured_media":133,"parent":0,"menu_order":0,"comment_status":"closed","ping_status":"open","template":"","meta":{"footnotes":""},"class_list":["post-128","page","type-page","status-publish","has-post-thumbnail","hentry"],"_links":{"self":[{"href":"https:\/\/pracownia52.pl\/www\/index.php?rest_route=\/wp\/v2\/pages\/128","targetHints":{"allow":["GET"]}}],"collection":[{"href":"https:\/\/pracownia52.pl\/www\/index.php?rest_route=\/wp\/v2\/pages"}],"about":[{"href":"https:\/\/pracownia52.pl\/www\/index.php?rest_route=\/wp\/v2\/types\/page"}],"author":[{"embeddable":true,"href":"https:\/\/pracownia52.pl\/www\/index.php?rest_route=\/wp\/v2\/users\/1"}],"replies":[{"embeddable":true,"href":"https:\/\/pracownia52.pl\/www\/index.php?rest_route=%2Fwp%2Fv2%2Fcomments&post=128"}],"version-history":[{"count":13,"href":"https:\/\/pracownia52.pl\/www\/index.php?rest_route=\/wp\/v2\/pages\/128\/revisions"}],"predecessor-version":[{"id":8200,"href":"https:\/\/pracownia52.pl\/www\/index.php?rest_route=\/wp\/v2\/pages\/128\/revisions\/8200"}],"wp:featuredmedia":[{"embeddable":true,"href":"https:\/\/pracownia52.pl\/www\/index.php?rest_route=\/wp\/v2\/media\/133"}],"wp:attachment":[{"href":"https:\/\/pracownia52.pl\/www\/index.php?rest_route=%2Fwp%2Fv2%2Fmedia&parent=128"}],"curies":[{"name":"wp","href":"https:\/\/api.w.org\/{rel}","templated":true}]}}