{"id":1469,"date":"2010-06-14T08:51:00","date_gmt":"2010-06-14T08:51:00","guid":{"rendered":"http:\/\/pracownia52.pl\/www\/?page_id=1469"},"modified":"2019-02-05T13:45:59","modified_gmt":"2019-02-05T13:45:59","slug":"republika","status":"publish","type":"page","link":"https:\/\/pracownia52.pl\/www\/?page_id=1469","title":{"rendered":"Republika"},"content":{"rendered":"\n<p>liczne zdj\u0119cia, od 1981 roku jeszcze (Diafora czy <strong><a href=\"http:\/\/pracownia52.pl\/www\/?page_id=1162\">Folk Club Remont<\/a><\/strong>)\u2026 ale do\u015b\u0107 przypadkowe.<br \/>mr m.<br \/><\/p>\n\n\n\n<figure class=\"wp-block-image\"><img loading=\"lazy\" decoding=\"async\" width=\"909\" height=\"600\" src=\"http:\/\/pracownia52.pl\/www\/wp-content\/uploads\/2010\/06\/republikarockowisko19838010.jpg\" alt=\"\" class=\"wp-image-1470\" srcset=\"https:\/\/pracownia52.pl\/www\/wp-content\/uploads\/2010\/06\/republikarockowisko19838010.jpg?v=1627124264 909w, https:\/\/pracownia52.pl\/www\/wp-content\/uploads\/2010\/06\/republikarockowisko19838010-300x198.jpg?v=1627124264 300w, https:\/\/pracownia52.pl\/www\/wp-content\/uploads\/2010\/06\/republikarockowisko19838010-768x507.jpg?v=1627124264 768w\" sizes=\"auto, (max-width: 767px) 89vw, (max-width: 1000px) 54vw, (max-width: 1071px) 543px, 580px\" \/><figcaption>1983: \u201e<a href=\"https:\/\/pracownia52.pl\/www\/?page_id=8910\"><strong>Rockowisko<\/strong><\/a>\u201d, \u0141\u00f3d\u017a<\/figcaption><\/figure>\n\n\n\n<ul class=\"wp-block-gallery columns-4 is-cropped wp-block-gallery-1 is-layout-flex wp-block-gallery-is-layout-flex\"><li class=\"blocks-gallery-item\"><figure><a href=\"http:\/\/pracownia52.pl\/www\/wp-content\/uploads\/2010\/06\/telefony-1983-056-mod-mn.jpg\"><img loading=\"lazy\" decoding=\"async\" width=\"600\" height=\"403\" src=\"http:\/\/pracownia52.pl\/www\/wp-content\/uploads\/2010\/06\/telefony-1983-056-mod-mn.jpg\" alt=\"telefony-1983-056-mod-mn\" data-id=\"3787\" class=\"wp-image-3787\" srcset=\"https:\/\/pracownia52.pl\/www\/wp-content\/uploads\/2010\/06\/telefony-1983-056-mod-mn.jpg?v=1627124084 600w, https:\/\/pracownia52.pl\/www\/wp-content\/uploads\/2010\/06\/telefony-1983-056-mod-mn-300x202.jpg?v=1627124084 300w\" sizes=\"auto, (max-width: 600px) 100vw, 600px\" \/><\/a><figcaption>Pozna\u0144, \u201e<a href=\"https:\/\/pracownia52.pl\/www\/?page_id=3712\"><strong>Rock Arena<\/strong><\/a>\u201d 1983<\/figcaption><\/figure><\/li><li class=\"blocks-gallery-item\"><figure><a href=\"https:\/\/pracownia52.pl\/www\/wp-content\/uploads\/2019\/02\/rockarena1983republikafan30.jpg\"><img loading=\"lazy\" decoding=\"async\" width=\"609\" height=\"900\" src=\"https:\/\/pracownia52.pl\/www\/wp-content\/uploads\/2019\/02\/rockarena1983republikafan30.jpg\" alt=\"\" data-id=\"8963\" data-link=\"https:\/\/pracownia52.pl\/www\/?attachment_id=8963\" class=\"wp-image-8963\" srcset=\"https:\/\/pracownia52.pl\/www\/wp-content\/uploads\/2019\/02\/rockarena1983republikafan30.jpg?v=1627123632 609w, https:\/\/pracownia52.pl\/www\/wp-content\/uploads\/2019\/02\/rockarena1983republikafan30-203x300.jpg?v=1627123632 203w\" sizes=\"auto, (max-width: 609px) 100vw, 609px\" \/><\/a><figcaption>Pozna\u0144, \u201e<a href=\"https:\/\/pracownia52.pl\/www\/?page_id=3712\"><strong>Rock Arena<\/strong><\/a>\u201d 1983<\/figcaption><\/figure><\/li><li class=\"blocks-gallery-item\"><figure><a href=\"https:\/\/pracownia52.pl\/www\/wp-content\/uploads\/2019\/02\/rockowisko1983republika804m.jpg\"><img loading=\"lazy\" decoding=\"async\" width=\"900\" height=\"594\" src=\"https:\/\/pracownia52.pl\/www\/wp-content\/uploads\/2019\/02\/rockowisko1983republika804m.jpg\" alt=\"\" data-id=\"8964\" data-link=\"https:\/\/pracownia52.pl\/www\/?attachment_id=8964\" class=\"wp-image-8964\" srcset=\"https:\/\/pracownia52.pl\/www\/wp-content\/uploads\/2019\/02\/rockowisko1983republika804m.jpg?v=1627123632 900w, https:\/\/pracownia52.pl\/www\/wp-content\/uploads\/2019\/02\/rockowisko1983republika804m-300x198.jpg?v=1627123632 300w, https:\/\/pracownia52.pl\/www\/wp-content\/uploads\/2019\/02\/rockowisko1983republika804m-768x507.jpg?v=1627123632 768w\" sizes=\"auto, (max-width: 767px) 89vw, (max-width: 1000px) 54vw, (max-width: 1071px) 543px, 580px\" \/><\/a><\/figure><\/li><li class=\"blocks-gallery-item\"><figure><a href=\"https:\/\/pracownia52.pl\/www\/wp-content\/uploads\/2019\/02\/fani-Republiki-arena-1983-low-004-o3mod.jpg\"><img loading=\"lazy\" decoding=\"async\" width=\"800\" height=\"535\" src=\"https:\/\/pracownia52.pl\/www\/wp-content\/uploads\/2019\/02\/fani-Republiki-arena-1983-low-004-o3mod.jpg\" alt=\"\" data-id=\"8965\" data-link=\"https:\/\/pracownia52.pl\/www\/?attachment_id=8965\" class=\"wp-image-8965\" srcset=\"https:\/\/pracownia52.pl\/www\/wp-content\/uploads\/2019\/02\/fani-Republiki-arena-1983-low-004-o3mod.jpg?v=1627123632 800w, https:\/\/pracownia52.pl\/www\/wp-content\/uploads\/2019\/02\/fani-Republiki-arena-1983-low-004-o3mod-300x201.jpg?v=1627123632 300w, https:\/\/pracownia52.pl\/www\/wp-content\/uploads\/2019\/02\/fani-Republiki-arena-1983-low-004-o3mod-768x514.jpg?v=1627123632 768w\" sizes=\"auto, (max-width: 767px) 89vw, (max-width: 1000px) 54vw, (max-width: 1071px) 543px, 580px\" \/><\/a><figcaption>Pozna\u0144, \u201e<a href=\"https:\/\/pracownia52.pl\/www\/?page_id=3712\"><strong>Rock Arena<\/strong><\/a>\u201d 1983<\/figcaption><\/figure><\/li><li class=\"blocks-gallery-item\"><figure><a href=\"https:\/\/pracownia52.pl\/www\/wp-content\/uploads\/2019\/02\/rock-arena-1984-ciechowski-1-low-1024x174.jpg\"><img loading=\"lazy\" decoding=\"async\" width=\"1024\" height=\"174\" src=\"https:\/\/pracownia52.pl\/www\/wp-content\/uploads\/2019\/02\/rock-arena-1984-ciechowski-1-low-1024x174.jpg\" alt=\"\" data-id=\"8967\" data-link=\"https:\/\/pracownia52.pl\/www\/?attachment_id=8967\" class=\"wp-image-8967\" srcset=\"https:\/\/pracownia52.pl\/www\/wp-content\/uploads\/2019\/02\/rock-arena-1984-ciechowski-1-low-1024x174.jpg?v=1627123632 1024w, https:\/\/pracownia52.pl\/www\/wp-content\/uploads\/2019\/02\/rock-arena-1984-ciechowski-1-low-300x51.jpg?v=1627123632 300w, https:\/\/pracownia52.pl\/www\/wp-content\/uploads\/2019\/02\/rock-arena-1984-ciechowski-1-low-768x130.jpg?v=1627123632 768w, https:\/\/pracownia52.pl\/www\/wp-content\/uploads\/2019\/02\/rock-arena-1984-ciechowski-1-low-1536x261.jpg?v=1627123632 1536w, https:\/\/pracownia52.pl\/www\/wp-content\/uploads\/2019\/02\/rock-arena-1984-ciechowski-1-low.jpg?v=1627123632 1667w\" sizes=\"auto, (max-width: 767px) 89vw, (max-width: 1000px) 54vw, (max-width: 1071px) 543px, 580px\" \/><\/a><figcaption>1983: \u201e<a href=\"https:\/\/pracownia52.pl\/www\/?page_id=8910\"><strong>Rockowisko<\/strong><\/a>\u201d, \u0141\u00f3d\u017a<\/figcaption><\/figure><\/li><\/ul>\n\n\n","protected":false},"excerpt":{"rendered":"<p>liczne zdj\u0119cia, od 1981 roku jeszcze (Diafora czy Folk Club Remont)\u2026 ale do\u015b\u0107 przypadkowe.mr m.<\/p>\n","protected":false},"author":1,"featured_media":0,"parent":0,"menu_order":0,"comment_status":"closed","ping_status":"open","template":"","meta":{"footnotes":""},"class_list":["post-1469","page","type-page","status-publish","hentry"],"_links":{"self":[{"href":"https:\/\/pracownia52.pl\/www\/index.php?rest_route=\/wp\/v2\/pages\/1469","targetHints":{"allow":["GET"]}}],"collection":[{"href":"https:\/\/pracownia52.pl\/www\/index.php?rest_route=\/wp\/v2\/pages"}],"about":[{"href":"https:\/\/pracownia52.pl\/www\/index.php?rest_route=\/wp\/v2\/types\/page"}],"author":[{"embeddable":true,"href":"https:\/\/pracownia52.pl\/www\/index.php?rest_route=\/wp\/v2\/users\/1"}],"replies":[{"embeddable":true,"href":"https:\/\/pracownia52.pl\/www\/index.php?rest_route=%2Fwp%2Fv2%2Fcomments&post=1469"}],"version-history":[{"count":9,"href":"https:\/\/pracownia52.pl\/www\/index.php?rest_route=\/wp\/v2\/pages\/1469\/revisions"}],"predecessor-version":[{"id":8972,"href":"https:\/\/pracownia52.pl\/www\/index.php?rest_route=\/wp\/v2\/pages\/1469\/revisions\/8972"}],"wp:attachment":[{"href":"https:\/\/pracownia52.pl\/www\/index.php?rest_route=%2Fwp%2Fv2%2Fmedia&parent=1469"}],"curies":[{"name":"wp","href":"https:\/\/api.w.org\/{rel}","templated":true}]}}