{"id":1594,"date":"2010-06-15T07:14:33","date_gmt":"2010-06-15T07:14:33","guid":{"rendered":"http:\/\/pracownia52.pl\/www\/?page_id=1594"},"modified":"2023-11-17T17:44:09","modified_gmt":"2023-11-17T17:44:09","slug":"jazz-jamboree","status":"publish","type":"page","link":"https:\/\/pracownia52.pl\/www\/?page_id=1594","title":{"rendered":"Jazz Jamboree"},"content":{"rendered":"\n<figure class=\"wp-block-image\"><img loading=\"lazy\" decoding=\"async\" width=\"800\" height=\"528\" src=\"http:\/\/pracownia52.pl\/www\/wp-content\/uploads\/2010\/06\/1980-jj-kulisy-2.jpg\" alt=\"\" class=\"wp-image-1596\" srcset=\"https:\/\/pracownia52.pl\/www\/wp-content\/uploads\/2010\/06\/1980-jj-kulisy-2.jpg?v=1627124258 800w, https:\/\/pracownia52.pl\/www\/wp-content\/uploads\/2010\/06\/1980-jj-kulisy-2-300x198.jpg?v=1627124258 300w, https:\/\/pracownia52.pl\/www\/wp-content\/uploads\/2010\/06\/1980-jj-kulisy-2-768x507.jpg?v=1627124258 768w\" sizes=\"auto, (max-width: 767px) 89vw, (max-width: 1000px) 54vw, (max-width: 1071px) 543px, 580px\" \/><\/figure>\n\n\n\n<p>Sporo \u2013 g\u0142\u00f3wnie koniec lat 70. i pocz\u0105tek 80. tu wy\u017cej: <a href=\"https:\/\/pracownia52.pl\/www\/?page_id=1221\"><strong>Sonny Rollins<\/strong><\/a> i Andrzej Karpi\u0144ski (d. Polskie Nagrania). Patrz te\u017c <a href=\"http:\/\/pracownia52.pl\/www\/?page_id=343\"><strong>Jazz<\/strong><\/a> (miesi\u0119cznik) \u2013 oraz has\u0142a indywidualne. Ni\u017cej: kilka tych innych mych zdj\u0119\u0107.<br \/>mr m.<\/p>\n\n\n\n<figure class=\"wp-block-gallery has-nested-images columns-3 is-cropped wp-block-gallery-1 is-layout-flex wp-block-gallery-is-layout-flex\">\n<figure class=\"wp-block-image size-large\"><a href=\"https:\/\/pracownia52.pl\/www\/wp-content\/uploads\/2018\/10\/1980-jj-Don-Cherry-013-fot-mr-makowski-low.jpg\"><img loading=\"lazy\" decoding=\"async\" width=\"1024\" height=\"687\" data-id=\"7798\" src=\"https:\/\/pracownia52.pl\/www\/wp-content\/uploads\/2018\/10\/1980-jj-Don-Cherry-013-fot-mr-makowski-low-1024x687.jpg?v=1627123694\" alt=\"\" class=\"wp-image-7798\" srcset=\"https:\/\/pracownia52.pl\/www\/wp-content\/uploads\/2018\/10\/1980-jj-Don-Cherry-013-fot-mr-makowski-low-1024x687.jpg?v=1627123694 1024w, https:\/\/pracownia52.pl\/www\/wp-content\/uploads\/2018\/10\/1980-jj-Don-Cherry-013-fot-mr-makowski-low-300x201.jpg?v=1627123694 300w, https:\/\/pracownia52.pl\/www\/wp-content\/uploads\/2018\/10\/1980-jj-Don-Cherry-013-fot-mr-makowski-low-768x515.jpg?v=1627123694 768w, https:\/\/pracownia52.pl\/www\/wp-content\/uploads\/2018\/10\/1980-jj-Don-Cherry-013-fot-mr-makowski-low.jpg?v=1627123694 1200w\" sizes=\"auto, (max-width: 767px) 89vw, (max-width: 1000px) 54vw, (max-width: 1071px) 543px, 580px\" \/><\/a><figcaption class=\"wp-element-caption\">Don Cherry<\/figcaption><\/figure>\n\n\n\n<figure class=\"wp-block-image size-large\"><a href=\"https:\/\/pracownia52.pl\/www\/wp-content\/uploads\/2018\/10\/Albert-Mangelsdorff-1980-j-jam-fot-mr-makowski-001-low.jpg\"><img loading=\"lazy\" decoding=\"async\" width=\"1024\" height=\"686\" data-id=\"7790\" src=\"https:\/\/pracownia52.pl\/www\/wp-content\/uploads\/2018\/10\/Albert-Mangelsdorff-1980-j-jam-fot-mr-makowski-001-low-1024x686.jpg?v=1627123695\" alt=\"\" class=\"wp-image-7790\" srcset=\"https:\/\/pracownia52.pl\/www\/wp-content\/uploads\/2018\/10\/Albert-Mangelsdorff-1980-j-jam-fot-mr-makowski-001-low-1024x686.jpg?v=1627123695 1024w, https:\/\/pracownia52.pl\/www\/wp-content\/uploads\/2018\/10\/Albert-Mangelsdorff-1980-j-jam-fot-mr-makowski-001-low-300x201.jpg?v=1627123695 300w, https:\/\/pracownia52.pl\/www\/wp-content\/uploads\/2018\/10\/Albert-Mangelsdorff-1980-j-jam-fot-mr-makowski-001-low-768x515.jpg?v=1627123695 768w, https:\/\/pracownia52.pl\/www\/wp-content\/uploads\/2018\/10\/Albert-Mangelsdorff-1980-j-jam-fot-mr-makowski-001-low.jpg?v=1627123695 1200w\" sizes=\"auto, (max-width: 767px) 89vw, (max-width: 1000px) 54vw, (max-width: 1071px) 543px, 580px\" \/><\/a><figcaption class=\"wp-element-caption\">Albert Mangelsdorff<\/figcaption><\/figure>\n\n\n\n<figure class=\"wp-block-image size-large\"><a href=\"https:\/\/pracownia52.pl\/www\/wp-content\/uploads\/2018\/10\/1980-jj-Billy-Harper-008-fot-mr-makowski-low.jpg\"><img loading=\"lazy\" decoding=\"async\" width=\"1024\" height=\"666\" data-id=\"7789\" src=\"https:\/\/pracownia52.pl\/www\/wp-content\/uploads\/2018\/10\/1980-jj-Billy-Harper-008-fot-mr-makowski-low-1024x666.jpg?v=1627123695\" alt=\"\" class=\"wp-image-7789\" srcset=\"https:\/\/pracownia52.pl\/www\/wp-content\/uploads\/2018\/10\/1980-jj-Billy-Harper-008-fot-mr-makowski-low-1024x666.jpg?v=1627123695 1024w, https:\/\/pracownia52.pl\/www\/wp-content\/uploads\/2018\/10\/1980-jj-Billy-Harper-008-fot-mr-makowski-low-300x195.jpg?v=1627123695 300w, https:\/\/pracownia52.pl\/www\/wp-content\/uploads\/2018\/10\/1980-jj-Billy-Harper-008-fot-mr-makowski-low-768x499.jpg?v=1627123695 768w, https:\/\/pracownia52.pl\/www\/wp-content\/uploads\/2018\/10\/1980-jj-Billy-Harper-008-fot-mr-makowski-low.jpg?v=1627123695 1200w\" sizes=\"auto, (max-width: 767px) 89vw, (max-width: 1000px) 54vw, (max-width: 1071px) 543px, 580px\" \/><\/a><figcaption class=\"wp-element-caption\">Billy Harper<\/figcaption><\/figure>\n\n\n\n<figure class=\"wp-block-image size-large\"><a href=\"https:\/\/pracownia52.pl\/www\/wp-content\/uploads\/2018\/10\/Lew-Tabackin-1979-Jazz-Jamb-TA-LT-017.jpg\"><img loading=\"lazy\" decoding=\"async\" width=\"1024\" height=\"678\" data-id=\"7795\" src=\"https:\/\/pracownia52.pl\/www\/wp-content\/uploads\/2018\/10\/Lew-Tabackin-1979-Jazz-Jamb-TA-LT-017-1024x678.jpg?v=1627123695\" alt=\"\" class=\"wp-image-7795\" srcset=\"https:\/\/pracownia52.pl\/www\/wp-content\/uploads\/2018\/10\/Lew-Tabackin-1979-Jazz-Jamb-TA-LT-017-1024x678.jpg?v=1627123695 1024w, https:\/\/pracownia52.pl\/www\/wp-content\/uploads\/2018\/10\/Lew-Tabackin-1979-Jazz-Jamb-TA-LT-017-300x199.jpg?v=1627123695 300w, https:\/\/pracownia52.pl\/www\/wp-content\/uploads\/2018\/10\/Lew-Tabackin-1979-Jazz-Jamb-TA-LT-017-768x509.jpg?v=1627123695 768w, https:\/\/pracownia52.pl\/www\/wp-content\/uploads\/2018\/10\/Lew-Tabackin-1979-Jazz-Jamb-TA-LT-017.jpg?v=1627123695 1200w\" sizes=\"auto, (max-width: 767px) 89vw, (max-width: 1000px) 54vw, (max-width: 1071px) 543px, 580px\" \/><\/a><figcaption class=\"wp-element-caption\">Lew Tabackin<\/figcaption><\/figure>\n\n\n\n<figure class=\"wp-block-image size-large\"><a href=\"https:\/\/pracownia52.pl\/www\/wp-content\/uploads\/2019\/01\/201-1980-jj-Sonny-Rollins-005-fot-mr-makowski.jpg\"><img loading=\"lazy\" decoding=\"async\" width=\"1024\" height=\"675\" data-id=\"8514\" src=\"https:\/\/pracownia52.pl\/www\/wp-content\/uploads\/2019\/01\/201-1980-jj-Sonny-Rollins-005-fot-mr-makowski-1024x675.jpg?v=1627123660\" alt=\"\" class=\"wp-image-8514\" srcset=\"https:\/\/pracownia52.pl\/www\/wp-content\/uploads\/2019\/01\/201-1980-jj-Sonny-Rollins-005-fot-mr-makowski-1024x675.jpg?v=1627123660 1024w, https:\/\/pracownia52.pl\/www\/wp-content\/uploads\/2019\/01\/201-1980-jj-Sonny-Rollins-005-fot-mr-makowski-300x198.jpg?v=1627123660 300w, https:\/\/pracownia52.pl\/www\/wp-content\/uploads\/2019\/01\/201-1980-jj-Sonny-Rollins-005-fot-mr-makowski-768x506.jpg?v=1627123660 768w, https:\/\/pracownia52.pl\/www\/wp-content\/uploads\/2019\/01\/201-1980-jj-Sonny-Rollins-005-fot-mr-makowski.jpg?v=1627123660 1200w\" sizes=\"auto, (max-width: 767px) 89vw, (max-width: 1000px) 54vw, (max-width: 1071px) 543px, 580px\" \/><\/a><figcaption class=\"wp-element-caption\">Sonny Rollins<\/figcaption><\/figure>\n\n\n\n<figure class=\"wp-block-image size-large\"><a href=\"https:\/\/pracownia52.pl\/www\/wp-content\/uploads\/2019\/01\/World-Saxophone-Quartet-fot-mr-makowski-jazz-jamboree-198x-727.jpg\"><img loading=\"lazy\" decoding=\"async\" width=\"1024\" height=\"684\" data-id=\"8540\" src=\"https:\/\/pracownia52.pl\/www\/wp-content\/uploads\/2019\/01\/World-Saxophone-Quartet-fot-mr-makowski-jazz-jamboree-198x-727-1024x684.jpg?v=1627123659\" alt=\"\" class=\"wp-image-8540\" srcset=\"https:\/\/pracownia52.pl\/www\/wp-content\/uploads\/2019\/01\/World-Saxophone-Quartet-fot-mr-makowski-jazz-jamboree-198x-727-1024x684.jpg?v=1627123659 1024w, https:\/\/pracownia52.pl\/www\/wp-content\/uploads\/2019\/01\/World-Saxophone-Quartet-fot-mr-makowski-jazz-jamboree-198x-727-300x200.jpg?v=1627123659 300w, https:\/\/pracownia52.pl\/www\/wp-content\/uploads\/2019\/01\/World-Saxophone-Quartet-fot-mr-makowski-jazz-jamboree-198x-727-768x513.jpg?v=1627123659 768w, https:\/\/pracownia52.pl\/www\/wp-content\/uploads\/2019\/01\/World-Saxophone-Quartet-fot-mr-makowski-jazz-jamboree-198x-727.jpg?v=1627123659 1200w\" sizes=\"auto, (max-width: 767px) 89vw, (max-width: 1000px) 54vw, (max-width: 1071px) 543px, 580px\" \/><\/a><figcaption class=\"wp-element-caption\">World Saxophone Quartet (1986)<\/figcaption><\/figure>\n<\/figure>\n\n\n\n<figure class=\"wp-block-image\"><img loading=\"lazy\" decoding=\"async\" width=\"800\" height=\"541\" src=\"https:\/\/pracownia52.pl\/www\/wp-content\/uploads\/2019\/01\/world-saxophone-quartett-low-1986-jj-1.jpg\" alt=\"\" class=\"wp-image-8559\" srcset=\"https:\/\/pracownia52.pl\/www\/wp-content\/uploads\/2019\/01\/world-saxophone-quartett-low-1986-jj-1.jpg?v=1627123657 800w, https:\/\/pracownia52.pl\/www\/wp-content\/uploads\/2019\/01\/world-saxophone-quartett-low-1986-jj-1-300x203.jpg?v=1627123657 300w, https:\/\/pracownia52.pl\/www\/wp-content\/uploads\/2019\/01\/world-saxophone-quartett-low-1986-jj-1-768x519.jpg?v=1627123657 768w\" sizes=\"auto, (max-width: 767px) 89vw, (max-width: 1000px) 54vw, (max-width: 1071px) 543px, 580px\" \/><figcaption class=\"wp-element-caption\">World Saxophone Quartet (1986)<\/figcaption><\/figure>\n\n\n\n<figure class=\"wp-block-gallery has-nested-images columns-default is-cropped wp-block-gallery-2 is-layout-flex wp-block-gallery-is-layout-flex\">\n<figure class=\"wp-block-image size-full\"><a href=\"https:\/\/pracownia52.pl\/www\/wp-content\/uploads\/2019\/01\/1981-jj-carla-bley-bband-low-p6.jpg\"><img loading=\"lazy\" decoding=\"async\" width=\"800\" height=\"535\" data-id=\"8547\" src=\"https:\/\/pracownia52.pl\/www\/wp-content\/uploads\/2019\/01\/1981-jj-carla-bley-bband-low-p6.jpg?v=1627123658\" alt=\"\" class=\"wp-image-8547\" srcset=\"https:\/\/pracownia52.pl\/www\/wp-content\/uploads\/2019\/01\/1981-jj-carla-bley-bband-low-p6.jpg?v=1627123658 800w, https:\/\/pracownia52.pl\/www\/wp-content\/uploads\/2019\/01\/1981-jj-carla-bley-bband-low-p6-300x201.jpg?v=1627123658 300w, https:\/\/pracownia52.pl\/www\/wp-content\/uploads\/2019\/01\/1981-jj-carla-bley-bband-low-p6-768x514.jpg?v=1627123658 768w\" sizes=\"auto, (max-width: 767px) 89vw, (max-width: 1000px) 54vw, (max-width: 1071px) 543px, 580px\" \/><\/a><figcaption class=\"wp-element-caption\">Carla Bley<\/figcaption><\/figure>\n\n\n\n<figure class=\"wp-block-image size-large\"><a href=\"https:\/\/pracownia52.pl\/www\/wp-content\/uploads\/2019\/01\/1981-jazz-jamb-billy-low-14.jpg\"><img loading=\"lazy\" decoding=\"async\" width=\"800\" height=\"522\" data-id=\"8548\" src=\"https:\/\/pracownia52.pl\/www\/wp-content\/uploads\/2019\/01\/1981-jazz-jamb-billy-low-14.jpg\" alt=\"\" class=\"wp-image-8548\" srcset=\"https:\/\/pracownia52.pl\/www\/wp-content\/uploads\/2019\/01\/1981-jazz-jamb-billy-low-14.jpg?v=1627123658 800w, https:\/\/pracownia52.pl\/www\/wp-content\/uploads\/2019\/01\/1981-jazz-jamb-billy-low-14-300x196.jpg?v=1627123658 300w, https:\/\/pracownia52.pl\/www\/wp-content\/uploads\/2019\/01\/1981-jazz-jamb-billy-low-14-768x501.jpg?v=1627123658 768w\" sizes=\"auto, (max-width: 767px) 89vw, (max-width: 1000px) 54vw, (max-width: 1071px) 543px, 580px\" \/><\/a><figcaption class=\"wp-element-caption\">Billy Cobham<\/figcaption><\/figure>\n\n\n\n<figure class=\"wp-block-image size-large\"><a href=\"https:\/\/pracownia52.pl\/www\/wp-content\/uploads\/2019\/01\/1980-jj-kulisy-3.jpg\"><img loading=\"lazy\" decoding=\"async\" width=\"800\" height=\"531\" data-id=\"8550\" src=\"https:\/\/pracownia52.pl\/www\/wp-content\/uploads\/2019\/01\/1980-jj-kulisy-3.jpg\" alt=\"\" class=\"wp-image-8550\" srcset=\"https:\/\/pracownia52.pl\/www\/wp-content\/uploads\/2019\/01\/1980-jj-kulisy-3.jpg?v=1627123658 800w, https:\/\/pracownia52.pl\/www\/wp-content\/uploads\/2019\/01\/1980-jj-kulisy-3-300x199.jpg?v=1627123658 300w, https:\/\/pracownia52.pl\/www\/wp-content\/uploads\/2019\/01\/1980-jj-kulisy-3-768x510.jpg?v=1627123658 768w\" sizes=\"auto, (max-width: 767px) 89vw, (max-width: 1000px) 54vw, (max-width: 1071px) 543px, 580px\" \/><\/a><figcaption class=\"wp-element-caption\">Don Cherry i Albert Mangelsdorff<\/figcaption><\/figure>\n\n\n\n<figure class=\"wp-block-image size-large\"><a href=\"https:\/\/pracownia52.pl\/www\/wp-content\/uploads\/2019\/01\/1980-jj-piotr-klosek-low-2.jpg\"><img loading=\"lazy\" decoding=\"async\" width=\"800\" height=\"511\" data-id=\"8552\" src=\"https:\/\/pracownia52.pl\/www\/wp-content\/uploads\/2019\/01\/1980-jj-piotr-klosek-low-2.jpg\" alt=\"\" class=\"wp-image-8552\" srcset=\"https:\/\/pracownia52.pl\/www\/wp-content\/uploads\/2019\/01\/1980-jj-piotr-klosek-low-2.jpg?v=1627123658 800w, https:\/\/pracownia52.pl\/www\/wp-content\/uploads\/2019\/01\/1980-jj-piotr-klosek-low-2-300x192.jpg?v=1627123658 300w, https:\/\/pracownia52.pl\/www\/wp-content\/uploads\/2019\/01\/1980-jj-piotr-klosek-low-2-768x491.jpg?v=1627123658 768w\" sizes=\"auto, (max-width: 767px) 89vw, (max-width: 1000px) 54vw, (max-width: 1071px) 543px, 580px\" \/><\/a><figcaption class=\"wp-element-caption\">Piotr K\u0142osek<\/figcaption><\/figure>\n\n\n\n<figure class=\"wp-block-image size-large\"><a href=\"https:\/\/pracownia52.pl\/www\/wp-content\/uploads\/2019\/01\/1981-jj-carla-bley-no-songs-low-5.jpg\"><img loading=\"lazy\" decoding=\"async\" width=\"800\" height=\"537\" data-id=\"8553\" src=\"https:\/\/pracownia52.pl\/www\/wp-content\/uploads\/2019\/01\/1981-jj-carla-bley-no-songs-low-5.jpg\" alt=\"\" class=\"wp-image-8553\" srcset=\"https:\/\/pracownia52.pl\/www\/wp-content\/uploads\/2019\/01\/1981-jj-carla-bley-no-songs-low-5.jpg?v=1627123658 800w, https:\/\/pracownia52.pl\/www\/wp-content\/uploads\/2019\/01\/1981-jj-carla-bley-no-songs-low-5-300x201.jpg?v=1627123658 300w, https:\/\/pracownia52.pl\/www\/wp-content\/uploads\/2019\/01\/1981-jj-carla-bley-no-songs-low-5-768x516.jpg?v=1627123658 768w\" sizes=\"auto, (max-width: 767px) 89vw, (max-width: 1000px) 54vw, (max-width: 1071px) 543px, 580px\" \/><\/a><figcaption class=\"wp-element-caption\">Carla Bley<\/figcaption><\/figure>\n<\/figure>\n\n\n\n<figure class=\"wp-block-gallery has-nested-images columns-default is-cropped wp-block-gallery-3 is-layout-flex wp-block-gallery-is-layout-flex\">\n<figure class=\"wp-block-image size-large\"><img loading=\"lazy\" decoding=\"async\" width=\"800\" height=\"529\" data-id=\"8556\" src=\"https:\/\/pracownia52.pl\/www\/wp-content\/uploads\/2019\/01\/1985-ursz-dudziak-low-bobby-mcferrin-2jj.jpg\" alt=\"\" class=\"wp-image-8556\" srcset=\"https:\/\/pracownia52.pl\/www\/wp-content\/uploads\/2019\/01\/1985-ursz-dudziak-low-bobby-mcferrin-2jj.jpg?v=1627123657 800w, https:\/\/pracownia52.pl\/www\/wp-content\/uploads\/2019\/01\/1985-ursz-dudziak-low-bobby-mcferrin-2jj-300x198.jpg?v=1627123657 300w, https:\/\/pracownia52.pl\/www\/wp-content\/uploads\/2019\/01\/1985-ursz-dudziak-low-bobby-mcferrin-2jj-768x508.jpg?v=1627123657 768w\" sizes=\"auto, (max-width: 767px) 89vw, (max-width: 1000px) 54vw, (max-width: 1071px) 543px, 580px\" \/><figcaption class=\"wp-element-caption\">Bobby McFerrin i Urszula Dudziak<\/figcaption><\/figure>\n<\/figure>\n\n\n\n<figure class=\"wp-block-gallery has-nested-images columns-default is-cropped wp-block-gallery-4 is-layout-flex wp-block-gallery-is-layout-flex\">\n<figure class=\"wp-block-image size-full\"><a href=\"https:\/\/pracownia52.pl\/www\/wp-content\/uploads\/2019\/01\/wayne-shorter-jj1984-low-1.jpg\"><img loading=\"lazy\" decoding=\"async\" width=\"800\" height=\"535\" data-id=\"8561\" src=\"https:\/\/pracownia52.pl\/www\/wp-content\/uploads\/2019\/01\/wayne-shorter-jj1984-low-1.jpg?v=1627123656\" alt=\"\" class=\"wp-image-8561\" srcset=\"https:\/\/pracownia52.pl\/www\/wp-content\/uploads\/2019\/01\/wayne-shorter-jj1984-low-1.jpg?v=1627123656 800w, https:\/\/pracownia52.pl\/www\/wp-content\/uploads\/2019\/01\/wayne-shorter-jj1984-low-1-300x201.jpg?v=1627123656 300w, https:\/\/pracownia52.pl\/www\/wp-content\/uploads\/2019\/01\/wayne-shorter-jj1984-low-1-768x514.jpg?v=1627123656 768w\" sizes=\"auto, (max-width: 767px) 89vw, (max-width: 1000px) 54vw, (max-width: 1071px) 543px, 580px\" \/><\/a><figcaption class=\"wp-element-caption\">Wayne Shorter<\/figcaption><\/figure>\n\n\n\n<figure class=\"wp-block-image size-full\"><a href=\"https:\/\/pracownia52.pl\/www\/wp-content\/uploads\/2019\/02\/stu-martin-t-stanko-jj1980-konc-Ack-Tab-low-3.jpg\"><img loading=\"lazy\" decoding=\"async\" width=\"800\" height=\"520\" data-id=\"9072\" src=\"https:\/\/pracownia52.pl\/www\/wp-content\/uploads\/2019\/02\/stu-martin-t-stanko-jj1980-konc-Ack-Tab-low-3.jpg?v=1627123624\" alt=\"\" class=\"wp-image-9072\" srcset=\"https:\/\/pracownia52.pl\/www\/wp-content\/uploads\/2019\/02\/stu-martin-t-stanko-jj1980-konc-Ack-Tab-low-3.jpg?v=1627123624 800w, https:\/\/pracownia52.pl\/www\/wp-content\/uploads\/2019\/02\/stu-martin-t-stanko-jj1980-konc-Ack-Tab-low-3-300x195.jpg?v=1627123624 300w, https:\/\/pracownia52.pl\/www\/wp-content\/uploads\/2019\/02\/stu-martin-t-stanko-jj1980-konc-Ack-Tab-low-3-768x499.jpg?v=1627123624 768w\" sizes=\"auto, (max-width: 767px) 89vw, (max-width: 1000px) 54vw, (max-width: 1071px) 543px, 580px\" \/><\/a><figcaption class=\"wp-element-caption\">Tomasz Sta\u0144ko, Stu Martin (m.in.) <\/figcaption><\/figure>\n<\/figure>\n\n\n\n<figure class=\"wp-block-gallery has-nested-images columns-default is-cropped wp-block-gallery-5 is-layout-flex wp-block-gallery-is-layout-flex\">\n<figure class=\"wp-block-image size-full\"><a href=\"https:\/\/pracownia52.pl\/www\/wp-content\/uploads\/2019\/03\/1985-cecil-Taylor-jj-fot-mr-makowski-851.jpg\"><img loading=\"lazy\" decoding=\"async\" width=\"1200\" height=\"823\" data-id=\"9218\" src=\"https:\/\/pracownia52.pl\/www\/wp-content\/uploads\/2019\/03\/1985-cecil-Taylor-jj-fot-mr-makowski-851.jpg?v=1627123613\" alt=\"\" class=\"wp-image-9218\" srcset=\"https:\/\/pracownia52.pl\/www\/wp-content\/uploads\/2019\/03\/1985-cecil-Taylor-jj-fot-mr-makowski-851.jpg?v=1627123613 1200w, https:\/\/pracownia52.pl\/www\/wp-content\/uploads\/2019\/03\/1985-cecil-Taylor-jj-fot-mr-makowski-851-300x206.jpg?v=1627123613 300w, https:\/\/pracownia52.pl\/www\/wp-content\/uploads\/2019\/03\/1985-cecil-Taylor-jj-fot-mr-makowski-851-1024x702.jpg?v=1627123613 1024w, https:\/\/pracownia52.pl\/www\/wp-content\/uploads\/2019\/03\/1985-cecil-Taylor-jj-fot-mr-makowski-851-768x527.jpg?v=1627123613 768w\" sizes=\"auto, (max-width: 767px) 89vw, (max-width: 1000px) 54vw, (max-width: 1071px) 543px, 580px\" \/><\/a><figcaption class=\"wp-element-caption\">Cecil Taylor<\/figcaption><\/figure>\n\n\n\n<figure class=\"wp-block-image size-full\"><a href=\"https:\/\/pracownia52.pl\/www\/wp-content\/uploads\/2019\/03\/1985-lub-6-jazz-jamboree-nie-wiem-kto-771-fot-mr-makowski.jpg\"><img loading=\"lazy\" decoding=\"async\" width=\"1200\" height=\"781\" data-id=\"9221\" src=\"https:\/\/pracownia52.pl\/www\/wp-content\/uploads\/2019\/03\/1985-lub-6-jazz-jamboree-nie-wiem-kto-771-fot-mr-makowski.jpg?v=1627123612\" alt=\"\" class=\"wp-image-9221\" srcset=\"https:\/\/pracownia52.pl\/www\/wp-content\/uploads\/2019\/03\/1985-lub-6-jazz-jamboree-nie-wiem-kto-771-fot-mr-makowski.jpg?v=1627123612 1200w, https:\/\/pracownia52.pl\/www\/wp-content\/uploads\/2019\/03\/1985-lub-6-jazz-jamboree-nie-wiem-kto-771-fot-mr-makowski-300x195.jpg?v=1627123612 300w, https:\/\/pracownia52.pl\/www\/wp-content\/uploads\/2019\/03\/1985-lub-6-jazz-jamboree-nie-wiem-kto-771-fot-mr-makowski-1024x666.jpg?v=1627123612 1024w, https:\/\/pracownia52.pl\/www\/wp-content\/uploads\/2019\/03\/1985-lub-6-jazz-jamboree-nie-wiem-kto-771-fot-mr-makowski-768x500.jpg?v=1627123612 768w\" sizes=\"auto, (max-width: 767px) 89vw, (max-width: 1000px) 54vw, (max-width: 1071px) 543px, 580px\" \/><\/a><figcaption class=\"wp-element-caption\">grupa Cecila Taylora<\/figcaption><\/figure>\n\n\n\n<figure class=\"wp-block-image size-full\"><a href=\"https:\/\/pracownia52.pl\/www\/wp-content\/uploads\/2019\/03\/1985-Cecil-Taylor-jj-fot-mr-makowski-565.jpg\"><img loading=\"lazy\" decoding=\"async\" width=\"1200\" height=\"805\" data-id=\"9217\" src=\"https:\/\/pracownia52.pl\/www\/wp-content\/uploads\/2019\/03\/1985-Cecil-Taylor-jj-fot-mr-makowski-565.jpg?v=1627123613\" alt=\"\" class=\"wp-image-9217\" srcset=\"https:\/\/pracownia52.pl\/www\/wp-content\/uploads\/2019\/03\/1985-Cecil-Taylor-jj-fot-mr-makowski-565.jpg?v=1627123613 1200w, https:\/\/pracownia52.pl\/www\/wp-content\/uploads\/2019\/03\/1985-Cecil-Taylor-jj-fot-mr-makowski-565-300x201.jpg?v=1627123613 300w, https:\/\/pracownia52.pl\/www\/wp-content\/uploads\/2019\/03\/1985-Cecil-Taylor-jj-fot-mr-makowski-565-1024x687.jpg?v=1627123613 1024w, https:\/\/pracownia52.pl\/www\/wp-content\/uploads\/2019\/03\/1985-Cecil-Taylor-jj-fot-mr-makowski-565-768x515.jpg?v=1627123613 768w\" sizes=\"auto, (max-width: 767px) 89vw, (max-width: 1000px) 54vw, (max-width: 1071px) 543px, 580px\" \/><\/a><figcaption class=\"wp-element-caption\">Cecil Taylor i inni, po koncercie<\/figcaption><\/figure>\n\n\n\n<figure class=\"wp-block-image size-full\"><a href=\"https:\/\/pracownia52.pl\/www\/wp-content\/uploads\/2021\/08\/003-JJ-1984-fot-mr-makowski-kulisy-adr-biedrzynska-o2.jpg\"><img loading=\"lazy\" decoding=\"async\" width=\"1176\" height=\"776\" data-id=\"9936\" src=\"https:\/\/pracownia52.pl\/www\/wp-content\/uploads\/2021\/08\/003-JJ-1984-fot-mr-makowski-kulisy-adr-biedrzynska-o2.jpg?v=1628411993\" alt=\"\" class=\"wp-image-9936\" srcset=\"https:\/\/pracownia52.pl\/www\/wp-content\/uploads\/2021\/08\/003-JJ-1984-fot-mr-makowski-kulisy-adr-biedrzynska-o2.jpg?v=1628411993 1176w, https:\/\/pracownia52.pl\/www\/wp-content\/uploads\/2021\/08\/003-JJ-1984-fot-mr-makowski-kulisy-adr-biedrzynska-o2-300x198.jpg?v=1628411993 300w, https:\/\/pracownia52.pl\/www\/wp-content\/uploads\/2021\/08\/003-JJ-1984-fot-mr-makowski-kulisy-adr-biedrzynska-o2-1024x676.jpg?v=1628411993 1024w, https:\/\/pracownia52.pl\/www\/wp-content\/uploads\/2021\/08\/003-JJ-1984-fot-mr-makowski-kulisy-adr-biedrzynska-o2-768x507.jpg?v=1628411993 768w\" sizes=\"auto, (max-width: 767px) 89vw, (max-width: 1000px) 54vw, (max-width: 1071px) 543px, 580px\" \/><\/a><figcaption class=\"wp-element-caption\"><strong>Adrianna Biedrzy\u0144ska, aktorka i jaki\u015b te\u017c znany kolega, ale nie pami\u0119tam, kto; festiwal Jazz Jamboree, Warszawa (1984)<\/strong><\/figcaption><\/figure>\n\n\n\n<figure class=\"wp-block-image size-full\"><a href=\"https:\/\/pracownia52.pl\/www\/wp-content\/uploads\/2019\/03\/1986-John-Scoffield-fot-mr-makowski-553.jpg\"><img loading=\"lazy\" decoding=\"async\" width=\"1200\" height=\"885\" data-id=\"9222\" src=\"https:\/\/pracownia52.pl\/www\/wp-content\/uploads\/2019\/03\/1986-John-Scoffield-fot-mr-makowski-553.jpg?v=1627123612\" alt=\"\" class=\"wp-image-9222\" srcset=\"https:\/\/pracownia52.pl\/www\/wp-content\/uploads\/2019\/03\/1986-John-Scoffield-fot-mr-makowski-553.jpg?v=1627123612 1200w, https:\/\/pracownia52.pl\/www\/wp-content\/uploads\/2019\/03\/1986-John-Scoffield-fot-mr-makowski-553-300x221.jpg?v=1627123612 300w, https:\/\/pracownia52.pl\/www\/wp-content\/uploads\/2019\/03\/1986-John-Scoffield-fot-mr-makowski-553-1024x755.jpg?v=1627123612 1024w, https:\/\/pracownia52.pl\/www\/wp-content\/uploads\/2019\/03\/1986-John-Scoffield-fot-mr-makowski-553-768x566.jpg?v=1627123612 768w\" sizes=\"auto, (max-width: 767px) 89vw, (max-width: 1000px) 54vw, (max-width: 1071px) 543px, 580px\" \/><\/a><figcaption class=\"wp-element-caption\">John Scofield<\/figcaption><\/figure>\n<\/figure>\n","protected":false},"excerpt":{"rendered":"<p>Sporo \u2013 g\u0142\u00f3wnie koniec lat 70. i pocz\u0105tek 80. tu wy\u017cej: Sonny Rollins i Andrzej Karpi\u0144ski (d. Polskie Nagrania). Patrz te\u017c Jazz (miesi\u0119cznik) \u2013 oraz has\u0142a indywidualne. Ni\u017cej: kilka tych innych mych zdj\u0119\u0107.mr m.<\/p>\n","protected":false},"author":1,"featured_media":0,"parent":0,"menu_order":0,"comment_status":"closed","ping_status":"open","template":"","meta":{"footnotes":""},"class_list":["post-1594","page","type-page","status-publish","hentry"],"_links":{"self":[{"href":"https:\/\/pracownia52.pl\/www\/index.php?rest_route=\/wp\/v2\/pages\/1594","targetHints":{"allow":["GET"]}}],"collection":[{"href":"https:\/\/pracownia52.pl\/www\/index.php?rest_route=\/wp\/v2\/pages"}],"about":[{"href":"https:\/\/pracownia52.pl\/www\/index.php?rest_route=\/wp\/v2\/types\/page"}],"author":[{"embeddable":true,"href":"https:\/\/pracownia52.pl\/www\/index.php?rest_route=\/wp\/v2\/users\/1"}],"replies":[{"embeddable":true,"href":"https:\/\/pracownia52.pl\/www\/index.php?rest_route=%2Fwp%2Fv2%2Fcomments&post=1594"}],"version-history":[{"count":46,"href":"https:\/\/pracownia52.pl\/www\/index.php?rest_route=\/wp\/v2\/pages\/1594\/revisions"}],"predecessor-version":[{"id":10264,"href":"https:\/\/pracownia52.pl\/www\/index.php?rest_route=\/wp\/v2\/pages\/1594\/revisions\/10264"}],"wp:attachment":[{"href":"https:\/\/pracownia52.pl\/www\/index.php?rest_route=%2Fwp%2Fv2%2Fmedia&parent=1594"}],"curies":[{"name":"wp","href":"https:\/\/api.w.org\/{rel}","templated":true}]}}