{"id":1608,"date":"2010-06-15T07:21:38","date_gmt":"2010-06-15T07:21:38","guid":{"rendered":"http:\/\/pracownia52.pl\/www\/?page_id=1608"},"modified":"2017-11-04T09:12:38","modified_gmt":"2017-11-04T09:12:38","slug":"wayne-shorter","status":"publish","type":"page","link":"https:\/\/pracownia52.pl\/www\/?page_id=1608","title":{"rendered":"Wayne Shorter"},"content":{"rendered":"<p>Jazz Jamboree 1985.<br \/>\nten koncert zdecydowanie wa\u017cniejszy <a href=\"https:\/\/pracownia52.pl\/www\/?page_id=349\">i opisany<\/a>, cho\u0107 s\u0142ysza\u0142em Go wcze\u015bniej <a href=\"https:\/\/pracownia52.pl\/www\/?page_id=4361\"><strong>w berlinie<\/strong><\/a>, wtedy by\u0142 elegancki i nieobecny.<br \/>\nmr m.<br \/>\n<img loading=\"lazy\" decoding=\"async\" src=\"http:\/\/pracownia52.pl\/www\/wp-content\/uploads\/2010\/06\/1985-wayne-shorter-jj-wwa-low-1.jpg\" alt=\"\" title=\"1985-wayne-shorter-jj-wwa-low-1\" width=\"800\" height=\"534\" class=\"alignnone size-full wp-image-1610\" srcset=\"https:\/\/pracownia52.pl\/www\/wp-content\/uploads\/2010\/06\/1985-wayne-shorter-jj-wwa-low-1.jpg?v=1627124258 800w, https:\/\/pracownia52.pl\/www\/wp-content\/uploads\/2010\/06\/1985-wayne-shorter-jj-wwa-low-1-300x200.jpg?v=1627124258 300w, https:\/\/pracownia52.pl\/www\/wp-content\/uploads\/2010\/06\/1985-wayne-shorter-jj-wwa-low-1-768x513.jpg?v=1627124258 768w\" sizes=\"auto, (max-width: 767px) 89vw, (max-width: 1000px) 54vw, (max-width: 1071px) 543px, 580px\" \/><\/p>\n","protected":false},"excerpt":{"rendered":"<p>Jazz Jamboree 1985. ten koncert zdecydowanie wa\u017cniejszy i opisany, cho\u0107 s\u0142ysza\u0142em Go wcze\u015bniej w berlinie, wtedy by\u0142 elegancki i nieobecny. mr m.<\/p>\n","protected":false},"author":1,"featured_media":0,"parent":0,"menu_order":0,"comment_status":"closed","ping_status":"open","template":"","meta":{"footnotes":""},"class_list":["post-1608","page","type-page","status-publish","hentry"],"_links":{"self":[{"href":"https:\/\/pracownia52.pl\/www\/index.php?rest_route=\/wp\/v2\/pages\/1608","targetHints":{"allow":["GET"]}}],"collection":[{"href":"https:\/\/pracownia52.pl\/www\/index.php?rest_route=\/wp\/v2\/pages"}],"about":[{"href":"https:\/\/pracownia52.pl\/www\/index.php?rest_route=\/wp\/v2\/types\/page"}],"author":[{"embeddable":true,"href":"https:\/\/pracownia52.pl\/www\/index.php?rest_route=\/wp\/v2\/users\/1"}],"replies":[{"embeddable":true,"href":"https:\/\/pracownia52.pl\/www\/index.php?rest_route=%2Fwp%2Fv2%2Fcomments&post=1608"}],"version-history":[{"count":5,"href":"https:\/\/pracownia52.pl\/www\/index.php?rest_route=\/wp\/v2\/pages\/1608\/revisions"}],"predecessor-version":[{"id":7262,"href":"https:\/\/pracownia52.pl\/www\/index.php?rest_route=\/wp\/v2\/pages\/1608\/revisions\/7262"}],"wp:attachment":[{"href":"https:\/\/pracownia52.pl\/www\/index.php?rest_route=%2Fwp%2Fv2%2Fmedia&parent=1608"}],"curies":[{"name":"wp","href":"https:\/\/api.w.org\/{rel}","templated":true}]}}