{"id":1639,"date":"2010-06-15T07:45:00","date_gmt":"2010-06-15T07:45:00","guid":{"rendered":"http:\/\/pracownia52.pl\/www\/?page_id=1639"},"modified":"2019-01-19T10:10:01","modified_gmt":"2019-01-19T10:10:01","slug":"rafal-rekosiewicz","status":"publish","type":"page","link":"https:\/\/pracownia52.pl\/www\/?page_id=1639","title":{"rendered":"Rafa\u0142 R\u0119kosiewicz"},"content":{"rendered":"\n<p>znakomity Muzyk i \u015bwietny go\u015b\u0107. R\u00f3\u017cne <a href=\"https:\/\/pracownia52.pl\/www\/?page_id=501\">sk\u0142ady<\/a>, kilka wsp\u00f3lnych wyjazd\u00f3w \u2013 od pami\u0119tnego <a href=\"https:\/\/pracownia52.pl\/www\/?page_id=2015\"><strong>Berlina Zach<\/strong>.<\/a> w 1983\u2026 I historii; w tym: <a href=\"https:\/\/pracownia52.pl\/www\/?page_id=5225\"><strong>d. Jugos\u0142awia<\/strong><\/a>\u2026<br \/>Warte opowiedzenia, mo\u017ce kiedy\u015b. U-aktualnienie: Rafa\u0142 <a href=\"https:\/\/pracownia52.pl\/www\/?p=7072\"><strong>swoj\u0105 cz\u0119\u015b\u0107<\/strong><\/a> ju\u017c nieco opowiedzia\u0142 (2017)\u2026<br \/>mr m.<br \/> \u2026<br \/> Dodatki: zob. te\u017c <a href=\"https:\/\/pracownia52.pl\/www\/?page_id=7183\">Mr\u0105gowo 1983<\/a><\/p>\n\n\n\n<ul class=\"wp-block-gallery columns-3 is-cropped wp-block-gallery-1 is-layout-flex wp-block-gallery-is-layout-flex\"><li class=\"blocks-gallery-item\"><figure><a href=\"https:\/\/pracownia52.pl\/www\/wp-content\/uploads\/2010\/06\/rafal-rekosiewicz-krzak-berlin-1983-fot-mr-makowski-524x800pxl.jpg\"><img loading=\"lazy\" decoding=\"async\" width=\"524\" height=\"800\" src=\"https:\/\/pracownia52.pl\/www\/wp-content\/uploads\/2010\/06\/rafal-rekosiewicz-krzak-berlin-1983-fot-mr-makowski-524x800pxl.jpg\" alt=\"\" data-id=\"5453\" class=\"wp-image-5453\" srcset=\"https:\/\/pracownia52.pl\/www\/wp-content\/uploads\/2010\/06\/rafal-rekosiewicz-krzak-berlin-1983-fot-mr-makowski-524x800pxl.jpg?v=1627123897 524w, https:\/\/pracownia52.pl\/www\/wp-content\/uploads\/2010\/06\/rafal-rekosiewicz-krzak-berlin-1983-fot-mr-makowski-524x800pxl-197x300.jpg?v=1627123897 197w\" sizes=\"auto, (max-width: 524px) 100vw, 524px\" \/><\/a><\/figure><\/li><li class=\"blocks-gallery-item\"><figure><a href=\"https:\/\/pracownia52.pl\/www\/wp-content\/uploads\/2010\/06\/martyna-jarocin-1989-1.jpg\"><img loading=\"lazy\" decoding=\"async\" width=\"799\" height=\"1200\" src=\"https:\/\/pracownia52.pl\/www\/wp-content\/uploads\/2010\/06\/martyna-jarocin-1989-1.jpg\" alt=\"\" data-id=\"4917\" class=\"wp-image-4917\" srcset=\"https:\/\/pracownia52.pl\/www\/wp-content\/uploads\/2010\/06\/martyna-jarocin-1989-1.jpg?v=1627123943 799w, https:\/\/pracownia52.pl\/www\/wp-content\/uploads\/2010\/06\/martyna-jarocin-1989-1-200x300.jpg?v=1627123943 200w, https:\/\/pracownia52.pl\/www\/wp-content\/uploads\/2010\/06\/martyna-jarocin-1989-1-682x1024.jpg?v=1627123943 682w, https:\/\/pracownia52.pl\/www\/wp-content\/uploads\/2010\/06\/martyna-jarocin-1989-1-768x1153.jpg?v=1627123943 768w\" sizes=\"auto, (max-width: 767px) 89vw, (max-width: 1000px) 54vw, (max-width: 1071px) 543px, 580px\" \/><\/a><\/figure><\/li><li class=\"blocks-gallery-item\"><figure><a href=\"https:\/\/pracownia52.pl\/www\/wp-content\/uploads\/2010\/06\/rafal-rekosiewicz-1low.jpg\"><img loading=\"lazy\" decoding=\"async\" width=\"800\" height=\"516\" src=\"https:\/\/pracownia52.pl\/www\/wp-content\/uploads\/2010\/06\/rafal-rekosiewicz-1low.jpg\" alt=\"\" data-id=\"4921\" class=\"wp-image-4921\" srcset=\"https:\/\/pracownia52.pl\/www\/wp-content\/uploads\/2010\/06\/rafal-rekosiewicz-1low.jpg?v=1627123943 800w, https:\/\/pracownia52.pl\/www\/wp-content\/uploads\/2010\/06\/rafal-rekosiewicz-1low-300x194.jpg?v=1627123943 300w, https:\/\/pracownia52.pl\/www\/wp-content\/uploads\/2010\/06\/rafal-rekosiewicz-1low-768x495.jpg?v=1627123943 768w\" sizes=\"auto, (max-width: 767px) 89vw, (max-width: 1000px) 54vw, (max-width: 1071px) 543px, 580px\" \/><\/a><\/figure><\/li><li class=\"blocks-gallery-item\"><figure><a href=\"https:\/\/pracownia52.pl\/www\/wp-content\/uploads\/2010\/06\/Rafal-Rekosiewicz-01-02-1984-Winder-Super-Session-006-dir-flat-mniejsze-1st-800pxl.jpg\"><img loading=\"lazy\" decoding=\"async\" width=\"800\" height=\"536\" src=\"https:\/\/pracownia52.pl\/www\/wp-content\/uploads\/2010\/06\/Rafal-Rekosiewicz-01-02-1984-Winder-Super-Session-006-dir-flat-mniejsze-1st-800pxl.jpg\" alt=\"\" data-id=\"5333\" class=\"wp-image-5333\" srcset=\"https:\/\/pracownia52.pl\/www\/wp-content\/uploads\/2010\/06\/Rafal-Rekosiewicz-01-02-1984-Winder-Super-Session-006-dir-flat-mniejsze-1st-800pxl.jpg?v=1627123909 800w, https:\/\/pracownia52.pl\/www\/wp-content\/uploads\/2010\/06\/Rafal-Rekosiewicz-01-02-1984-Winder-Super-Session-006-dir-flat-mniejsze-1st-800pxl-300x201.jpg?v=1627123909 300w, https:\/\/pracownia52.pl\/www\/wp-content\/uploads\/2010\/06\/Rafal-Rekosiewicz-01-02-1984-Winder-Super-Session-006-dir-flat-mniejsze-1st-800pxl-768x515.jpg?v=1627123909 768w\" sizes=\"auto, (max-width: 767px) 89vw, (max-width: 1000px) 54vw, (max-width: 1071px) 543px, 580px\" \/><\/a><\/figure><\/li><li class=\"blocks-gallery-item\"><figure><a href=\"https:\/\/pracownia52.pl\/www\/wp-content\/uploads\/2010\/06\/Rafal-85-XI-1-mn.jpg\"><img loading=\"lazy\" decoding=\"async\" width=\"500\" height=\"374\" src=\"https:\/\/pracownia52.pl\/www\/wp-content\/uploads\/2010\/06\/Rafal-85-XI-1-mn.jpg\" alt=\"\" data-id=\"1640\" class=\"wp-image-1640\" srcset=\"https:\/\/pracownia52.pl\/www\/wp-content\/uploads\/2010\/06\/Rafal-85-XI-1-mn.jpg?v=1627124256 500w, https:\/\/pracownia52.pl\/www\/wp-content\/uploads\/2010\/06\/Rafal-85-XI-1-mn-300x224.jpg?v=1627124256 300w\" sizes=\"auto, (max-width: 500px) 100vw, 500px\" \/><\/a><\/figure><\/li><li class=\"blocks-gallery-item\"><figure><a href=\"https:\/\/pracownia52.pl\/www\/wp-content\/uploads\/2019\/01\/1983-Krzak-berlin-konc-390-fot-mr-makowski-707x1024.jpg\"><img loading=\"lazy\" decoding=\"async\" width=\"707\" height=\"1024\" src=\"https:\/\/pracownia52.pl\/www\/wp-content\/uploads\/2019\/01\/1983-Krzak-berlin-konc-390-fot-mr-makowski-707x1024.jpg\" alt=\"\" data-id=\"8899\" data-link=\"https:\/\/pracownia52.pl\/www\/?attachment_id=8899\" class=\"wp-image-8899\" srcset=\"https:\/\/pracownia52.pl\/www\/wp-content\/uploads\/2019\/01\/1983-Krzak-berlin-konc-390-fot-mr-makowski-707x1024.jpg?v=1627123637 707w, https:\/\/pracownia52.pl\/www\/wp-content\/uploads\/2019\/01\/1983-Krzak-berlin-konc-390-fot-mr-makowski-207x300.jpg?v=1627123637 207w, https:\/\/pracownia52.pl\/www\/wp-content\/uploads\/2019\/01\/1983-Krzak-berlin-konc-390-fot-mr-makowski-768x1112.jpg?v=1627123637 768w, https:\/\/pracownia52.pl\/www\/wp-content\/uploads\/2019\/01\/1983-Krzak-berlin-konc-390-fot-mr-makowski.jpg?v=1627123637 829w\" sizes=\"auto, (max-width: 707px) 100vw, 707px\" \/><\/a><\/figure><\/li><\/ul>\n","protected":false},"excerpt":{"rendered":"<p>znakomity Muzyk i \u015bwietny go\u015b\u0107. R\u00f3\u017cne sk\u0142ady, kilka wsp\u00f3lnych wyjazd\u00f3w \u2013 od pami\u0119tnego Berlina Zach. w 1983\u2026 I historii; w tym: d. Jugos\u0142awia\u2026Warte opowiedzenia, mo\u017ce kiedy\u015b. U-aktualnienie: Rafa\u0142 swoj\u0105 cz\u0119\u015b\u0107 ju\u017c nieco opowiedzia\u0142 (2017)\u2026mr m. \u2026 Dodatki: zob. te\u017c Mr\u0105gowo 1983<\/p>\n","protected":false},"author":1,"featured_media":1640,"parent":0,"menu_order":0,"comment_status":"closed","ping_status":"open","template":"","meta":{"footnotes":""},"class_list":["post-1639","page","type-page","status-publish","has-post-thumbnail","hentry"],"_links":{"self":[{"href":"https:\/\/pracownia52.pl\/www\/index.php?rest_route=\/wp\/v2\/pages\/1639","targetHints":{"allow":["GET"]}}],"collection":[{"href":"https:\/\/pracownia52.pl\/www\/index.php?rest_route=\/wp\/v2\/pages"}],"about":[{"href":"https:\/\/pracownia52.pl\/www\/index.php?rest_route=\/wp\/v2\/types\/page"}],"author":[{"embeddable":true,"href":"https:\/\/pracownia52.pl\/www\/index.php?rest_route=\/wp\/v2\/users\/1"}],"replies":[{"embeddable":true,"href":"https:\/\/pracownia52.pl\/www\/index.php?rest_route=%2Fwp%2Fv2%2Fcomments&post=1639"}],"version-history":[{"count":21,"href":"https:\/\/pracownia52.pl\/www\/index.php?rest_route=\/wp\/v2\/pages\/1639\/revisions"}],"predecessor-version":[{"id":8905,"href":"https:\/\/pracownia52.pl\/www\/index.php?rest_route=\/wp\/v2\/pages\/1639\/revisions\/8905"}],"wp:featuredmedia":[{"embeddable":true,"href":"https:\/\/pracownia52.pl\/www\/index.php?rest_route=\/wp\/v2\/media\/1640"}],"wp:attachment":[{"href":"https:\/\/pracownia52.pl\/www\/index.php?rest_route=%2Fwp%2Fv2%2Fmedia&parent=1639"}],"curies":[{"name":"wp","href":"https:\/\/api.w.org\/{rel}","templated":true}]}}