{"id":1766,"date":"2010-06-16T09:00:16","date_gmt":"2010-06-16T09:00:16","guid":{"rendered":"http:\/\/pracownia52.pl\/www\/?page_id=1766"},"modified":"2019-01-10T13:06:04","modified_gmt":"2019-01-10T13:06:04","slug":"kontekstualizm","status":"publish","type":"page","link":"https:\/\/pracownia52.pl\/www\/?page_id=1766","title":{"rendered":"Kontekstualizm"},"content":{"rendered":"\n<figure class=\"wp-block-image\"><img loading=\"lazy\" decoding=\"async\" width=\"800\" height=\"422\" src=\"http:\/\/pracownia52.pl\/www\/wp-content\/uploads\/2010\/06\/kontekstualizm-renata-wieczorek-low.jpg\" alt=\"\" class=\"wp-image-1770\" srcset=\"https:\/\/pracownia52.pl\/www\/wp-content\/uploads\/2010\/06\/kontekstualizm-renata-wieczorek-low.jpg?v=1627124251 800w, https:\/\/pracownia52.pl\/www\/wp-content\/uploads\/2010\/06\/kontekstualizm-renata-wieczorek-low-300x158.jpg?v=1627124251 300w, https:\/\/pracownia52.pl\/www\/wp-content\/uploads\/2010\/06\/kontekstualizm-renata-wieczorek-low-768x405.jpg?v=1627124251 768w\" sizes=\"auto, (max-width: 767px) 89vw, (max-width: 1000px) 54vw, (max-width: 1071px) 543px, 580px\" \/><\/figure>\n\n\n\n<p>Renata Wieczorek \u201eKontekstualizm jako wsp\u00f3\u0142czesna pr\u00f3ba odpowiedzi na problem sceptycyzmu&#8221;; wyd. 2010; Uniwersytet Warszawski \u2013 Wydzia\u0142 Filozofii i Socjologii (ISBN 978-83-87963-60-6)<br \/>proj. ok\u0142adki: 2 kolory pantone: czarny i szary.<br \/>tu widzimy I i IV ok\u0142., grzbiet i skrzyde\u0142ka zak\u0142adane<br \/>mr m.<br \/><\/p>\n","protected":false},"excerpt":{"rendered":"<p>Renata Wieczorek \u201eKontekstualizm jako wsp\u00f3\u0142czesna pr\u00f3ba odpowiedzi na problem sceptycyzmu&#8221;; wyd. 2010; Uniwersytet Warszawski \u2013 Wydzia\u0142 Filozofii i Socjologii (ISBN 978-83-87963-60-6)proj. ok\u0142adki: 2 kolory pantone: czarny i szary.tu widzimy I i IV ok\u0142., grzbiet i skrzyde\u0142ka zak\u0142adanemr m.<\/p>\n","protected":false},"author":1,"featured_media":0,"parent":0,"menu_order":3,"comment_status":"closed","ping_status":"open","template":"","meta":{"footnotes":""},"class_list":["post-1766","page","type-page","status-publish","hentry"],"_links":{"self":[{"href":"https:\/\/pracownia52.pl\/www\/index.php?rest_route=\/wp\/v2\/pages\/1766","targetHints":{"allow":["GET"]}}],"collection":[{"href":"https:\/\/pracownia52.pl\/www\/index.php?rest_route=\/wp\/v2\/pages"}],"about":[{"href":"https:\/\/pracownia52.pl\/www\/index.php?rest_route=\/wp\/v2\/types\/page"}],"author":[{"embeddable":true,"href":"https:\/\/pracownia52.pl\/www\/index.php?rest_route=\/wp\/v2\/users\/1"}],"replies":[{"embeddable":true,"href":"https:\/\/pracownia52.pl\/www\/index.php?rest_route=%2Fwp%2Fv2%2Fcomments&post=1766"}],"version-history":[{"count":9,"href":"https:\/\/pracownia52.pl\/www\/index.php?rest_route=\/wp\/v2\/pages\/1766\/revisions"}],"predecessor-version":[{"id":8747,"href":"https:\/\/pracownia52.pl\/www\/index.php?rest_route=\/wp\/v2\/pages\/1766\/revisions\/8747"}],"wp:attachment":[{"href":"https:\/\/pracownia52.pl\/www\/index.php?rest_route=%2Fwp%2Fv2%2Fmedia&parent=1766"}],"curies":[{"name":"wp","href":"https:\/\/api.w.org\/{rel}","templated":true}]}}