{"id":1775,"date":"2010-06-16T09:46:48","date_gmt":"2010-06-16T09:46:48","guid":{"rendered":"http:\/\/pracownia52.pl\/www\/?page_id=1775"},"modified":"2010-06-16T09:51:52","modified_gmt":"2010-06-16T09:51:52","slug":"ministerstwo-rozwoju-regionalnego","status":"publish","type":"page","link":"https:\/\/pracownia52.pl\/www\/?page_id=1775","title":{"rendered":"Ministerstwo Rozwoju Regionalnego"},"content":{"rendered":"<p>ok\u0142adka do Raportu; oraz nast\u0119puj\u0105ce po tym wydawnictwa (CD, opakowania\u2026) jednorazowa wsp\u00f3\u0142praca, bo \u2013 gdy rok p\u00f3\u017aniej zadzwonili i spytali, czy mog\u0105 ten projekt wykorzysta\u0107 do innej publikacji, bo im si\u0119 bardzo podoba \u2013 a ja zapyta\u0142em \u201eza ile?&#8221; \u2013 to si\u0119 obrazili\u2026 c\u00f3\u017c: europa.<br \/>\nprojekt zreszt\u0105 do\u015b\u0107 banalny, ale w gu\u015bcie zamawiaj\u0105cych. czysto, szaro, z prostym pomys\u0142em.<br \/>\n[mrm]<br \/>\n<img loading=\"lazy\" decoding=\"async\" src=\"http:\/\/pracownia52.pl\/www\/wp-content\/uploads\/2010\/06\/konferencja-eorpa-2007-1.jpg\" alt=\"\" title=\"konferencja-eorpa-2007-1\" width=\"424\" height=\"600\" class=\"alignnone size-full wp-image-1779\" srcset=\"https:\/\/pracownia52.pl\/www\/wp-content\/uploads\/2010\/06\/konferencja-eorpa-2007-1.jpg?v=1627124251 565w, https:\/\/pracownia52.pl\/www\/wp-content\/uploads\/2010\/06\/konferencja-eorpa-2007-1-212x300.jpg?v=1627124251 212w\" sizes=\"auto, (max-width: 424px) 100vw, 424px\" \/><\/p>\n","protected":false},"excerpt":{"rendered":"<p>ok\u0142adka do Raportu; oraz nast\u0119puj\u0105ce po tym wydawnictwa (CD, opakowania\u2026) jednorazowa wsp\u00f3\u0142praca, bo \u2013 gdy rok p\u00f3\u017aniej zadzwonili i spytali, czy mog\u0105 ten projekt wykorzysta\u0107 do innej publikacji, bo im si\u0119 bardzo podoba \u2013 a ja zapyta\u0142em \u201eza ile?&#8221; \u2013 to si\u0119 obrazili\u2026 c\u00f3\u017c: europa. projekt zreszt\u0105 do\u015b\u0107 banalny, ale w gu\u015bcie zamawiaj\u0105cych. czysto, szaro, &hellip; <\/p>\n<p class=\"link-more\"><a href=\"https:\/\/pracownia52.pl\/www\/?page_id=1775\" class=\"more-link\">Czytaj dalej<span class=\"screen-reader-text\"> \u201eMinisterstwo Rozwoju Regionalnego\u201d<\/span><\/a><\/p>\n","protected":false},"author":1,"featured_media":0,"parent":0,"menu_order":4,"comment_status":"closed","ping_status":"open","template":"","meta":{"footnotes":""},"class_list":["post-1775","page","type-page","status-publish","hentry"],"_links":{"self":[{"href":"https:\/\/pracownia52.pl\/www\/index.php?rest_route=\/wp\/v2\/pages\/1775","targetHints":{"allow":["GET"]}}],"collection":[{"href":"https:\/\/pracownia52.pl\/www\/index.php?rest_route=\/wp\/v2\/pages"}],"about":[{"href":"https:\/\/pracownia52.pl\/www\/index.php?rest_route=\/wp\/v2\/types\/page"}],"author":[{"embeddable":true,"href":"https:\/\/pracownia52.pl\/www\/index.php?rest_route=\/wp\/v2\/users\/1"}],"replies":[{"embeddable":true,"href":"https:\/\/pracownia52.pl\/www\/index.php?rest_route=%2Fwp%2Fv2%2Fcomments&post=1775"}],"version-history":[{"count":8,"href":"https:\/\/pracownia52.pl\/www\/index.php?rest_route=\/wp\/v2\/pages\/1775\/revisions"}],"predecessor-version":[{"id":1784,"href":"https:\/\/pracownia52.pl\/www\/index.php?rest_route=\/wp\/v2\/pages\/1775\/revisions\/1784"}],"wp:attachment":[{"href":"https:\/\/pracownia52.pl\/www\/index.php?rest_route=%2Fwp%2Fv2%2Fmedia&parent=1775"}],"curies":[{"name":"wp","href":"https:\/\/api.w.org\/{rel}","templated":true}]}}