{"id":1810,"date":"2010-06-16T10:45:50","date_gmt":"2010-06-16T10:45:50","guid":{"rendered":"http:\/\/pracownia52.pl\/www\/?page_id=1810"},"modified":"2018-12-27T12:39:03","modified_gmt":"2018-12-27T12:39:03","slug":"tadeusz-kantor","status":"publish","type":"page","link":"https:\/\/pracownia52.pl\/www\/?page_id=1810","title":{"rendered":"Tadeusz Kantor"},"content":{"rendered":"\n<p>prezentacja \u201e<strong>Umar\u0142ej klasy<\/strong>&#8221; w warszawskiej Stodole (1980). kilka zdj\u0119\u0107, ale. (a mi\u0119dzy nimi: <strong><a href=\"https:\/\/pracownia52.pl\/www\/?page_id=2228\">Stasiek M\u0142odo\u017ceniec<\/a><\/strong> \u2013 przed czy po spektaklu ;)<br \/>mr m.<\/p>\n\n\n\n<ul class=\"wp-block-gallery columns-3 is-cropped wp-block-gallery-1 is-layout-flex wp-block-gallery-is-layout-flex\"><li class=\"blocks-gallery-item\"><figure><a href=\"https:\/\/pracownia52.pl\/www\/wp-content\/uploads\/2010\/06\/kantor-1980-002-mn.jpg\"><img loading=\"lazy\" decoding=\"async\" width=\"550\" height=\"372\" src=\"https:\/\/pracownia52.pl\/www\/wp-content\/uploads\/2010\/06\/kantor-1980-002-mn.jpg\" alt=\"\" data-id=\"1811\" data-link=\"https:\/\/pracownia52.pl\/www\/?attachment_id=1811\" class=\"wp-image-1811\" srcset=\"https:\/\/pracownia52.pl\/www\/wp-content\/uploads\/2010\/06\/kantor-1980-002-mn.jpg?v=1627124249 550w, https:\/\/pracownia52.pl\/www\/wp-content\/uploads\/2010\/06\/kantor-1980-002-mn-300x203.jpg?v=1627124249 300w\" sizes=\"auto, (max-width: 550px) 100vw, 550px\" \/><\/a><\/figure><\/li><li class=\"blocks-gallery-item\"><figure><a href=\"https:\/\/pracownia52.pl\/www\/wp-content\/uploads\/2010\/06\/kantor-1980-001l-mn.jpg\"><img loading=\"lazy\" decoding=\"async\" width=\"550\" height=\"362\" src=\"https:\/\/pracownia52.pl\/www\/wp-content\/uploads\/2010\/06\/kantor-1980-001l-mn.jpg\" alt=\"\" data-id=\"2028\" data-link=\"https:\/\/pracownia52.pl\/www\/?attachment_id=2028\" class=\"wp-image-2028\" srcset=\"https:\/\/pracownia52.pl\/www\/wp-content\/uploads\/2010\/06\/kantor-1980-001l-mn.jpg?v=1627124234 550w, https:\/\/pracownia52.pl\/www\/wp-content\/uploads\/2010\/06\/kantor-1980-001l-mn-300x197.jpg?v=1627124234 300w\" sizes=\"auto, (max-width: 550px) 100vw, 550px\" \/><\/a><\/figure><\/li><li class=\"blocks-gallery-item\"><figure><a href=\"https:\/\/pracownia52.pl\/www\/wp-content\/uploads\/2010\/06\/kantor-umarla-klasa-1981-stodola-wwa-1-st-mlodozeniec-1.jpg\"><img loading=\"lazy\" decoding=\"async\" width=\"800\" height=\"498\" src=\"https:\/\/pracownia52.pl\/www\/wp-content\/uploads\/2010\/06\/kantor-umarla-klasa-1981-stodola-wwa-1-st-mlodozeniec-1.jpg\" alt=\"\" data-id=\"2026\" data-link=\"https:\/\/pracownia52.pl\/www\/?attachment_id=2026\" class=\"wp-image-2026\" srcset=\"https:\/\/pracownia52.pl\/www\/wp-content\/uploads\/2010\/06\/kantor-umarla-klasa-1981-stodola-wwa-1-st-mlodozeniec-1.jpg?v=1627124234 800w, https:\/\/pracownia52.pl\/www\/wp-content\/uploads\/2010\/06\/kantor-umarla-klasa-1981-stodola-wwa-1-st-mlodozeniec-1-300x187.jpg?v=1627124234 300w, https:\/\/pracownia52.pl\/www\/wp-content\/uploads\/2010\/06\/kantor-umarla-klasa-1981-stodola-wwa-1-st-mlodozeniec-1-768x478.jpg?v=1627124234 768w\" sizes=\"auto, (max-width: 767px) 89vw, (max-width: 1000px) 54vw, (max-width: 1071px) 543px, 580px\" \/><\/a><\/figure><\/li><li class=\"blocks-gallery-item\"><figure><a href=\"https:\/\/pracownia52.pl\/www\/wp-content\/uploads\/2010\/06\/kantor-umarla-klasa-1981-stodola-wwa-1.jpg\"><img loading=\"lazy\" decoding=\"async\" width=\"800\" height=\"538\" src=\"https:\/\/pracownia52.pl\/www\/wp-content\/uploads\/2010\/06\/kantor-umarla-klasa-1981-stodola-wwa-1.jpg\" alt=\"\" data-id=\"2030\" data-link=\"https:\/\/pracownia52.pl\/www\/?attachment_id=2030\" class=\"wp-image-2030\" srcset=\"https:\/\/pracownia52.pl\/www\/wp-content\/uploads\/2010\/06\/kantor-umarla-klasa-1981-stodola-wwa-1.jpg?v=1627124233 800w, https:\/\/pracownia52.pl\/www\/wp-content\/uploads\/2010\/06\/kantor-umarla-klasa-1981-stodola-wwa-1-300x202.jpg?v=1627124233 300w, https:\/\/pracownia52.pl\/www\/wp-content\/uploads\/2010\/06\/kantor-umarla-klasa-1981-stodola-wwa-1-768x516.jpg?v=1627124233 768w\" sizes=\"auto, (max-width: 767px) 89vw, (max-width: 1000px) 54vw, (max-width: 1071px) 543px, 580px\" \/><\/a><\/figure><\/li><\/ul>\n","protected":false},"excerpt":{"rendered":"<p>prezentacja \u201eUmar\u0142ej klasy&#8221; w warszawskiej Stodole (1980). kilka zdj\u0119\u0107, ale. (a mi\u0119dzy nimi: Stasiek M\u0142odo\u017ceniec \u2013 przed czy po spektaklu ;)mr m.<\/p>\n","protected":false},"author":1,"featured_media":1811,"parent":0,"menu_order":3,"comment_status":"closed","ping_status":"open","template":"","meta":{"footnotes":""},"class_list":["post-1810","page","type-page","status-publish","has-post-thumbnail","hentry"],"_links":{"self":[{"href":"https:\/\/pracownia52.pl\/www\/index.php?rest_route=\/wp\/v2\/pages\/1810","targetHints":{"allow":["GET"]}}],"collection":[{"href":"https:\/\/pracownia52.pl\/www\/index.php?rest_route=\/wp\/v2\/pages"}],"about":[{"href":"https:\/\/pracownia52.pl\/www\/index.php?rest_route=\/wp\/v2\/types\/page"}],"author":[{"embeddable":true,"href":"https:\/\/pracownia52.pl\/www\/index.php?rest_route=\/wp\/v2\/users\/1"}],"replies":[{"embeddable":true,"href":"https:\/\/pracownia52.pl\/www\/index.php?rest_route=%2Fwp%2Fv2%2Fcomments&post=1810"}],"version-history":[{"count":9,"href":"https:\/\/pracownia52.pl\/www\/index.php?rest_route=\/wp\/v2\/pages\/1810\/revisions"}],"predecessor-version":[{"id":8389,"href":"https:\/\/pracownia52.pl\/www\/index.php?rest_route=\/wp\/v2\/pages\/1810\/revisions\/8389"}],"wp:featuredmedia":[{"embeddable":true,"href":"https:\/\/pracownia52.pl\/www\/index.php?rest_route=\/wp\/v2\/media\/1811"}],"wp:attachment":[{"href":"https:\/\/pracownia52.pl\/www\/index.php?rest_route=%2Fwp%2Fv2%2Fmedia&parent=1810"}],"curies":[{"name":"wp","href":"https:\/\/api.w.org\/{rel}","templated":true}]}}