{"id":188,"date":"2010-06-11T08:13:29","date_gmt":"2010-06-11T08:13:29","guid":{"rendered":"http:\/\/pracownia52.pl\/www\/?page_id=188"},"modified":"2010-06-13T06:23:42","modified_gmt":"2010-06-13T06:23:42","slug":"dom-plus-szkola-%e2%80%93-fundacja","status":"publish","type":"page","link":"https:\/\/pracownia52.pl\/www\/?page_id=188","title":{"rendered":"Dom Plus Szko\u0142a \u2013 Fundacja"},"content":{"rendered":"<p>logo<br \/>\ncel by\u0142 szczytny; logo \u2013 chyba \u2013 fajne. ale nic z tej wsp\u00f3\u0142pracy nie wysz\u0142o. \u017cycie.<br \/>\n[mrm]<br \/>\n<img loading=\"lazy\" decoding=\"async\" src=\"http:\/\/pracownia52.pl\/www\/wp-content\/uploads\/2010\/06\/dom-plus-szkola-147x300.jpg\" alt=\"\" title=\"dom-plus-szkola\" width=\"147\" height=\"300\" class=\"alignnone size-medium wp-image-190\" \/><\/p>\n","protected":false},"excerpt":{"rendered":"<p>logo cel by\u0142 szczytny; logo \u2013 chyba \u2013 fajne. ale nic z tej wsp\u00f3\u0142pracy nie wysz\u0142o. \u017cycie. [mrm]<\/p>\n","protected":false},"author":1,"featured_media":0,"parent":0,"menu_order":3,"comment_status":"closed","ping_status":"open","template":"","meta":{"footnotes":""},"class_list":["post-188","page","type-page","status-publish","hentry"],"_links":{"self":[{"href":"https:\/\/pracownia52.pl\/www\/index.php?rest_route=\/wp\/v2\/pages\/188","targetHints":{"allow":["GET"]}}],"collection":[{"href":"https:\/\/pracownia52.pl\/www\/index.php?rest_route=\/wp\/v2\/pages"}],"about":[{"href":"https:\/\/pracownia52.pl\/www\/index.php?rest_route=\/wp\/v2\/types\/page"}],"author":[{"embeddable":true,"href":"https:\/\/pracownia52.pl\/www\/index.php?rest_route=\/wp\/v2\/users\/1"}],"replies":[{"embeddable":true,"href":"https:\/\/pracownia52.pl\/www\/index.php?rest_route=%2Fwp%2Fv2%2Fcomments&post=188"}],"version-history":[{"count":6,"href":"https:\/\/pracownia52.pl\/www\/index.php?rest_route=\/wp\/v2\/pages\/188\/revisions"}],"predecessor-version":[{"id":891,"href":"https:\/\/pracownia52.pl\/www\/index.php?rest_route=\/wp\/v2\/pages\/188\/revisions\/891"}],"wp:attachment":[{"href":"https:\/\/pracownia52.pl\/www\/index.php?rest_route=%2Fwp%2Fv2%2Fmedia&parent=188"}],"curies":[{"name":"wp","href":"https:\/\/api.w.org\/{rel}","templated":true}]}}