{"id":2,"date":"2010-06-10T10:38:57","date_gmt":"2010-06-10T10:38:57","guid":{"rendered":"http:\/\/pracownia52.pl\/www\/?page_id=2"},"modified":"2018-12-24T10:35:11","modified_gmt":"2018-12-24T10:35:11","slug":"about","status":"publish","type":"page","link":"https:\/\/pracownia52.pl\/www\/?page_id=2","title":{"rendered":"Dezerter"},"content":{"rendered":"\n<p>wepchn\u0105\u0142em to pierwsze zdjecie, zrobione w Hybrydach, na plakat do (czerwonego jednak bardzo) <a href=\"http:\/\/pracownia52.pl\/www\/?page_id=461\">Magazynu Muzycznego<\/a>, rz\u0105dzonego przez Mariana Butryma, osobna opowie\u015b\u0107; cud liberalizmu p\u00f3\u017anych lat 80. pomys\u0142 na zdj\u0119cie (czarno-bia\u0142e oczywi\u015bcie) by\u0142 Zespo\u0142u; moja jest tylko Paprotka \u2013 bo co to za Prezydium bez niej? p\u00f3\u017aniej kilka razy nieco pomog\u0142em Krzy\u015bkowi Grabowskiemu w przygotowaniu ok\u0142adek (wg jego pomys\u0142\u00f3w, by\u0142 stanowczy, cho\u0107 czasem udawa\u0142o sie go przekona\u0107, na chwil\u0119; dow\u00f3d ni\u017cej)<br \/>\u2013 do druku (MK i CD).<br \/>a to ni\u017cej (koncertowe) to jednak p\u00f3\u017aniejszy <a href=\"http:\/\/pracownia52.pl\/www\/?page_id=232\">jarocin<\/a>: 1985? sprawdzi\u0107\u2026<br \/>mr m.<\/p>\n\n\n\n<ul class=\"wp-block-gallery columns-3 is-cropped wp-block-gallery-1 is-layout-flex wp-block-gallery-is-layout-flex\"><li class=\"blocks-gallery-item\"><figure><a href=\"https:\/\/pracownia52.pl\/www\/wp-content\/uploads\/2010\/06\/dezerter-1000pxl-006-listopad-1987-v700-fot-mr-makowski.jpg\"><img loading=\"lazy\" decoding=\"async\" width=\"1000\" height=\"682\" src=\"https:\/\/pracownia52.pl\/www\/wp-content\/uploads\/2010\/06\/dezerter-1000pxl-006-listopad-1987-v700-fot-mr-makowski.jpg\" alt=\"\" data-id=\"4746\" class=\"wp-image-4746\" srcset=\"https:\/\/pracownia52.pl\/www\/wp-content\/uploads\/2010\/06\/dezerter-1000pxl-006-listopad-1987-v700-fot-mr-makowski.jpg?v=1627123960 1000w, https:\/\/pracownia52.pl\/www\/wp-content\/uploads\/2010\/06\/dezerter-1000pxl-006-listopad-1987-v700-fot-mr-makowski-300x205.jpg?v=1627123960 300w, https:\/\/pracownia52.pl\/www\/wp-content\/uploads\/2010\/06\/dezerter-1000pxl-006-listopad-1987-v700-fot-mr-makowski-768x524.jpg?v=1627123960 768w\" sizes=\"auto, (max-width: 767px) 89vw, (max-width: 1000px) 54vw, (max-width: 1071px) 543px, 580px\" \/><\/a><\/figure><\/li><li class=\"blocks-gallery-item\"><figure><a href=\"https:\/\/pracownia52.pl\/www\/wp-content\/uploads\/2010\/06\/01-dezerter-w.jpg\"><img loading=\"lazy\" decoding=\"async\" width=\"500\" height=\"336\" src=\"https:\/\/pracownia52.pl\/www\/wp-content\/uploads\/2010\/06\/01-dezerter-w.jpg\" alt=\"\" data-id=\"179\" class=\"wp-image-179\" srcset=\"https:\/\/pracownia52.pl\/www\/wp-content\/uploads\/2010\/06\/01-dezerter-w.jpg?v=1627124315 500w, https:\/\/pracownia52.pl\/www\/wp-content\/uploads\/2010\/06\/01-dezerter-w-300x202.jpg?v=1627124315 300w\" sizes=\"auto, (max-width: 500px) 100vw, 500px\" \/><\/a><\/figure><\/li><li class=\"blocks-gallery-item\"><figure><a href=\"https:\/\/pracownia52.pl\/www\/wp-content\/uploads\/2017\/11\/Dezerter-199x-CD-2.jpg\"><img loading=\"lazy\" decoding=\"async\" width=\"1200\" height=\"627\" src=\"https:\/\/pracownia52.pl\/www\/wp-content\/uploads\/2017\/11\/Dezerter-199x-CD-2.jpg\" alt=\"\" data-id=\"7297\" class=\"wp-image-7297\" srcset=\"https:\/\/pracownia52.pl\/www\/wp-content\/uploads\/2017\/11\/Dezerter-199x-CD-2.jpg?v=1627123720 1200w, https:\/\/pracownia52.pl\/www\/wp-content\/uploads\/2017\/11\/Dezerter-199x-CD-2-300x157.jpg?v=1627123720 300w, https:\/\/pracownia52.pl\/www\/wp-content\/uploads\/2017\/11\/Dezerter-199x-CD-2-1024x535.jpg?v=1627123720 1024w, https:\/\/pracownia52.pl\/www\/wp-content\/uploads\/2017\/11\/Dezerter-199x-CD-2-768x401.jpg?v=1627123720 768w\" sizes=\"auto, (max-width: 767px) 89vw, (max-width: 1000px) 54vw, (max-width: 1071px) 543px, 580px\" \/><\/a><\/figure><\/li><li class=\"blocks-gallery-item\"><figure><a href=\"https:\/\/pracownia52.pl\/www\/wp-content\/uploads\/2010\/06\/dezerter-jarocin-1986-lub.jpg\"><img loading=\"lazy\" decoding=\"async\" width=\"800\" height=\"555\" src=\"https:\/\/pracownia52.pl\/www\/wp-content\/uploads\/2010\/06\/dezerter-jarocin-1986-lub.jpg\" alt=\"\" data-id=\"4730\" class=\"wp-image-4730\" srcset=\"https:\/\/pracownia52.pl\/www\/wp-content\/uploads\/2010\/06\/dezerter-jarocin-1986-lub.jpg?v=1627123961 800w, https:\/\/pracownia52.pl\/www\/wp-content\/uploads\/2010\/06\/dezerter-jarocin-1986-lub-300x208.jpg?v=1627123961 300w, https:\/\/pracownia52.pl\/www\/wp-content\/uploads\/2010\/06\/dezerter-jarocin-1986-lub-768x533.jpg?v=1627123961 768w\" sizes=\"auto, (max-width: 767px) 89vw, (max-width: 1000px) 54vw, (max-width: 1071px) 543px, 580px\" \/><\/a><\/figure><\/li><\/ul>\n","protected":false},"excerpt":{"rendered":"<p>wepchn\u0105\u0142em to pierwsze zdjecie, zrobione w Hybrydach, na plakat do (czerwonego jednak bardzo) Magazynu Muzycznego, rz\u0105dzonego przez Mariana Butryma, osobna opowie\u015b\u0107; cud liberalizmu p\u00f3\u017anych lat 80. pomys\u0142 na zdj\u0119cie (czarno-bia\u0142e oczywi\u015bcie) by\u0142 Zespo\u0142u; moja jest tylko Paprotka \u2013 bo co to za Prezydium bez niej? p\u00f3\u017aniej kilka razy nieco pomog\u0142em Krzy\u015bkowi Grabowskiemu w przygotowaniu ok\u0142adek &hellip; <\/p>\n<p class=\"link-more\"><a href=\"https:\/\/pracownia52.pl\/www\/?page_id=2\" class=\"more-link\">Czytaj dalej<span class=\"screen-reader-text\"> \u201eDezerter\u201d<\/span><\/a><\/p>\n","protected":false},"author":1,"featured_media":0,"parent":0,"menu_order":0,"comment_status":"open","ping_status":"open","template":"","meta":{"footnotes":""},"class_list":["post-2","page","type-page","status-publish","hentry"],"_links":{"self":[{"href":"https:\/\/pracownia52.pl\/www\/index.php?rest_route=\/wp\/v2\/pages\/2","targetHints":{"allow":["GET"]}}],"collection":[{"href":"https:\/\/pracownia52.pl\/www\/index.php?rest_route=\/wp\/v2\/pages"}],"about":[{"href":"https:\/\/pracownia52.pl\/www\/index.php?rest_route=\/wp\/v2\/types\/page"}],"author":[{"embeddable":true,"href":"https:\/\/pracownia52.pl\/www\/index.php?rest_route=\/wp\/v2\/users\/1"}],"replies":[{"embeddable":true,"href":"https:\/\/pracownia52.pl\/www\/index.php?rest_route=%2Fwp%2Fv2%2Fcomments&post=2"}],"version-history":[{"count":24,"href":"https:\/\/pracownia52.pl\/www\/index.php?rest_route=\/wp\/v2\/pages\/2\/revisions"}],"predecessor-version":[{"id":8201,"href":"https:\/\/pracownia52.pl\/www\/index.php?rest_route=\/wp\/v2\/pages\/2\/revisions\/8201"}],"wp:attachment":[{"href":"https:\/\/pracownia52.pl\/www\/index.php?rest_route=%2Fwp%2Fv2%2Fmedia&parent=2"}],"curies":[{"name":"wp","href":"https:\/\/api.w.org\/{rel}","templated":true}]}}