{"id":212,"date":"2010-06-11T08:24:37","date_gmt":"2010-06-11T08:24:37","guid":{"rendered":"http:\/\/pracownia52.pl\/www\/?page_id=212"},"modified":"2010-06-13T06:25:20","modified_gmt":"2010-06-13T06:25:20","slug":"egmont","status":"publish","type":"page","link":"https:\/\/pracownia52.pl\/www\/?page_id=212","title":{"rendered":"Egmont"},"content":{"rendered":"<p>ok\u0142adki do 2 bodaj ksi\u0105\u017cek. polonizowali\u015bmy te\u017c dla nich \u201eKr\u00f3lika Bugsa\u201d \u2013 zabawny, nie taki ca\u0142kiem g\u0142upi komiks, kt\u00f3ry jednak przegra\u0142 z \u201eKaczorem Donaldem\u201d. i kilka poczt\u00f3wek, w masowym nak\u0142adzie.<br \/>\n[mrm]<\/p>\n","protected":false},"excerpt":{"rendered":"<p>ok\u0142adki do 2 bodaj ksi\u0105\u017cek. polonizowali\u015bmy te\u017c dla nich \u201eKr\u00f3lika Bugsa\u201d \u2013 zabawny, nie taki ca\u0142kiem g\u0142upi komiks, kt\u00f3ry jednak przegra\u0142 z \u201eKaczorem Donaldem\u201d. i kilka poczt\u00f3wek, w masowym nak\u0142adzie. [mrm]<\/p>\n","protected":false},"author":1,"featured_media":0,"parent":0,"menu_order":3,"comment_status":"closed","ping_status":"open","template":"","meta":{"footnotes":""},"class_list":["post-212","page","type-page","status-publish","hentry"],"_links":{"self":[{"href":"https:\/\/pracownia52.pl\/www\/index.php?rest_route=\/wp\/v2\/pages\/212","targetHints":{"allow":["GET"]}}],"collection":[{"href":"https:\/\/pracownia52.pl\/www\/index.php?rest_route=\/wp\/v2\/pages"}],"about":[{"href":"https:\/\/pracownia52.pl\/www\/index.php?rest_route=\/wp\/v2\/types\/page"}],"author":[{"embeddable":true,"href":"https:\/\/pracownia52.pl\/www\/index.php?rest_route=\/wp\/v2\/users\/1"}],"replies":[{"embeddable":true,"href":"https:\/\/pracownia52.pl\/www\/index.php?rest_route=%2Fwp%2Fv2%2Fcomments&post=212"}],"version-history":[{"count":4,"href":"https:\/\/pracownia52.pl\/www\/index.php?rest_route=\/wp\/v2\/pages\/212\/revisions"}],"predecessor-version":[{"id":896,"href":"https:\/\/pracownia52.pl\/www\/index.php?rest_route=\/wp\/v2\/pages\/212\/revisions\/896"}],"wp:attachment":[{"href":"https:\/\/pracownia52.pl\/www\/index.php?rest_route=%2Fwp%2Fv2%2Fmedia&parent=212"}],"curies":[{"name":"wp","href":"https:\/\/api.w.org\/{rel}","templated":true}]}}