{"id":2209,"date":"2010-06-23T11:51:40","date_gmt":"2010-06-23T11:51:40","guid":{"rendered":"http:\/\/pracownia52.pl\/www\/?page_id=2209"},"modified":"2019-01-10T11:59:26","modified_gmt":"2019-01-10T11:59:26","slug":"dorota-wnuk","status":"publish","type":"page","link":"https:\/\/pracownia52.pl\/www\/?page_id=2209","title":{"rendered":"Dorota Wnuk"},"content":{"rendered":"\n<figure class=\"wp-block-image\"><img loading=\"lazy\" decoding=\"async\" width=\"650\" height=\"426\" src=\"http:\/\/pracownia52.pl\/www\/wp-content\/uploads\/2010\/06\/low-11-zoom-wanna-stM-005-01mod-MM.jpg\" alt=\"low-11-zoom-wanna-stM-005-01mod-MM\" class=\"wp-image-4430\" srcset=\"https:\/\/pracownia52.pl\/www\/wp-content\/uploads\/2010\/06\/low-11-zoom-wanna-stM-005-01mod-MM.jpg?v=1627124027 650w, https:\/\/pracownia52.pl\/www\/wp-content\/uploads\/2010\/06\/low-11-zoom-wanna-stM-005-01mod-MM-300x197.jpg?v=1627124027 300w\" sizes=\"auto, (max-width: 650px) 100vw, 650px\" \/><\/figure>\n\n\n\n<p>zdj\u0119cia z ko\u0144ca 70. i pocz. lat 80. patrz te\u017c: <a href=\"https:\/\/pracownia52.pl\/www\/?s=Daniel+Wnuk\"><strong>Daniel Wnuk<\/strong><\/a>, <a href=\"https:\/\/pracownia52.pl\/www\/?page_id=2228\"><strong>Stanis\u0142aw M\u0142odo\u017ceniec<\/strong><\/a>, inni\u2026<br \/>mr m.<br \/>ps.<br \/>a uaktualnienie, uzupe\u0142nienie raczej \u2013 <a href=\"http:\/\/ooops.pl\/?p=30728\"><strong>tam<\/strong><\/a>.<br \/><\/p>\n\n\n\n<figure class=\"wp-block-image\"><img loading=\"lazy\" decoding=\"async\" width=\"1024\" height=\"681\" src=\"https:\/\/pracownia52.pl\/www\/wp-content\/uploads\/2019\/01\/001-1979-lub-80-Dorota-Wnuk-fot-mr-makowski-909-1024x681.jpg\" alt=\"\" class=\"wp-image-8714\" srcset=\"https:\/\/pracownia52.pl\/www\/wp-content\/uploads\/2019\/01\/001-1979-lub-80-Dorota-Wnuk-fot-mr-makowski-909-1024x681.jpg?v=1627123646 1024w, https:\/\/pracownia52.pl\/www\/wp-content\/uploads\/2019\/01\/001-1979-lub-80-Dorota-Wnuk-fot-mr-makowski-909-300x200.jpg?v=1627123646 300w, https:\/\/pracownia52.pl\/www\/wp-content\/uploads\/2019\/01\/001-1979-lub-80-Dorota-Wnuk-fot-mr-makowski-909-768x511.jpg?v=1627123646 768w, https:\/\/pracownia52.pl\/www\/wp-content\/uploads\/2019\/01\/001-1979-lub-80-Dorota-Wnuk-fot-mr-makowski-909.jpg?v=1627123646 1200w\" sizes=\"auto, (max-width: 767px) 89vw, (max-width: 1000px) 54vw, (max-width: 1071px) 543px, 580px\" \/><\/figure>\n\n\n\n<ul class=\"wp-block-gallery columns-3 is-cropped wp-block-gallery-1 is-layout-flex wp-block-gallery-is-layout-flex\"><li class=\"blocks-gallery-item\"><figure><a href=\"https:\/\/pracownia52.pl\/www\/wp-content\/uploads\/2010\/06\/004-dorota-wnuk-end70-0015.jpg\"><img loading=\"lazy\" decoding=\"async\" width=\"500\" height=\"338\" src=\"https:\/\/pracownia52.pl\/www\/wp-content\/uploads\/2010\/06\/004-dorota-wnuk-end70-0015.jpg\" alt=\"\" data-id=\"2214\" class=\"wp-image-2214\" srcset=\"https:\/\/pracownia52.pl\/www\/wp-content\/uploads\/2010\/06\/004-dorota-wnuk-end70-0015.jpg?v=1627124219 500w, https:\/\/pracownia52.pl\/www\/wp-content\/uploads\/2010\/06\/004-dorota-wnuk-end70-0015-300x203.jpg?v=1627124219 300w\" sizes=\"auto, (max-width: 500px) 100vw, 500px\" \/><\/a><\/figure><\/li><li class=\"blocks-gallery-item\"><figure><a href=\"https:\/\/pracownia52.pl\/www\/wp-content\/uploads\/2010\/06\/006-dorota-wnuk-end70-0001.jpg\"><img loading=\"lazy\" decoding=\"async\" width=\"500\" height=\"338\" src=\"https:\/\/pracownia52.pl\/www\/wp-content\/uploads\/2010\/06\/006-dorota-wnuk-end70-0001.jpg\" alt=\"\" data-id=\"2215\" class=\"wp-image-2215\" srcset=\"https:\/\/pracownia52.pl\/www\/wp-content\/uploads\/2010\/06\/006-dorota-wnuk-end70-0001.jpg?v=1627124218 500w, https:\/\/pracownia52.pl\/www\/wp-content\/uploads\/2010\/06\/006-dorota-wnuk-end70-0001-300x203.jpg?v=1627124218 300w\" sizes=\"auto, (max-width: 500px) 100vw, 500px\" \/><\/a><\/figure><\/li><li class=\"blocks-gallery-item\"><figure><a href=\"https:\/\/pracownia52.pl\/www\/wp-content\/uploads\/2010\/06\/011-dorota-wnuk-end70-0006.jpg\"><img loading=\"lazy\" decoding=\"async\" width=\"500\" height=\"338\" src=\"https:\/\/pracownia52.pl\/www\/wp-content\/uploads\/2010\/06\/011-dorota-wnuk-end70-0006.jpg\" alt=\"\" data-id=\"2216\" class=\"wp-image-2216\" srcset=\"https:\/\/pracownia52.pl\/www\/wp-content\/uploads\/2010\/06\/011-dorota-wnuk-end70-0006.jpg?v=1627124218 500w, https:\/\/pracownia52.pl\/www\/wp-content\/uploads\/2010\/06\/011-dorota-wnuk-end70-0006-300x203.jpg?v=1627124218 300w\" sizes=\"auto, (max-width: 500px) 100vw, 500px\" \/><\/a><\/figure><\/li><li class=\"blocks-gallery-item\"><figure><a href=\"https:\/\/pracownia52.pl\/www\/wp-content\/uploads\/2010\/06\/016-dorota-wnuk-end70-0011.jpg\"><img loading=\"lazy\" decoding=\"async\" width=\"500\" height=\"338\" src=\"https:\/\/pracownia52.pl\/www\/wp-content\/uploads\/2010\/06\/016-dorota-wnuk-end70-0011.jpg\" alt=\"\" data-id=\"2217\" class=\"wp-image-2217\" srcset=\"https:\/\/pracownia52.pl\/www\/wp-content\/uploads\/2010\/06\/016-dorota-wnuk-end70-0011.jpg?v=1627124218 500w, https:\/\/pracownia52.pl\/www\/wp-content\/uploads\/2010\/06\/016-dorota-wnuk-end70-0011-300x203.jpg?v=1627124218 300w\" sizes=\"auto, (max-width: 500px) 100vw, 500px\" \/><\/a><\/figure><\/li><li class=\"blocks-gallery-item\"><figure><a href=\"https:\/\/pracownia52.pl\/www\/wp-content\/uploads\/2010\/06\/015-dorota-wnuk-end70-0010.jpg\"><img loading=\"lazy\" decoding=\"async\" width=\"700\" height=\"473\" src=\"https:\/\/pracownia52.pl\/www\/wp-content\/uploads\/2010\/06\/015-dorota-wnuk-end70-0010.jpg\" alt=\"\" data-id=\"2218\" class=\"wp-image-2218\" srcset=\"https:\/\/pracownia52.pl\/www\/wp-content\/uploads\/2010\/06\/015-dorota-wnuk-end70-0010.jpg?v=1627124218 700w, https:\/\/pracownia52.pl\/www\/wp-content\/uploads\/2010\/06\/015-dorota-wnuk-end70-0010-300x203.jpg?v=1627124218 300w\" sizes=\"auto, (max-width: 700px) 100vw, 700px\" \/><\/a><\/figure><\/li><li class=\"blocks-gallery-item\"><figure><a href=\"https:\/\/pracownia52.pl\/www\/wp-content\/uploads\/2010\/06\/007-dorota-wnuk-end70-0002.jpg\"><img loading=\"lazy\" decoding=\"async\" width=\"500\" height=\"338\" src=\"https:\/\/pracownia52.pl\/www\/wp-content\/uploads\/2010\/06\/007-dorota-wnuk-end70-0002.jpg\" alt=\"\" data-id=\"2219\" class=\"wp-image-2219\" srcset=\"https:\/\/pracownia52.pl\/www\/wp-content\/uploads\/2010\/06\/007-dorota-wnuk-end70-0002.jpg?v=1627124218 500w, https:\/\/pracownia52.pl\/www\/wp-content\/uploads\/2010\/06\/007-dorota-wnuk-end70-0002-300x203.jpg?v=1627124218 300w\" sizes=\"auto, (max-width: 500px) 100vw, 500px\" \/><\/a><\/figure><\/li><\/ul>\n\n\n\n<figure class=\"wp-block-image\"><img loading=\"lazy\" decoding=\"async\" width=\"650\" height=\"449\" src=\"http:\/\/pracownia52.pl\/www\/wp-content\/uploads\/2010\/06\/dorota-w-80marszalkowsk-mn.jpg\" alt=\"\" class=\"wp-image-2211\" srcset=\"https:\/\/pracownia52.pl\/www\/wp-content\/uploads\/2010\/06\/dorota-w-80marszalkowsk-mn.jpg?v=1627124219 650w, https:\/\/pracownia52.pl\/www\/wp-content\/uploads\/2010\/06\/dorota-w-80marszalkowsk-mn-300x207.jpg?v=1627124219 300w\" sizes=\"auto, (max-width: 650px) 100vw, 650px\" \/><\/figure>\n","protected":false},"excerpt":{"rendered":"<p>zdj\u0119cia z ko\u0144ca 70. i pocz. lat 80. patrz te\u017c: Daniel Wnuk, Stanis\u0142aw M\u0142odo\u017ceniec, inni\u2026mr m.ps.a uaktualnienie, uzupe\u0142nienie raczej \u2013 tam.<\/p>\n","protected":false},"author":1,"featured_media":0,"parent":0,"menu_order":3,"comment_status":"closed","ping_status":"open","template":"","meta":{"footnotes":""},"class_list":["post-2209","page","type-page","status-publish","hentry"],"_links":{"self":[{"href":"https:\/\/pracownia52.pl\/www\/index.php?rest_route=\/wp\/v2\/pages\/2209","targetHints":{"allow":["GET"]}}],"collection":[{"href":"https:\/\/pracownia52.pl\/www\/index.php?rest_route=\/wp\/v2\/pages"}],"about":[{"href":"https:\/\/pracownia52.pl\/www\/index.php?rest_route=\/wp\/v2\/types\/page"}],"author":[{"embeddable":true,"href":"https:\/\/pracownia52.pl\/www\/index.php?rest_route=\/wp\/v2\/users\/1"}],"replies":[{"embeddable":true,"href":"https:\/\/pracownia52.pl\/www\/index.php?rest_route=%2Fwp%2Fv2%2Fcomments&post=2209"}],"version-history":[{"count":14,"href":"https:\/\/pracownia52.pl\/www\/index.php?rest_route=\/wp\/v2\/pages\/2209\/revisions"}],"predecessor-version":[{"id":8716,"href":"https:\/\/pracownia52.pl\/www\/index.php?rest_route=\/wp\/v2\/pages\/2209\/revisions\/8716"}],"wp:attachment":[{"href":"https:\/\/pracownia52.pl\/www\/index.php?rest_route=%2Fwp%2Fv2%2Fmedia&parent=2209"}],"curies":[{"name":"wp","href":"https:\/\/api.w.org\/{rel}","templated":true}]}}