{"id":2228,"date":"2010-06-23T12:06:24","date_gmt":"2010-06-23T12:06:24","guid":{"rendered":"http:\/\/pracownia52.pl\/www\/?page_id=2228"},"modified":"2019-02-21T16:21:45","modified_gmt":"2019-02-21T16:21:45","slug":"stanislaw-mlodozeniec","status":"publish","type":"page","link":"https:\/\/pracownia52.pl\/www\/?page_id=2228","title":{"rendered":"Stanis\u0142aw M\u0142odo\u017ceniec"},"content":{"rendered":"\n<p>koniec 70. i pocz. 80. zob. te\u017c: <a href=\"http:\/\/pracownia52.pl\/www\/?page_id=2222\"><strong>Ewa Biejat<\/strong><\/a>, <a href=\"https:\/\/pracownia52.pl\/www\/?s=Daniel+Wnuk\"><strong>Daniel Wnuk<\/strong><\/a>, <a href=\"http:\/\/pracownia52.pl\/www\/?page_id=668\">re-repassage<\/a>\u2026<br \/>mr m.<br \/>a uaktualnienie, uzupe\u0142nienie raczej \u2013 <a href=\"http:\/\/ooops.pl\/?p=30728\"><strong>tam<\/strong><\/a>.<br \/><\/p>\n\n\n\n<ul class=\"wp-block-gallery columns-2 is-cropped wp-block-gallery-1 is-layout-flex wp-block-gallery-is-layout-flex\"><li class=\"blocks-gallery-item\"><figure><a href=\"http:\/\/pracownia52.pl\/www\/wp-content\/uploads\/2010\/06\/St-mlod-X-82-wawr-02.jpg\"><img loading=\"lazy\" decoding=\"async\" width=\"500\" height=\"344\" src=\"http:\/\/pracownia52.pl\/www\/wp-content\/uploads\/2010\/06\/St-mlod-X-82-wawr-02.jpg\" alt=\"\" data-id=\"2237\" class=\"wp-image-2237\" srcset=\"https:\/\/pracownia52.pl\/www\/wp-content\/uploads\/2010\/06\/St-mlod-X-82-wawr-02.jpg?v=1627124217 500w, https:\/\/pracownia52.pl\/www\/wp-content\/uploads\/2010\/06\/St-mlod-X-82-wawr-02-300x206.jpg?v=1627124217 300w\" sizes=\"auto, (max-width: 500px) 100vw, 500px\" \/><\/a><\/figure><\/li><li class=\"blocks-gallery-item\"><figure><a href=\"http:\/\/pracownia52.pl\/www\/wp-content\/uploads\/2010\/06\/sm-wanna-80-marszalk.jpg\"><img loading=\"lazy\" decoding=\"async\" width=\"500\" height=\"346\" src=\"http:\/\/pracownia52.pl\/www\/wp-content\/uploads\/2010\/06\/sm-wanna-80-marszalk.jpg\" alt=\"\" data-id=\"2232\" class=\"wp-image-2232\" srcset=\"https:\/\/pracownia52.pl\/www\/wp-content\/uploads\/2010\/06\/sm-wanna-80-marszalk.jpg?v=1627124217 500w, https:\/\/pracownia52.pl\/www\/wp-content\/uploads\/2010\/06\/sm-wanna-80-marszalk-300x208.jpg?v=1627124217 300w\" sizes=\"auto, (max-width: 500px) 100vw, 500px\" \/><\/a><\/figure><\/li><\/ul>\n\n\n\n<figure class=\"wp-block-image\"><img loading=\"lazy\" decoding=\"async\" width=\"500\" height=\"345\" src=\"http:\/\/pracownia52.pl\/www\/wp-content\/uploads\/2010\/06\/stasia-wystawa-79-80.jpg\" alt=\"\" class=\"wp-image-2236\" srcset=\"https:\/\/pracownia52.pl\/www\/wp-content\/uploads\/2010\/06\/stasia-wystawa-79-80.jpg?v=1627124217 500w, https:\/\/pracownia52.pl\/www\/wp-content\/uploads\/2010\/06\/stasia-wystawa-79-80-300x207.jpg?v=1627124217 300w\" sizes=\"auto, (max-width: 500px) 100vw, 500px\" \/><\/figure>\n\n\n\n<p>i jeszcze, znaleziona w starych negatywach, niestety tylko czarno-bia\u0142a reprodukcja obrazu StM, kt\u00f3ry znalaz\u0142 si\u0119 na zdj\u0119ciu (a p\u00f3\u017cniej na p\u0142ytach) grupy <strong><a href=\"https:\/\/pracownia52.pl\/www\/?page_id=416\">KRZAK<\/a><\/strong>. Ot, taka ciekawostka. Jak kto\u015b wie, gdzie wisi orygina\u0142 \u2013 poprosz\u0119 o info.<br \/>mr m.<\/p>\n\n\n\n<figure class=\"wp-block-image\"><a href=\"https:\/\/pracownia52.pl\/www\/wp-content\/uploads\/2018\/12\/KRZAK-repr-okl-do-CD-292-foto-proj-mr-makowski-1024x643.jpg\"><img decoding=\"async\" src=\"https:\/\/pracownia52.pl\/www\/wp-content\/uploads\/2019\/02\/01-obraz-1981-St-Mlodozeniec-prace-fot-mr-makowski-287-1024x699.jpg\" alt=\"\" class=\"wp-image-9091\"\/><\/a><\/figure>\n","protected":false},"excerpt":{"rendered":"<p>koniec 70. i pocz. 80. zob. te\u017c: Ewa Biejat, Daniel Wnuk, re-repassage\u2026mr m.a uaktualnienie, uzupe\u0142nienie raczej \u2013 tam. i jeszcze, znaleziona w starych negatywach, niestety tylko czarno-bia\u0142a reprodukcja obrazu StM, kt\u00f3ry znalaz\u0142 si\u0119 na zdj\u0119ciu (a p\u00f3\u017cniej na p\u0142ytach) grupy KRZAK. Ot, taka ciekawostka. Jak kto\u015b wie, gdzie wisi orygina\u0142 \u2013 poprosz\u0119 o info.mr m.<\/p>\n","protected":false},"author":1,"featured_media":9088,"parent":0,"menu_order":3,"comment_status":"closed","ping_status":"open","template":"","meta":{"footnotes":""},"class_list":["post-2228","page","type-page","status-publish","has-post-thumbnail","hentry"],"_links":{"self":[{"href":"https:\/\/pracownia52.pl\/www\/index.php?rest_route=\/wp\/v2\/pages\/2228","targetHints":{"allow":["GET"]}}],"collection":[{"href":"https:\/\/pracownia52.pl\/www\/index.php?rest_route=\/wp\/v2\/pages"}],"about":[{"href":"https:\/\/pracownia52.pl\/www\/index.php?rest_route=\/wp\/v2\/types\/page"}],"author":[{"embeddable":true,"href":"https:\/\/pracownia52.pl\/www\/index.php?rest_route=\/wp\/v2\/users\/1"}],"replies":[{"embeddable":true,"href":"https:\/\/pracownia52.pl\/www\/index.php?rest_route=%2Fwp%2Fv2%2Fcomments&post=2228"}],"version-history":[{"count":18,"href":"https:\/\/pracownia52.pl\/www\/index.php?rest_route=\/wp\/v2\/pages\/2228\/revisions"}],"predecessor-version":[{"id":9098,"href":"https:\/\/pracownia52.pl\/www\/index.php?rest_route=\/wp\/v2\/pages\/2228\/revisions\/9098"}],"wp:featuredmedia":[{"embeddable":true,"href":"https:\/\/pracownia52.pl\/www\/index.php?rest_route=\/wp\/v2\/media\/9088"}],"wp:attachment":[{"href":"https:\/\/pracownia52.pl\/www\/index.php?rest_route=%2Fwp%2Fv2%2Fmedia&parent=2228"}],"curies":[{"name":"wp","href":"https:\/\/api.w.org\/{rel}","templated":true}]}}