{"id":2247,"date":"2010-06-23T13:46:31","date_gmt":"2010-06-23T13:46:31","guid":{"rendered":"http:\/\/pracownia52.pl\/www\/?page_id=2247"},"modified":"2019-02-16T16:13:00","modified_gmt":"2019-02-16T16:13:00","slug":"gabriela-kownacka","status":"publish","type":"page","link":"https:\/\/pracownia52.pl\/www\/?page_id=2247","title":{"rendered":"Gabriela Kownacka"},"content":{"rendered":"\n<p>kilka zdj\u0119\u0107 z ko\u0144ca lat 70.<br \/>mr m.<br \/> <\/p>\n\n\n\n<ul class=\"wp-block-gallery columns-2 is-cropped wp-block-gallery-1 is-layout-flex wp-block-gallery-is-layout-flex\"><li class=\"blocks-gallery-item\"><figure><img loading=\"lazy\" decoding=\"async\" width=\"802\" height=\"800\" src=\"http:\/\/pracownia52.pl\/www\/wp-content\/uploads\/2010\/06\/gabr-kownacka-1978-low-10m.jpg\" alt=\"\" data-id=\"2251\" class=\"wp-image-2251\" srcset=\"https:\/\/pracownia52.pl\/www\/wp-content\/uploads\/2010\/06\/gabr-kownacka-1978-low-10m.jpg?v=1627124216 802w, https:\/\/pracownia52.pl\/www\/wp-content\/uploads\/2010\/06\/gabr-kownacka-1978-low-10m-300x300.jpg?v=1627124216 300w, https:\/\/pracownia52.pl\/www\/wp-content\/uploads\/2010\/06\/gabr-kownacka-1978-low-10m-150x150.jpg?v=1627124216 150w, https:\/\/pracownia52.pl\/www\/wp-content\/uploads\/2010\/06\/gabr-kownacka-1978-low-10m-768x766.jpg?v=1627124216 768w, https:\/\/pracownia52.pl\/www\/wp-content\/uploads\/2010\/06\/gabr-kownacka-1978-low-10m-75x75.jpg?v=1627124216 75w\" sizes=\"auto, (max-width: 767px) 89vw, (max-width: 1000px) 54vw, (max-width: 1071px) 543px, 580px\" \/><\/figure><\/li><li class=\"blocks-gallery-item\"><figure><img loading=\"lazy\" decoding=\"async\" width=\"800\" height=\"791\" src=\"http:\/\/pracownia52.pl\/www\/wp-content\/uploads\/2010\/06\/gabr-kownacka-1978-low-02-m8.jpg\" alt=\"\" data-id=\"2249\" class=\"wp-image-2249\" srcset=\"https:\/\/pracownia52.pl\/www\/wp-content\/uploads\/2010\/06\/gabr-kownacka-1978-low-02-m8.jpg?v=1627124217 800w, https:\/\/pracownia52.pl\/www\/wp-content\/uploads\/2010\/06\/gabr-kownacka-1978-low-02-m8-300x297.jpg?v=1627124217 300w, https:\/\/pracownia52.pl\/www\/wp-content\/uploads\/2010\/06\/gabr-kownacka-1978-low-02-m8-768x759.jpg?v=1627124217 768w, https:\/\/pracownia52.pl\/www\/wp-content\/uploads\/2010\/06\/gabr-kownacka-1978-low-02-m8-75x75.jpg?v=1627124217 75w\" sizes=\"auto, (max-width: 767px) 89vw, (max-width: 1000px) 54vw, (max-width: 1071px) 543px, 580px\" \/><\/figure><\/li><\/ul>\n","protected":false},"excerpt":{"rendered":"<p>kilka zdj\u0119\u0107 z ko\u0144ca lat 70.mr m.<\/p>\n","protected":false},"author":1,"featured_media":0,"parent":0,"menu_order":3,"comment_status":"closed","ping_status":"open","template":"","meta":{"footnotes":""},"class_list":["post-2247","page","type-page","status-publish","hentry"],"_links":{"self":[{"href":"https:\/\/pracownia52.pl\/www\/index.php?rest_route=\/wp\/v2\/pages\/2247","targetHints":{"allow":["GET"]}}],"collection":[{"href":"https:\/\/pracownia52.pl\/www\/index.php?rest_route=\/wp\/v2\/pages"}],"about":[{"href":"https:\/\/pracownia52.pl\/www\/index.php?rest_route=\/wp\/v2\/types\/page"}],"author":[{"embeddable":true,"href":"https:\/\/pracownia52.pl\/www\/index.php?rest_route=\/wp\/v2\/users\/1"}],"replies":[{"embeddable":true,"href":"https:\/\/pracownia52.pl\/www\/index.php?rest_route=%2Fwp%2Fv2%2Fcomments&post=2247"}],"version-history":[{"count":8,"href":"https:\/\/pracownia52.pl\/www\/index.php?rest_route=\/wp\/v2\/pages\/2247\/revisions"}],"predecessor-version":[{"id":9050,"href":"https:\/\/pracownia52.pl\/www\/index.php?rest_route=\/wp\/v2\/pages\/2247\/revisions\/9050"}],"wp:attachment":[{"href":"https:\/\/pracownia52.pl\/www\/index.php?rest_route=%2Fwp%2Fv2%2Fmedia&parent=2247"}],"curies":[{"name":"wp","href":"https:\/\/api.w.org\/{rel}","templated":true}]}}

<p>kilka zdjęć z końca lat 70.<br />mr m.<br /> </p>



<ul class="wp-block-gallery columns-2 is-cropped wp-block-gallery-1 is-layout-flex wp-block-gallery-is-layout-flex"><li class="blocks-gallery-item"><figure><img loading="lazy" decoding="async" width="802" height="800" src="http://pracownia52.pl/www/wp-content/uploads/2010/06/gabr-kownacka-1978-low-10m.jpg" alt="" data-id="2251" class="wp-image-2251" srcset="https://pracownia52.pl/www/wp-content/uploads/2010/06/gabr-kownacka-1978-low-10m.jpg?v=1627124216 802w, https://pracownia52.pl/www/wp-content/uploads/2010/06/gabr-kownacka-1978-low-10m-300x300.jpg?v=1627124216 300w, https://pracownia52.pl/www/wp-content/uploads/2010/06/gabr-kownacka-1978-low-10m-150x150.jpg?v=1627124216 150w, https://pracownia52.pl/www/wp-content/uploads/2010/06/gabr-kownacka-1978-low-10m-768x766.jpg?v=1627124216 768w, https://pracownia52.pl/www/wp-content/uploads/2010/06/gabr-kownacka-1978-low-10m-75x75.jpg?v=1627124216 75w" sizes="auto, (max-width: 767px) 89vw, (max-width: 1000px) 54vw, (max-width: 1071px) 543px, 580px" /></figure></li><li class="blocks-gallery-item"><figure><img loading="lazy" decoding="async" width="800" height="791" src="http://pracownia52.pl/www/wp-content/uploads/2010/06/gabr-kownacka-1978-low-02-m8.jpg" alt="" data-id="2249" class="wp-image-2249" srcset="https://pracownia52.pl/www/wp-content/uploads/2010/06/gabr-kownacka-1978-low-02-m8.jpg?v=1627124217 800w, https://pracownia52.pl/www/wp-content/uploads/2010/06/gabr-kownacka-1978-low-02-m8-300x297.jpg?v=1627124217 300w, https://pracownia52.pl/www/wp-content/uploads/2010/06/gabr-kownacka-1978-low-02-m8-768x759.jpg?v=1627124217 768w, https://pracownia52.pl/www/wp-content/uploads/2010/06/gabr-kownacka-1978-low-02-m8-75x75.jpg?v=1627124217 75w" sizes="auto, (max-width: 767px) 89vw, (max-width: 1000px) 54vw, (max-width: 1071px) 543px, 580px" /></figure></li></ul>

<p>kilka zdjęć z końca lat 70.mr m.</p>
