{"id":255,"date":"2010-06-11T08:58:08","date_gmt":"2010-06-11T08:58:08","guid":{"rendered":"http:\/\/pracownia52.pl\/www\/?page_id=255"},"modified":"2017-10-16T05:06:28","modified_gmt":"2017-10-16T05:06:28","slug":"gazeta-lekarska","status":"publish","type":"page","link":"https:\/\/pracownia52.pl\/www\/?page_id=255","title":{"rendered":"Gazeta Lekarska"},"content":{"rendered":"<p>P\u00f3\u017ane lata 90. (XX wieku). Pocz\u0105tki powa\u017cnego photoshopa, lepsze komputery\u2026<br \/>\nRobi\u0142em tam ok\u0142adki, projekt uk\u0142adu, nowe logo, te\u017c taka og\u00f3lna opieka projektowa.<br \/>\nlubi\u0142em te ok\u0142adki (cho\u0107 to czasem <em>memy<\/em> by\u0142y, jak to dzi\u015b\u2026), cz\u0119sto jednak przychodzi\u0142 kto\u015b \u2013 i pyta\u0142: dlaczego nie tomograf. dlaczego nie dajemy zdj\u0119\u0107 z przeszczepu w\u0105troby? nowej sali operacyjnej? perforacji jelita?<br \/>\ndziwni ludzie \u2013 lekarze. co\u015b pomi\u0119dzy mechanikiem samochodowym a zaklinaczem w\u0119\u017cy.<br \/>\nmr m.<br \/>\n<div id='gallery-1' class='gallery galleryid-255 gallery-columns-3 gallery-size-thumbnail'><figure class='gallery-item'>\n\t\t\t<div class='gallery-icon portrait'>\n\t\t\t\t<img loading=\"lazy\" decoding=\"async\" width=\"150\" height=\"150\" src=\"https:\/\/pracownia52.pl\/www\/wp-content\/uploads\/2010\/06\/GL-11-1997-1mn-150x150.jpg?v=1765274511\" class=\"attachment-thumbnail size-thumbnail\" alt=\"\" srcset=\"https:\/\/pracownia52.pl\/www\/wp-content\/uploads\/2010\/06\/GL-11-1997-1mn-150x150.jpg?v=1765274511 150w, https:\/\/pracownia52.pl\/www\/wp-content\/uploads\/2010\/06\/GL-11-1997-1mn-100x100.jpg?v=1765274511 100w\" sizes=\"auto, 100vw\" \/>\n\t\t\t<\/div><\/figure><figure class='gallery-item'>\n\t\t\t<div class='gallery-icon landscape'>\n\t\t\t\t<img loading=\"lazy\" decoding=\"async\" width=\"150\" height=\"150\" src=\"https:\/\/pracownia52.pl\/www\/wp-content\/uploads\/2010\/06\/gl-do-okl-6-97-anatomia-150x150.jpg?v=1765274460\" class=\"attachment-thumbnail size-thumbnail\" alt=\"\" srcset=\"https:\/\/pracownia52.pl\/www\/wp-content\/uploads\/2010\/06\/gl-do-okl-6-97-anatomia-150x150.jpg?v=1765274460 150w, https:\/\/pracownia52.pl\/www\/wp-content\/uploads\/2010\/06\/gl-do-okl-6-97-anatomia-300x300.jpg?v=1765274460 300w, https:\/\/pracownia52.pl\/www\/wp-content\/uploads\/2010\/06\/gl-do-okl-6-97-anatomia-100x100.jpg?v=1765274460 100w, https:\/\/pracownia52.pl\/www\/wp-content\/uploads\/2010\/06\/gl-do-okl-6-97-anatomia.jpg?v=1765274460 450w\" sizes=\"auto, 100vw\" \/>\n\t\t\t<\/div><\/figure><figure class='gallery-item'>\n\t\t\t<div class='gallery-icon portrait'>\n\t\t\t\t<img loading=\"lazy\" decoding=\"async\" width=\"150\" height=\"150\" src=\"https:\/\/pracownia52.pl\/www\/wp-content\/uploads\/2010\/06\/gazeta-lekarska-x-150x150.jpg?v=1765274348\" class=\"attachment-thumbnail size-thumbnail\" alt=\"\" srcset=\"https:\/\/pracownia52.pl\/www\/wp-content\/uploads\/2010\/06\/gazeta-lekarska-x-150x150.jpg?v=1765274348 150w, https:\/\/pracownia52.pl\/www\/wp-content\/uploads\/2010\/06\/gazeta-lekarska-x-100x100.jpg?v=1765274348 100w\" sizes=\"auto, 100vw\" \/>\n\t\t\t<\/div><\/figure><figure class='gallery-item'>\n\t\t\t<div class='gallery-icon landscape'>\n\t\t\t\t<img loading=\"lazy\" decoding=\"async\" width=\"150\" height=\"150\" src=\"https:\/\/pracownia52.pl\/www\/wp-content\/uploads\/2010\/06\/gl-do-okl-I-98-ginekologia-150x150.jpg?v=1765274431\" class=\"attachment-thumbnail size-thumbnail\" alt=\"\" srcset=\"https:\/\/pracownia52.pl\/www\/wp-content\/uploads\/2010\/06\/gl-do-okl-I-98-ginekologia-150x150.jpg?v=1765274431 150w, https:\/\/pracownia52.pl\/www\/wp-content\/uploads\/2010\/06\/gl-do-okl-I-98-ginekologia-300x300.jpg?v=1765274431 300w, https:\/\/pracownia52.pl\/www\/wp-content\/uploads\/2010\/06\/gl-do-okl-I-98-ginekologia-100x100.jpg?v=1765274431 100w, https:\/\/pracownia52.pl\/www\/wp-content\/uploads\/2010\/06\/gl-do-okl-I-98-ginekologia.jpg?v=1765274431 450w\" sizes=\"auto, 100vw\" \/>\n\t\t\t<\/div><\/figure>\n\t\t<\/div>\n<\/p>\n","protected":false},"excerpt":{"rendered":"<p>P\u00f3\u017ane lata 90. (XX wieku). Pocz\u0105tki powa\u017cnego photoshopa, lepsze komputery\u2026 Robi\u0142em tam ok\u0142adki, projekt uk\u0142adu, nowe logo, te\u017c taka og\u00f3lna opieka projektowa. lubi\u0142em te ok\u0142adki (cho\u0107 to czasem memy by\u0142y, jak to dzi\u015b\u2026), cz\u0119sto jednak przychodzi\u0142 kto\u015b \u2013 i pyta\u0142: dlaczego nie tomograf. dlaczego nie dajemy zdj\u0119\u0107 z przeszczepu w\u0105troby? nowej sali operacyjnej? perforacji jelita? &hellip; <\/p>\n<p class=\"link-more\"><a href=\"https:\/\/pracownia52.pl\/www\/?page_id=255\" class=\"more-link\">Czytaj dalej<span class=\"screen-reader-text\"> \u201eGazeta Lekarska\u201d<\/span><\/a><\/p>\n","protected":false},"author":1,"featured_media":3643,"parent":0,"menu_order":3,"comment_status":"closed","ping_status":"open","template":"","meta":{"footnotes":""},"class_list":["post-255","page","type-page","status-publish","has-post-thumbnail","hentry"],"_links":{"self":[{"href":"https:\/\/pracownia52.pl\/www\/index.php?rest_route=\/wp\/v2\/pages\/255","targetHints":{"allow":["GET"]}}],"collection":[{"href":"https:\/\/pracownia52.pl\/www\/index.php?rest_route=\/wp\/v2\/pages"}],"about":[{"href":"https:\/\/pracownia52.pl\/www\/index.php?rest_route=\/wp\/v2\/types\/page"}],"author":[{"embeddable":true,"href":"https:\/\/pracownia52.pl\/www\/index.php?rest_route=\/wp\/v2\/users\/1"}],"replies":[{"embeddable":true,"href":"https:\/\/pracownia52.pl\/www\/index.php?rest_route=%2Fwp%2Fv2%2Fcomments&post=255"}],"version-history":[{"count":16,"href":"https:\/\/pracownia52.pl\/www\/index.php?rest_route=\/wp\/v2\/pages\/255\/revisions"}],"predecessor-version":[{"id":7253,"href":"https:\/\/pracownia52.pl\/www\/index.php?rest_route=\/wp\/v2\/pages\/255\/revisions\/7253"}],"wp:featuredmedia":[{"embeddable":true,"href":"https:\/\/pracownia52.pl\/www\/index.php?rest_route=\/wp\/v2\/media\/3643"}],"wp:attachment":[{"href":"https:\/\/pracownia52.pl\/www\/index.php?rest_route=%2Fwp%2Fv2%2Fmedia&parent=255"}],"curies":[{"name":"wp","href":"https:\/\/api.w.org\/{rel}","templated":true}]}}