{"id":301,"date":"2010-06-11T10:02:12","date_gmt":"2010-06-11T10:02:12","guid":{"rendered":"http:\/\/pracownia52.pl\/www\/?page_id=301"},"modified":"2010-06-13T06:28:02","modified_gmt":"2010-06-13T06:28:02","slug":"indykpol-sa","status":"publish","type":"page","link":"https:\/\/pracownia52.pl\/www\/?page_id=301","title":{"rendered":"Indykpol SA"},"content":{"rendered":"<p>sporo rzeczy: \u2022 logo \u2022 etykiety wielu produkt\u00f3w, foldery reklamowe \u2022 karty katalogowe, drobiazgi reklamowe \u2022 pomys\u0142y wystawiennicze, elementy wspierania sprzeda\u017cy \u2013 i inne. wsp\u00f3\u0142praca zako\u0144czona.<br \/>\n<img loading=\"lazy\" decoding=\"async\" src=\"http:\/\/pracownia52.pl\/www\/wp-content\/uploads\/2010\/06\/indykpol-logo.png\" alt=\"\" title=\"indykpol-logo\" width=\"491\" height=\"480\" border\"0\" \/><\/p>\n","protected":false},"excerpt":{"rendered":"<p>sporo rzeczy: \u2022 logo \u2022 etykiety wielu produkt\u00f3w, foldery reklamowe \u2022 karty katalogowe, drobiazgi reklamowe \u2022 pomys\u0142y wystawiennicze, elementy wspierania sprzeda\u017cy \u2013 i inne. wsp\u00f3\u0142praca zako\u0144czona.<\/p>\n","protected":false},"author":1,"featured_media":0,"parent":0,"menu_order":3,"comment_status":"closed","ping_status":"open","template":"","meta":{"footnotes":""},"class_list":["post-301","page","type-page","status-publish","hentry"],"_links":{"self":[{"href":"https:\/\/pracownia52.pl\/www\/index.php?rest_route=\/wp\/v2\/pages\/301","targetHints":{"allow":["GET"]}}],"collection":[{"href":"https:\/\/pracownia52.pl\/www\/index.php?rest_route=\/wp\/v2\/pages"}],"about":[{"href":"https:\/\/pracownia52.pl\/www\/index.php?rest_route=\/wp\/v2\/types\/page"}],"author":[{"embeddable":true,"href":"https:\/\/pracownia52.pl\/www\/index.php?rest_route=\/wp\/v2\/users\/1"}],"replies":[{"embeddable":true,"href":"https:\/\/pracownia52.pl\/www\/index.php?rest_route=%2Fwp%2Fv2%2Fcomments&post=301"}],"version-history":[{"count":4,"href":"https:\/\/pracownia52.pl\/www\/index.php?rest_route=\/wp\/v2\/pages\/301\/revisions"}],"predecessor-version":[{"id":903,"href":"https:\/\/pracownia52.pl\/www\/index.php?rest_route=\/wp\/v2\/pages\/301\/revisions\/903"}],"wp:attachment":[{"href":"https:\/\/pracownia52.pl\/www\/index.php?rest_route=%2Fwp%2Fv2%2Fmedia&parent=301"}],"curies":[{"name":"wp","href":"https:\/\/api.w.org\/{rel}","templated":true}]}}