{"id":332,"date":"2010-06-11T10:23:21","date_gmt":"2010-06-11T10:23:21","guid":{"rendered":"http:\/\/pracownia52.pl\/www\/?page_id=332"},"modified":"2016-11-17T06:49:55","modified_gmt":"2016-11-17T06:49:55","slug":"izabelin-studio","status":"publish","type":"page","link":"https:\/\/pracownia52.pl\/www\/?page_id=332","title":{"rendered":"Izabelin Studio"},"content":{"rendered":"<p>Moje logo \u2013 i ok\u0142adki, ju\u017c na CD: <a href=\"https:\/\/pracownia52.pl\/www\/?page_id=149\"><strong>Closterkeller<\/strong><\/a>, <a href=\"https:\/\/pracownia52.pl\/www\/?page_id=620\"><strong>Proletaryat<\/strong><\/a>, jakie\u015b inne. Patrz te\u017c: <a href=\"http:\/\/pracownia52.pl\/www\/?page_id=56\"><\/a><a href=\"http:\/\/pracownia52.pl\/www\/?page_id=56\"><strong>aia<\/strong><\/a>, Katarzyna Kanclerz (niestety!), jarocin\u2026 to nie ameryka jest \u2013 a wolna amerykanka.<br \/>\n\u2026<br \/>\nzob. te\u017c: <a href=\"https:\/\/pracownia52.pl\/www\/?page_id=1157\"><strong>Exodus<\/strong><\/a>; i nieopowiedziana do ko\u0144ca opowie\u015b\u0107 o mym dawnym (1981-82) s\u0105siedzie z wawrzyszewa Andrzeju P. \u2013 razem niekiedy wystawali\u015bmy pod zamarzni\u0119tym telefonem ze \u015bciany budynku ul. Dantego, rozmowy kontrolowane.<br \/>\nech.<br \/>\nmr m.<br \/>\n<img loading=\"lazy\" decoding=\"async\" src=\"http:\/\/pracownia52.pl\/www\/wp-content\/uploads\/2010\/06\/aia-izabelin-1-w.jpg\" alt=\"\" title=\"aia-izabelin-1-w\" width=\"450\" height=\"620\" class=\"alignnone size-full wp-image-334\" srcset=\"https:\/\/pracownia52.pl\/www\/wp-content\/uploads\/2010\/06\/aia-izabelin-1-w.jpg?v=1675619481 450w, https:\/\/pracownia52.pl\/www\/wp-content\/uploads\/2010\/06\/aia-izabelin-1-w-218x300.jpg?v=1675619481 218w\" sizes=\"auto, (max-width: 450px) 100vw, 450px\" \/><\/p>\n","protected":false},"excerpt":{"rendered":"<p>Moje logo \u2013 i ok\u0142adki, ju\u017c na CD: Closterkeller, Proletaryat, jakie\u015b inne. Patrz te\u017c: aia, Katarzyna Kanclerz (niestety!), jarocin\u2026 to nie ameryka jest \u2013 a wolna amerykanka. \u2026 zob. te\u017c: Exodus; i nieopowiedziana do ko\u0144ca opowie\u015b\u0107 o mym dawnym (1981-82) s\u0105siedzie z wawrzyszewa Andrzeju P. \u2013 razem niekiedy wystawali\u015bmy pod zamarzni\u0119tym telefonem ze \u015bciany budynku &hellip; <\/p>\n<p class=\"link-more\"><a href=\"https:\/\/pracownia52.pl\/www\/?page_id=332\" class=\"more-link\">Czytaj dalej<span class=\"screen-reader-text\"> \u201eIzabelin Studio\u201d<\/span><\/a><\/p>\n","protected":false},"author":1,"featured_media":0,"parent":0,"menu_order":3,"comment_status":"closed","ping_status":"open","template":"","meta":{"footnotes":""},"class_list":["post-332","page","type-page","status-publish","hentry"],"_links":{"self":[{"href":"https:\/\/pracownia52.pl\/www\/index.php?rest_route=\/wp\/v2\/pages\/332","targetHints":{"allow":["GET"]}}],"collection":[{"href":"https:\/\/pracownia52.pl\/www\/index.php?rest_route=\/wp\/v2\/pages"}],"about":[{"href":"https:\/\/pracownia52.pl\/www\/index.php?rest_route=\/wp\/v2\/types\/page"}],"author":[{"embeddable":true,"href":"https:\/\/pracownia52.pl\/www\/index.php?rest_route=\/wp\/v2\/users\/1"}],"replies":[{"embeddable":true,"href":"https:\/\/pracownia52.pl\/www\/index.php?rest_route=%2Fwp%2Fv2%2Fcomments&post=332"}],"version-history":[{"count":11,"href":"https:\/\/pracownia52.pl\/www\/index.php?rest_route=\/wp\/v2\/pages\/332\/revisions"}],"predecessor-version":[{"id":6115,"href":"https:\/\/pracownia52.pl\/www\/index.php?rest_route=\/wp\/v2\/pages\/332\/revisions\/6115"}],"wp:attachment":[{"href":"https:\/\/pracownia52.pl\/www\/index.php?rest_route=%2Fwp%2Fv2%2Fmedia&parent=332"}],"curies":[{"name":"wp","href":"https:\/\/api.w.org\/{rel}","templated":true}]}}