{"id":3431,"date":"2013-01-20T12:56:15","date_gmt":"2013-01-20T12:56:15","guid":{"rendered":"http:\/\/pracownia52.pl\/www\/?page_id=3431"},"modified":"2019-01-18T14:43:41","modified_gmt":"2019-01-18T14:43:41","slug":"jorgos-skolias","status":"publish","type":"page","link":"https:\/\/pracownia52.pl\/www\/?page_id=3431","title":{"rendered":"Jorgos Skolias"},"content":{"rendered":"\n<figure class=\"wp-block-image\"><img loading=\"lazy\" decoding=\"async\" width=\"500\" height=\"336\" src=\"http:\/\/pracownia52.pl\/www\/wp-content\/uploads\/2013\/01\/jorgos-skolias-jj85.jpg\" alt=\"jorgos-skolias--jj85\" class=\"wp-image-3437\" srcset=\"https:\/\/pracownia52.pl\/www\/wp-content\/uploads\/2013\/01\/jorgos-skolias-jj85.jpg?v=1627124124 500w, https:\/\/pracownia52.pl\/www\/wp-content\/uploads\/2013\/01\/jorgos-skolias-jj85-300x202.jpg?v=1627124124 300w\" sizes=\"auto, (max-width: 500px) 100vw, 500px\" \/><\/figure>\n\n\n\n<p>G\u0142\u00f3wnie: z <a href=\"http:\/\/pracownia52.pl\/www\/?page_id=416\"><strong>Krzakiem<\/strong><\/a>; lecz te\u017c z <a href=\"http:\/\/pracownia52.pl\/www\/?page_id=874\"><strong>Young Power<\/strong><\/a> czy <a href=\"http:\/\/pracownia52.pl\/www\/?page_id=787\"><strong>Tie Break<\/strong><\/a>\u2026<br \/>Jorgos pi\u0119knie opowiada\u0142 bajki dzieciom (np. <a href=\"http:\/\/pracownia52.pl\/www\/?page_id=480\">Marcina<\/a>). zwykle gdzie\u015b w po\u0142owie opowie\u015bci \u2013 dzieci si\u0119 orientowa\u0142y, \u017ce co\u015b nie jest tak, i krzycza\u0142y (np.): \u2013 <em>To nie tak! To nie Babcia zjad\u0142a Wilka<\/em>\u2026 (I tradycyjnie \u015bpiewa\u0142 \u2013 po norwesku.)<br \/>mr m.<br \/><\/p>\n\n\n\n<figure class=\"wp-block-image\"><img loading=\"lazy\" decoding=\"async\" width=\"500\" height=\"744\" src=\"http:\/\/pracownia52.pl\/www\/wp-content\/uploads\/2013\/01\/YP-berl88c002modmn.jpg\" alt=\"YP-berl88c002modmn\" class=\"wp-image-3438\" srcset=\"https:\/\/pracownia52.pl\/www\/wp-content\/uploads\/2013\/01\/YP-berl88c002modmn.jpg?v=1627124124 500w, https:\/\/pracownia52.pl\/www\/wp-content\/uploads\/2013\/01\/YP-berl88c002modmn-202x300.jpg?v=1627124124 202w\" sizes=\"auto, (max-width: 500px) 100vw, 500px\" \/><\/figure>\n","protected":false},"excerpt":{"rendered":"<p>G\u0142\u00f3wnie: z Krzakiem; lecz te\u017c z Young Power czy Tie Break\u2026Jorgos pi\u0119knie opowiada\u0142 bajki dzieciom (np. Marcina). zwykle gdzie\u015b w po\u0142owie opowie\u015bci \u2013 dzieci si\u0119 orientowa\u0142y, \u017ce co\u015b nie jest tak, i krzycza\u0142y (np.): \u2013 To nie tak! To nie Babcia zjad\u0142a Wilka\u2026 (I tradycyjnie \u015bpiewa\u0142 \u2013 po norwesku.)mr m.<\/p>\n","protected":false},"author":1,"featured_media":0,"parent":0,"menu_order":0,"comment_status":"closed","ping_status":"open","template":"","meta":{"footnotes":""},"class_list":["post-3431","page","type-page","status-publish","hentry"],"_links":{"self":[{"href":"https:\/\/pracownia52.pl\/www\/index.php?rest_route=\/wp\/v2\/pages\/3431","targetHints":{"allow":["GET"]}}],"collection":[{"href":"https:\/\/pracownia52.pl\/www\/index.php?rest_route=\/wp\/v2\/pages"}],"about":[{"href":"https:\/\/pracownia52.pl\/www\/index.php?rest_route=\/wp\/v2\/types\/page"}],"author":[{"embeddable":true,"href":"https:\/\/pracownia52.pl\/www\/index.php?rest_route=\/wp\/v2\/users\/1"}],"replies":[{"embeddable":true,"href":"https:\/\/pracownia52.pl\/www\/index.php?rest_route=%2Fwp%2Fv2%2Fcomments&post=3431"}],"version-history":[{"count":10,"href":"https:\/\/pracownia52.pl\/www\/index.php?rest_route=\/wp\/v2\/pages\/3431\/revisions"}],"predecessor-version":[{"id":8892,"href":"https:\/\/pracownia52.pl\/www\/index.php?rest_route=\/wp\/v2\/pages\/3431\/revisions\/8892"}],"wp:attachment":[{"href":"https:\/\/pracownia52.pl\/www\/index.php?rest_route=%2Fwp%2Fv2%2Fmedia&parent=3431"}],"curies":[{"name":"wp","href":"https:\/\/api.w.org\/{rel}","templated":true}]}}