{"id":3814,"date":"2013-09-05T09:50:33","date_gmt":"2013-09-05T09:50:33","guid":{"rendered":"http:\/\/pracownia52.pl\/www\/?page_id=3814"},"modified":"2018-12-24T14:05:37","modified_gmt":"2018-12-24T14:05:37","slug":"fotoness","status":"publish","type":"page","link":"https:\/\/pracownia52.pl\/www\/?page_id=3814","title":{"rendered":"fotoness"},"content":{"rendered":"\n<p>Nie mam zdj\u0119\u0107 grupy <a href=\"http:\/\/pl.wikipedia.org\/wiki\/Fotoness\"><strong>fotoness<\/strong><\/a> \u2013 o ile nie liczy\u0107 pojedy\u0144czych zdj\u0119\u0107 jej cz\u0142onk\u00f3w z: \u2013 koncertu w \u201eRemoncie\u201d (zima 1987? \u2013 chyba \u201epoza kontrol\u0105\u201d w tym samym roku); \u2013 koncertu w jarocinie (1987), sk\u0105d te\u017c kolorowe portrety ni\u017cej, a jeden w barakowozie-garderobie zrobiony. (Oba trafi\u0142y <a href=\"https:\/\/www.discogs.com\/The-Fotoness-When-I-Die\/release\/6532080\"><strong>na reedycj\u0119 na CD czarnej p\u0142yty<\/strong><\/a>; 2013.) i to chyba tyle.<br \/>mr m.<br \/><br \/><\/p>\n\n\n\n<ul class=\"wp-block-gallery columns-4 is-cropped wp-block-gallery-1 is-layout-flex wp-block-gallery-is-layout-flex\"><li class=\"blocks-gallery-item\"><figure><a href=\"https:\/\/pracownia52.pl\/www\/wp-content\/uploads\/2018\/06\/jarocin-87-tomek-lipinski.jpg\"><img loading=\"lazy\" decoding=\"async\" width=\"500\" height=\"330\" src=\"https:\/\/pracownia52.pl\/www\/wp-content\/uploads\/2018\/06\/jarocin-87-tomek-lipinski.jpg\" alt=\"\" data-id=\"7613\" class=\"wp-image-7613\" srcset=\"https:\/\/pracownia52.pl\/www\/wp-content\/uploads\/2018\/06\/jarocin-87-tomek-lipinski.jpg?v=1627123703 500w, https:\/\/pracownia52.pl\/www\/wp-content\/uploads\/2018\/06\/jarocin-87-tomek-lipinski-300x198.jpg?v=1627123703 300w\" sizes=\"auto, (max-width: 500px) 100vw, 500px\" \/><\/a><\/figure><\/li><li class=\"blocks-gallery-item\"><figure><a href=\"https:\/\/pracownia52.pl\/www\/wp-content\/uploads\/2010\/06\/tomek-lipinski-jarocin-87.jpg\"><img loading=\"lazy\" decoding=\"async\" width=\"500\" height=\"349\" src=\"https:\/\/pracownia52.pl\/www\/wp-content\/uploads\/2010\/06\/tomek-lipinski-jarocin-87.jpg\" alt=\"\" data-id=\"2330\" class=\"wp-image-2330\" srcset=\"https:\/\/pracownia52.pl\/www\/wp-content\/uploads\/2010\/06\/tomek-lipinski-jarocin-87.jpg?v=1627124213 500w, https:\/\/pracownia52.pl\/www\/wp-content\/uploads\/2010\/06\/tomek-lipinski-jarocin-87-300x209.jpg?v=1627124213 300w\" sizes=\"auto, (max-width: 500px) 100vw, 500px\" \/><\/a><\/figure><\/li><li class=\"blocks-gallery-item\"><figure><a href=\"https:\/\/pracownia52.pl\/www\/wp-content\/uploads\/2018\/06\/1987-jarocin-fotoness-Ciempiel-fot-mr-makowski-low-1200.jpg\"><img loading=\"lazy\" decoding=\"async\" width=\"1200\" height=\"803\" src=\"https:\/\/pracownia52.pl\/www\/wp-content\/uploads\/2018\/06\/1987-jarocin-fotoness-Ciempiel-fot-mr-makowski-low-1200.jpg\" alt=\"\" data-id=\"7615\" class=\"wp-image-7615\" srcset=\"https:\/\/pracownia52.pl\/www\/wp-content\/uploads\/2018\/06\/1987-jarocin-fotoness-Ciempiel-fot-mr-makowski-low-1200.jpg?v=1627123703 1200w, https:\/\/pracownia52.pl\/www\/wp-content\/uploads\/2018\/06\/1987-jarocin-fotoness-Ciempiel-fot-mr-makowski-low-1200-300x201.jpg?v=1627123703 300w, https:\/\/pracownia52.pl\/www\/wp-content\/uploads\/2018\/06\/1987-jarocin-fotoness-Ciempiel-fot-mr-makowski-low-1200-1024x685.jpg?v=1627123703 1024w, https:\/\/pracownia52.pl\/www\/wp-content\/uploads\/2018\/06\/1987-jarocin-fotoness-Ciempiel-fot-mr-makowski-low-1200-768x514.jpg?v=1627123703 768w\" sizes=\"auto, (max-width: 767px) 89vw, (max-width: 1000px) 54vw, (max-width: 1071px) 543px, 580px\" \/><\/a><\/figure><\/li><li class=\"blocks-gallery-item\"><figure><a href=\"https:\/\/pracownia52.pl\/www\/wp-content\/uploads\/2018\/06\/1987-jarocin-fotoness-jarek-szlagowski-fot-mr-makowski-low-1200.jpg\"><img loading=\"lazy\" decoding=\"async\" width=\"1200\" height=\"806\" src=\"https:\/\/pracownia52.pl\/www\/wp-content\/uploads\/2018\/06\/1987-jarocin-fotoness-jarek-szlagowski-fot-mr-makowski-low-1200.jpg\" alt=\"\" data-id=\"7616\" class=\"wp-image-7616\" srcset=\"https:\/\/pracownia52.pl\/www\/wp-content\/uploads\/2018\/06\/1987-jarocin-fotoness-jarek-szlagowski-fot-mr-makowski-low-1200.jpg?v=1627123702 1200w, https:\/\/pracownia52.pl\/www\/wp-content\/uploads\/2018\/06\/1987-jarocin-fotoness-jarek-szlagowski-fot-mr-makowski-low-1200-300x202.jpg?v=1627123702 300w, https:\/\/pracownia52.pl\/www\/wp-content\/uploads\/2018\/06\/1987-jarocin-fotoness-jarek-szlagowski-fot-mr-makowski-low-1200-1024x688.jpg?v=1627123702 1024w, https:\/\/pracownia52.pl\/www\/wp-content\/uploads\/2018\/06\/1987-jarocin-fotoness-jarek-szlagowski-fot-mr-makowski-low-1200-768x516.jpg?v=1627123702 768w\" sizes=\"auto, (max-width: 767px) 89vw, (max-width: 1000px) 54vw, (max-width: 1071px) 543px, 580px\" \/><\/a><\/figure><\/li><\/ul>\n\n\n\n<figure class=\"wp-block-image\"><img loading=\"lazy\" decoding=\"async\" width=\"772\" height=\"1200\" src=\"http:\/\/pracownia52.pl\/www\/wp-content\/uploads\/2013\/09\/fot-mr-makowski-poza-kontr-1987-T-Lipinski-sam-fotoness-mod-772pxl.jpg\" alt=\"fot-mr-makowski-poza-kontr-1987-T-Lipinski-sam-fotoness-mod-772pxl\" class=\"wp-image-3819\" srcset=\"https:\/\/pracownia52.pl\/www\/wp-content\/uploads\/2013\/09\/fot-mr-makowski-poza-kontr-1987-T-Lipinski-sam-fotoness-mod-772pxl.jpg?v=1627124083 772w, https:\/\/pracownia52.pl\/www\/wp-content\/uploads\/2013\/09\/fot-mr-makowski-poza-kontr-1987-T-Lipinski-sam-fotoness-mod-772pxl-193x300.jpg?v=1627124083 193w, https:\/\/pracownia52.pl\/www\/wp-content\/uploads\/2013\/09\/fot-mr-makowski-poza-kontr-1987-T-Lipinski-sam-fotoness-mod-772pxl-659x1024.jpg?v=1627124083 659w, https:\/\/pracownia52.pl\/www\/wp-content\/uploads\/2013\/09\/fot-mr-makowski-poza-kontr-1987-T-Lipinski-sam-fotoness-mod-772pxl-768x1194.jpg?v=1627124083 768w\" sizes=\"auto, (max-width: 767px) 89vw, (max-width: 1000px) 54vw, (max-width: 1071px) 543px, 580px\" \/><\/figure>\n","protected":false},"excerpt":{"rendered":"<p>Nie mam zdj\u0119\u0107 grupy fotoness \u2013 o ile nie liczy\u0107 pojedy\u0144czych zdj\u0119\u0107 jej cz\u0142onk\u00f3w z: \u2013 koncertu w \u201eRemoncie\u201d (zima 1987? \u2013 chyba \u201epoza kontrol\u0105\u201d w tym samym roku); \u2013 koncertu w jarocinie (1987), sk\u0105d te\u017c kolorowe portrety ni\u017cej, a jeden w barakowozie-garderobie zrobiony. (Oba trafi\u0142y na reedycj\u0119 na CD czarnej p\u0142yty; 2013.) i to &hellip; <\/p>\n<p class=\"link-more\"><a href=\"https:\/\/pracownia52.pl\/www\/?page_id=3814\" class=\"more-link\">Czytaj dalej<span class=\"screen-reader-text\"> \u201efotoness\u201d<\/span><\/a><\/p>\n","protected":false},"author":1,"featured_media":0,"parent":0,"menu_order":0,"comment_status":"closed","ping_status":"open","template":"","meta":{"footnotes":""},"class_list":["post-3814","page","type-page","status-publish","hentry"],"_links":{"self":[{"href":"https:\/\/pracownia52.pl\/www\/index.php?rest_route=\/wp\/v2\/pages\/3814","targetHints":{"allow":["GET"]}}],"collection":[{"href":"https:\/\/pracownia52.pl\/www\/index.php?rest_route=\/wp\/v2\/pages"}],"about":[{"href":"https:\/\/pracownia52.pl\/www\/index.php?rest_route=\/wp\/v2\/types\/page"}],"author":[{"embeddable":true,"href":"https:\/\/pracownia52.pl\/www\/index.php?rest_route=\/wp\/v2\/users\/1"}],"replies":[{"embeddable":true,"href":"https:\/\/pracownia52.pl\/www\/index.php?rest_route=%2Fwp%2Fv2%2Fcomments&post=3814"}],"version-history":[{"count":16,"href":"https:\/\/pracownia52.pl\/www\/index.php?rest_route=\/wp\/v2\/pages\/3814\/revisions"}],"predecessor-version":[{"id":8321,"href":"https:\/\/pracownia52.pl\/www\/index.php?rest_route=\/wp\/v2\/pages\/3814\/revisions\/8321"}],"wp:attachment":[{"href":"https:\/\/pracownia52.pl\/www\/index.php?rest_route=%2Fwp%2Fv2%2Fmedia&parent=3814"}],"curies":[{"name":"wp","href":"https:\/\/api.w.org\/{rel}","templated":true}]}}

<p>Nie mam zdjęć grupy <a href="http://pl.wikipedia.org/wiki/Fotoness"><strong>fotoness</strong></a> – o ile nie liczyć pojedyńczych zdjęć jej członków z: – koncertu w „Remoncie” (zima 1987? – chyba „poza kontrolą” w tym samym roku); – koncertu w jarocinie (1987), skąd też kolorowe portrety niżej, a jeden w barakowozie-garderobie zrobiony. (Oba trafiły <a href="https://www.discogs.com/The-Fotoness-When-I-Die/release/6532080"><strong>na reedycję na CD czarnej płyty</strong></a>; 2013.) i to chyba tyle.<br />mr m.<br /><br /></p>



<ul class="wp-block-gallery columns-4 is-cropped wp-block-gallery-1 is-layout-flex wp-block-gallery-is-layout-flex"><li class="blocks-gallery-item"><figure><a href="https://pracownia52.pl/www/wp-content/uploads/2018/06/jarocin-87-tomek-lipinski.jpg"><img loading="lazy" decoding="async" width="500" height="330" src="https://pracownia52.pl/www/wp-content/uploads/2018/06/jarocin-87-tomek-lipinski.jpg" alt="" data-id="7613" class="wp-image-7613" srcset="https://pracownia52.pl/www/wp-content/uploads/2018/06/jarocin-87-tomek-lipinski.jpg?v=1627123703 500w, https://pracownia52.pl/www/wp-content/uploads/2018/06/jarocin-87-tomek-lipinski-300x198.jpg?v=1627123703 300w" sizes="auto, (max-width: 500px) 100vw, 500px" /></a></figure></li><li class="blocks-gallery-item"><figure><a href="https://pracownia52.pl/www/wp-content/uploads/2010/06/tomek-lipinski-jarocin-87.jpg"><img loading="lazy" decoding="async" width="500" height="349" src="https://pracownia52.pl/www/wp-content/uploads/2010/06/tomek-lipinski-jarocin-87.jpg" alt="" data-id="2330" class="wp-image-2330" srcset="https://pracownia52.pl/www/wp-content/uploads/2010/06/tomek-lipinski-jarocin-87.jpg?v=1627124213 500w, https://pracownia52.pl/www/wp-content/uploads/2010/06/tomek-lipinski-jarocin-87-300x209.jpg?v=1627124213 300w" sizes="auto, (max-width: 500px) 100vw, 500px" /></a></figure></li><li class="blocks-gallery-item"><figure><a href="https://pracownia52.pl/www/wp-content/uploads/2018/06/1987-jarocin-fotoness-Ciempiel-fot-mr-makowski-low-1200.jpg"><img loading="lazy" decoding="async" width="1200" height="803" src="https://pracownia52.pl/www/wp-content/uploads/2018/06/1987-jarocin-fotoness-Ciempiel-fot-mr-makowski-low-1200.jpg" alt="" data-id="7615" class="wp-image-7615" srcset="https://pracownia52.pl/www/wp-content/uploads/2018/06/1987-jarocin-fotoness-Ciempiel-fot-mr-makowski-low-1200.jpg?v=1627123703 1200w, https://pracownia52.pl/www/wp-content/uploads/2018/06/1987-jarocin-fotoness-Ciempiel-fot-mr-makowski-low-1200-300x201.jpg?v=1627123703 300w, https://pracownia52.pl/www/wp-content/uploads/2018/06/1987-jarocin-fotoness-Ciempiel-fot-mr-makowski-low-1200-1024x685.jpg?v=1627123703 1024w, https://pracownia52.pl/www/wp-content/uploads/2018/06/1987-jarocin-fotoness-Ciempiel-fot-mr-makowski-low-1200-768x514.jpg?v=1627123703 768w" sizes="auto, (max-width: 767px) 89vw, (max-width: 1000px) 54vw, (max-width: 1071px) 543px, 580px" /></a></figure></li><li class="blocks-gallery-item"><figure><a href="https://pracownia52.pl/www/wp-content/uploads/2018/06/1987-jarocin-fotoness-jarek-szlagowski-fot-mr-makowski-low-1200.jpg"><img loading="lazy" decoding="async" width="1200" height="806" src="https://pracownia52.pl/www/wp-content/uploads/2018/06/1987-jarocin-fotoness-jarek-szlagowski-fot-mr-makowski-low-1200.jpg" alt="" data-id="7616" class="wp-image-7616" srcset="https://pracownia52.pl/www/wp-content/uploads/2018/06/1987-jarocin-fotoness-jarek-szlagowski-fot-mr-makowski-low-1200.jpg?v=1627123702 1200w, https://pracownia52.pl/www/wp-content/uploads/2018/06/1987-jarocin-fotoness-jarek-szlagowski-fot-mr-makowski-low-1200-300x202.jpg?v=1627123702 300w, https://pracownia52.pl/www/wp-content/uploads/2018/06/1987-jarocin-fotoness-jarek-szlagowski-fot-mr-makowski-low-1200-1024x688.jpg?v=1627123702 1024w, https://pracownia52.pl/www/wp-content/uploads/2018/06/1987-jarocin-fotoness-jarek-szlagowski-fot-mr-makowski-low-1200-768x516.jpg?v=1627123702 768w" sizes="auto, (max-width: 767px) 89vw, (max-width: 1000px) 54vw, (max-width: 1071px) 543px, 580px" /></a></figure></li></ul>



<figure class="wp-block-image"><img loading="lazy" decoding="async" width="772" height="1200" src="http://pracownia52.pl/www/wp-content/uploads/2013/09/fot-mr-makowski-poza-kontr-1987-T-Lipinski-sam-fotoness-mod-772pxl.jpg" alt="fot-mr-makowski-poza-kontr-1987-T-Lipinski-sam-fotoness-mod-772pxl" class="wp-image-3819" srcset="https://pracownia52.pl/www/wp-content/uploads/2013/09/fot-mr-makowski-poza-kontr-1987-T-Lipinski-sam-fotoness-mod-772pxl.jpg?v=1627124083 772w, https://pracownia52.pl/www/wp-content/uploads/2013/09/fot-mr-makowski-poza-kontr-1987-T-Lipinski-sam-fotoness-mod-772pxl-193x300.jpg?v=1627124083 193w, https://pracownia52.pl/www/wp-content/uploads/2013/09/fot-mr-makowski-poza-kontr-1987-T-Lipinski-sam-fotoness-mod-772pxl-659x1024.jpg?v=1627124083 659w, https://pracownia52.pl/www/wp-content/uploads/2013/09/fot-mr-makowski-poza-kontr-1987-T-Lipinski-sam-fotoness-mod-772pxl-768x1194.jpg?v=1627124083 768w" sizes="auto, (max-width: 767px) 89vw, (max-width: 1000px) 54vw, (max-width: 1071px) 543px, 580px" /></figure>

<p>Nie mam zdjęć grupy fotoness – o ile nie liczyć pojedyńczych zdjęć jej członków z: – koncertu w „Remoncie” (zima 1987? – chyba „poza kontrolą” w tym samym roku); – koncertu w jarocinie (1987), skąd też kolorowe portrety niżej, a jeden w barakowozie-garderobie zrobiony. (Oba trafiły na reedycję na CD czarnej płyty; 2013.) i to &hellip; </p>
<p class="link-more"><a href="https://pracownia52.pl/www/?page_id=3814" class="more-link">Czytaj dalej<span class="screen-reader-text"> „fotoness”</span></a></p>
