{"id":432,"date":"2010-06-12T10:19:00","date_gmt":"2010-06-12T10:19:00","guid":{"rendered":"http:\/\/pracownia52.pl\/www\/?page_id=432"},"modified":"2010-06-13T06:35:53","modified_gmt":"2010-06-13T06:35:53","slug":"lc-elektronik","status":"publish","type":"page","link":"https:\/\/pracownia52.pl\/www\/?page_id=432","title":{"rendered":"LC elektronik"},"content":{"rendered":"<p>uporz\u0105dkowanie tzw. identyfikacji wizualnej: nowe logo \u201eproduktowe\u201d, modyfikacja firmowego, projekty: katalogi, plansze ekspozycyjne, drobne: wizyt\u00f3wki, pap. listowy, drobne druki.<br \/>\nbardzo si\u0119 dobrze z nimi \u2013 w sumie \u2013 pracowa\u0142o, bo to firma rz\u0105dzona przez w\u0142a\u015bciciela, a nie jakich\u015b dyrekt\u00f3row od marketingu, konformist\u00f3w, (niekiedy) skorumpowanych i w sumie zwykle ma\u0142o odwa\u017cnych\u2026<br \/>\n[mrm]<\/p>\n","protected":false},"excerpt":{"rendered":"<p>uporz\u0105dkowanie tzw. identyfikacji wizualnej: nowe logo \u201eproduktowe\u201d, modyfikacja firmowego, projekty: katalogi, plansze ekspozycyjne, drobne: wizyt\u00f3wki, pap. listowy, drobne druki. bardzo si\u0119 dobrze z nimi \u2013 w sumie \u2013 pracowa\u0142o, bo to firma rz\u0105dzona przez w\u0142a\u015bciciela, a nie jakich\u015b dyrekt\u00f3row od marketingu, konformist\u00f3w, (niekiedy) skorumpowanych i w sumie zwykle ma\u0142o odwa\u017cnych\u2026 [mrm]<\/p>\n","protected":false},"author":1,"featured_media":0,"parent":0,"menu_order":3,"comment_status":"closed","ping_status":"open","template":"","meta":{"footnotes":""},"class_list":["post-432","page","type-page","status-publish","hentry"],"_links":{"self":[{"href":"https:\/\/pracownia52.pl\/www\/index.php?rest_route=\/wp\/v2\/pages\/432","targetHints":{"allow":["GET"]}}],"collection":[{"href":"https:\/\/pracownia52.pl\/www\/index.php?rest_route=\/wp\/v2\/pages"}],"about":[{"href":"https:\/\/pracownia52.pl\/www\/index.php?rest_route=\/wp\/v2\/types\/page"}],"author":[{"embeddable":true,"href":"https:\/\/pracownia52.pl\/www\/index.php?rest_route=\/wp\/v2\/users\/1"}],"replies":[{"embeddable":true,"href":"https:\/\/pracownia52.pl\/www\/index.php?rest_route=%2Fwp%2Fv2%2Fcomments&post=432"}],"version-history":[{"count":3,"href":"https:\/\/pracownia52.pl\/www\/index.php?rest_route=\/wp\/v2\/pages\/432\/revisions"}],"predecessor-version":[{"id":919,"href":"https:\/\/pracownia52.pl\/www\/index.php?rest_route=\/wp\/v2\/pages\/432\/revisions\/919"}],"wp:attachment":[{"href":"https:\/\/pracownia52.pl\/www\/index.php?rest_route=%2Fwp%2Fv2%2Fmedia&parent=432"}],"curies":[{"name":"wp","href":"https:\/\/api.w.org\/{rel}","templated":true}]}}