{"id":512,"date":"2010-06-12T11:35:36","date_gmt":"2010-06-12T11:35:36","guid":{"rendered":"http:\/\/pracownia52.pl\/www\/?page_id=512"},"modified":"2018-07-02T15:02:56","modified_gmt":"2018-07-02T15:02:56","slug":"metallica-kat","status":"publish","type":"page","link":"https:\/\/pracownia52.pl\/www\/?page_id=512","title":{"rendered":"Metallica &#038; Kat"},"content":{"rendered":"<p>jedno (no, dobrze: ze 3 uj\u0119cia) wsp\u00f3lne zdj\u0119cie (1987) \u2013 za to cz\u0119sto reprodukowane.<br \/>\nfajny koncert by\u0142, cho\u0107 metalowy ;)<br \/>\nmr m.<\/p>\n","protected":false},"excerpt":{"rendered":"<p>jedno (no, dobrze: ze 3 uj\u0119cia) wsp\u00f3lne zdj\u0119cie (1987) \u2013 za to cz\u0119sto reprodukowane. fajny koncert by\u0142, cho\u0107 metalowy ;) mr m.<\/p>\n","protected":false},"author":1,"featured_media":515,"parent":0,"menu_order":0,"comment_status":"closed","ping_status":"open","template":"","meta":{"footnotes":""},"class_list":["post-512","page","type-page","status-publish","has-post-thumbnail","hentry"],"_links":{"self":[{"href":"https:\/\/pracownia52.pl\/www\/index.php?rest_route=\/wp\/v2\/pages\/512","targetHints":{"allow":["GET"]}}],"collection":[{"href":"https:\/\/pracownia52.pl\/www\/index.php?rest_route=\/wp\/v2\/pages"}],"about":[{"href":"https:\/\/pracownia52.pl\/www\/index.php?rest_route=\/wp\/v2\/types\/page"}],"author":[{"embeddable":true,"href":"https:\/\/pracownia52.pl\/www\/index.php?rest_route=\/wp\/v2\/users\/1"}],"replies":[{"embeddable":true,"href":"https:\/\/pracownia52.pl\/www\/index.php?rest_route=%2Fwp%2Fv2%2Fcomments&post=512"}],"version-history":[{"count":6,"href":"https:\/\/pracownia52.pl\/www\/index.php?rest_route=\/wp\/v2\/pages\/512\/revisions"}],"predecessor-version":[{"id":7679,"href":"https:\/\/pracownia52.pl\/www\/index.php?rest_route=\/wp\/v2\/pages\/512\/revisions\/7679"}],"wp:featuredmedia":[{"embeddable":true,"href":"https:\/\/pracownia52.pl\/www\/index.php?rest_route=\/wp\/v2\/media\/515"}],"wp:attachment":[{"href":"https:\/\/pracownia52.pl\/www\/index.php?rest_route=%2Fwp%2Fv2%2Fmedia&parent=512"}],"curies":[{"name":"wp","href":"https:\/\/api.w.org\/{rel}","templated":true}]}}