{"id":5340,"date":"2016-06-10T09:07:28","date_gmt":"2016-06-10T09:07:28","guid":{"rendered":"https:\/\/pracownia52.pl\/www\/?page_id=5340"},"modified":"2023-10-03T07:51:48","modified_gmt":"2023-10-03T07:51:48","slug":"marchewka-festiwal","status":"publish","type":"page","link":"https:\/\/pracownia52.pl\/www\/?page_id=5340","title":{"rendered":"Marchewka (festiwal)"},"content":{"rendered":"\n<p>1987: \u201eBlustro\u201d <strong>Bogdana Mizerskiego<\/strong> (z tancerk\u0105 <strong>Lilian\u0105 Alvarado<\/strong>) oraz <strong>The Ex<\/strong> i <strong><a href=\"https:\/\/pracownia52.pl\/www\/?page_id=9235\">David Thomas<\/a><\/strong> (ex Pere Ubu). kilka zdj\u0119\u0107, r\u00f3\u017cne. coraz mniej ich robi\u0142em ju\u017c. a te\u017c interesuj\u0105ca (cho\u0107 wtedy chyba \u017ale przyj\u0119ta, mo\u017ce przesadzam) grupa z (d.) ZSRR: <strong><a href=\"https:\/\/en.wikipedia.org\/wiki\/Zvuki_Mu\" data-type=\"URL\" data-id=\"https:\/\/en.wikipedia.org\/wiki\/Zvuki_Mu\">Zwuki Mu<\/a><\/strong> \u2013 o kt\u00f3rej wspominamy w <strong><a href=\"https:\/\/pracownia52.pl\/www\/?p=9945\" data-type=\"post\" data-id=\"9945\">najnowszej<\/a><\/strong> (2021) <strong><a href=\"https:\/\/ooops.pl\/?p=36787\" data-type=\"URL\" data-id=\"https:\/\/ooops.pl\/?p=36787\">ksi\u0105\u017cce<\/a><\/strong>.<br \/>mr m.<\/p>\n\n\n\n<figure class=\"wp-block-gallery has-nested-images columns-3 is-cropped wp-block-gallery-1 is-layout-flex wp-block-gallery-is-layout-flex\">\n<figure class=\"wp-block-image size-large\"><a href=\"https:\/\/pracownia52.pl\/www\/wp-content\/uploads\/2016\/06\/marchewka-blustro-low-1.jpg\"><img loading=\"lazy\" decoding=\"async\" width=\"800\" height=\"524\" data-id=\"5343\" src=\"https:\/\/pracownia52.pl\/www\/wp-content\/uploads\/2016\/06\/marchewka-blustro-low-1.jpg\" alt=\"\" class=\"wp-image-5343\" srcset=\"https:\/\/pracownia52.pl\/www\/wp-content\/uploads\/2016\/06\/marchewka-blustro-low-1.jpg?v=1627123908 800w, https:\/\/pracownia52.pl\/www\/wp-content\/uploads\/2016\/06\/marchewka-blustro-low-1-300x197.jpg?v=1627123908 300w, https:\/\/pracownia52.pl\/www\/wp-content\/uploads\/2016\/06\/marchewka-blustro-low-1-768x503.jpg?v=1627123908 768w\" sizes=\"auto, (max-width: 767px) 89vw, (max-width: 1000px) 54vw, (max-width: 1071px) 543px, 580px\" \/><\/a><figcaption class=\"wp-element-caption\">Blustro<\/figcaption><\/figure>\n\n\n\n<figure class=\"wp-block-image size-large\"><a href=\"https:\/\/pracownia52.pl\/www\/wp-content\/uploads\/2016\/06\/marchewka-ktos-low-2-1.jpg\"><img loading=\"lazy\" decoding=\"async\" width=\"800\" height=\"523\" data-id=\"5344\" src=\"https:\/\/pracownia52.pl\/www\/wp-content\/uploads\/2016\/06\/marchewka-ktos-low-2-1.jpg\" alt=\"\" class=\"wp-image-5344\" srcset=\"https:\/\/pracownia52.pl\/www\/wp-content\/uploads\/2016\/06\/marchewka-ktos-low-2-1.jpg?v=1627123908 800w, https:\/\/pracownia52.pl\/www\/wp-content\/uploads\/2016\/06\/marchewka-ktos-low-2-1-300x196.jpg?v=1627123908 300w, https:\/\/pracownia52.pl\/www\/wp-content\/uploads\/2016\/06\/marchewka-ktos-low-2-1-768x502.jpg?v=1627123908 768w\" sizes=\"auto, (max-width: 767px) 89vw, (max-width: 1000px) 54vw, (max-width: 1071px) 543px, 580px\" \/><\/a><figcaption class=\"wp-element-caption\">the Ex<\/figcaption><\/figure>\n\n\n\n<figure class=\"wp-block-image size-large\"><a href=\"https:\/\/pracownia52.pl\/www\/wp-content\/uploads\/2016\/06\/marchewka-ktos-low-2.jpg\"><img loading=\"lazy\" decoding=\"async\" width=\"800\" height=\"528\" data-id=\"5345\" src=\"https:\/\/pracownia52.pl\/www\/wp-content\/uploads\/2016\/06\/marchewka-ktos-low-2.jpg\" alt=\"\" class=\"wp-image-5345\" srcset=\"https:\/\/pracownia52.pl\/www\/wp-content\/uploads\/2016\/06\/marchewka-ktos-low-2.jpg?v=1627123908 800w, https:\/\/pracownia52.pl\/www\/wp-content\/uploads\/2016\/06\/marchewka-ktos-low-2-300x198.jpg?v=1627123908 300w, https:\/\/pracownia52.pl\/www\/wp-content\/uploads\/2016\/06\/marchewka-ktos-low-2-768x507.jpg?v=1627123908 768w\" sizes=\"auto, (max-width: 767px) 89vw, (max-width: 1000px) 54vw, (max-width: 1071px) 543px, 580px\" \/><\/a><figcaption class=\"wp-element-caption\">the Ex<\/figcaption><\/figure>\n\n\n\n<figure class=\"wp-block-image size-large\"><a href=\"https:\/\/pracownia52.pl\/www\/wp-content\/uploads\/2016\/06\/marchewka-no-name-cd-low-2.jpg\"><img loading=\"lazy\" decoding=\"async\" width=\"800\" height=\"527\" data-id=\"5346\" src=\"https:\/\/pracownia52.pl\/www\/wp-content\/uploads\/2016\/06\/marchewka-no-name-cd-low-2.jpg\" alt=\"\" class=\"wp-image-5346\" srcset=\"https:\/\/pracownia52.pl\/www\/wp-content\/uploads\/2016\/06\/marchewka-no-name-cd-low-2.jpg?v=1627123908 800w, https:\/\/pracownia52.pl\/www\/wp-content\/uploads\/2016\/06\/marchewka-no-name-cd-low-2-300x198.jpg?v=1627123908 300w, https:\/\/pracownia52.pl\/www\/wp-content\/uploads\/2016\/06\/marchewka-no-name-cd-low-2-768x506.jpg?v=1627123908 768w\" sizes=\"auto, (max-width: 767px) 89vw, (max-width: 1000px) 54vw, (max-width: 1071px) 543px, 580px\" \/><\/a><figcaption class=\"wp-element-caption\"><strong><a href=\"https:\/\/en.wikipedia.org\/wiki\/Zvuki_Mu\" data-type=\"URL\" data-id=\"https:\/\/en.wikipedia.org\/wiki\/Zvuki_Mu\">Zwuki Mu<\/a><\/strong> (?) z d. ZSRR<\/figcaption><\/figure>\n\n\n\n<figure class=\"wp-block-image size-large\"><a href=\"https:\/\/pracownia52.pl\/www\/wp-content\/uploads\/2021\/09\/023-e-1987-marchewka-fot-mr-makowski-chyba-Zwuki-Mu-s11-inny-balet-o2-fot-mr-makowski.jpg\"><img loading=\"lazy\" decoding=\"async\" width=\"1024\" height=\"686\" data-id=\"9964\" src=\"https:\/\/pracownia52.pl\/www\/wp-content\/uploads\/2021\/09\/023-e-1987-marchewka-fot-mr-makowski-chyba-Zwuki-Mu-s11-inny-balet-o2-fot-mr-makowski-1024x686.jpg?v=1673198161\" alt=\"\" class=\"wp-image-9964\" srcset=\"https:\/\/pracownia52.pl\/www\/wp-content\/uploads\/2021\/09\/023-e-1987-marchewka-fot-mr-makowski-chyba-Zwuki-Mu-s11-inny-balet-o2-fot-mr-makowski-1024x686.jpg?v=1673198161 1024w, https:\/\/pracownia52.pl\/www\/wp-content\/uploads\/2021\/09\/023-e-1987-marchewka-fot-mr-makowski-chyba-Zwuki-Mu-s11-inny-balet-o2-fot-mr-makowski-300x201.jpg?v=1673198161 300w, https:\/\/pracownia52.pl\/www\/wp-content\/uploads\/2021\/09\/023-e-1987-marchewka-fot-mr-makowski-chyba-Zwuki-Mu-s11-inny-balet-o2-fot-mr-makowski-768x515.jpg?v=1673198161 768w, https:\/\/pracownia52.pl\/www\/wp-content\/uploads\/2021\/09\/023-e-1987-marchewka-fot-mr-makowski-chyba-Zwuki-Mu-s11-inny-balet-o2-fot-mr-makowski.jpg?v=1673198161 1228w\" sizes=\"auto, (max-width: 767px) 89vw, (max-width: 1000px) 54vw, (max-width: 1071px) 543px, 580px\" \/><\/a><figcaption class=\"wp-element-caption\"><strong><a href=\"https:\/\/en.wikipedia.org\/wiki\/Zvuki_Mu\" data-type=\"URL\" data-id=\"https:\/\/en.wikipedia.org\/wiki\/Zvuki_Mu\">Zwuki Mu<\/a><\/strong> (?) z d. ZSRR<\/figcaption><\/figure>\n\n\n\n<figure class=\"wp-block-image size-large\"><a href=\"https:\/\/pracownia52.pl\/www\/wp-content\/uploads\/2016\/06\/david-thomas-wwa-1987r-e52.jpg\"><img loading=\"lazy\" decoding=\"async\" width=\"800\" height=\"518\" data-id=\"5351\" src=\"https:\/\/pracownia52.pl\/www\/wp-content\/uploads\/2016\/06\/david-thomas-wwa-1987r-e52.jpg\" alt=\"\" class=\"wp-image-5351\" srcset=\"https:\/\/pracownia52.pl\/www\/wp-content\/uploads\/2016\/06\/david-thomas-wwa-1987r-e52.jpg?v=1627123907 800w, https:\/\/pracownia52.pl\/www\/wp-content\/uploads\/2016\/06\/david-thomas-wwa-1987r-e52-300x194.jpg?v=1627123907 300w, https:\/\/pracownia52.pl\/www\/wp-content\/uploads\/2016\/06\/david-thomas-wwa-1987r-e52-768x497.jpg?v=1627123907 768w\" sizes=\"auto, (max-width: 767px) 89vw, (max-width: 1000px) 54vw, (max-width: 1071px) 543px, 580px\" \/><\/a><figcaption class=\"wp-element-caption\">David Thomas<\/figcaption><\/figure>\n\n\n\n<figure class=\"wp-block-image size-large\"><a href=\"https:\/\/pracownia52.pl\/www\/wp-content\/uploads\/2023\/10\/Low-modifi-004-marchewka-1987-Wolfgang-Press-fot-mr-makowski-b.jpg\"><img loading=\"lazy\" decoding=\"async\" width=\"1024\" height=\"726\" data-id=\"10248\" src=\"https:\/\/pracownia52.pl\/www\/wp-content\/uploads\/2023\/10\/Low-modifi-004-marchewka-1987-Wolfgang-Press-fot-mr-makowski-b-1024x726.jpg\" alt=\"\" class=\"wp-image-10248\" srcset=\"https:\/\/pracownia52.pl\/www\/wp-content\/uploads\/2023\/10\/Low-modifi-004-marchewka-1987-Wolfgang-Press-fot-mr-makowski-b-1024x726.jpg?v=1696319524 1024w, https:\/\/pracownia52.pl\/www\/wp-content\/uploads\/2023\/10\/Low-modifi-004-marchewka-1987-Wolfgang-Press-fot-mr-makowski-b-300x213.jpg?v=1696319524 300w, https:\/\/pracownia52.pl\/www\/wp-content\/uploads\/2023\/10\/Low-modifi-004-marchewka-1987-Wolfgang-Press-fot-mr-makowski-b-768x545.jpg?v=1696319524 768w, https:\/\/pracownia52.pl\/www\/wp-content\/uploads\/2023\/10\/Low-modifi-004-marchewka-1987-Wolfgang-Press-fot-mr-makowski-b-1536x1090.jpg?v=1696319524 1536w, https:\/\/pracownia52.pl\/www\/wp-content\/uploads\/2023\/10\/Low-modifi-004-marchewka-1987-Wolfgang-Press-fot-mr-makowski-b.jpg?v=1696319524 1800w\" sizes=\"auto, (max-width: 767px) 89vw, (max-width: 1000px) 54vw, (max-width: 1071px) 543px, 580px\" \/><\/a><figcaption class=\"wp-element-caption\">The Wolfgang Press<\/figcaption><\/figure>\n\n\n\n<figure class=\"wp-block-image size-large\"><a href=\"https:\/\/pracownia52.pl\/www\/wp-content\/uploads\/2016\/06\/david-thomas-1987-warszawa-53.jpg\"><img loading=\"lazy\" decoding=\"async\" width=\"800\" height=\"521\" data-id=\"5349\" src=\"https:\/\/pracownia52.pl\/www\/wp-content\/uploads\/2016\/06\/david-thomas-1987-warszawa-53.jpg\" alt=\"\" class=\"wp-image-5349\" srcset=\"https:\/\/pracownia52.pl\/www\/wp-content\/uploads\/2016\/06\/david-thomas-1987-warszawa-53.jpg?v=1627123907 800w, https:\/\/pracownia52.pl\/www\/wp-content\/uploads\/2016\/06\/david-thomas-1987-warszawa-53-300x195.jpg?v=1627123907 300w, https:\/\/pracownia52.pl\/www\/wp-content\/uploads\/2016\/06\/david-thomas-1987-warszawa-53-768x500.jpg?v=1627123907 768w\" sizes=\"auto, (max-width: 767px) 89vw, (max-width: 1000px) 54vw, (max-width: 1071px) 543px, 580px\" \/><\/a><figcaption class=\"wp-element-caption\">David Thomas<\/figcaption><\/figure>\n<\/figure>\n\n\n\n<figure class=\"wp-block-image\"><a href=\"https:\/\/pracownia52.pl\/www\/?page_id=461\"><img loading=\"lazy\" decoding=\"async\" width=\"800\" height=\"1123\" src=\"https:\/\/pracownia52.pl\/www\/wp-content\/uploads\/2016\/06\/david-Thomas-mr-makowski-foto-198x-MagMuzyczny-800pxl.jpg\" alt=\"david-Thomas-mr-makowski-foto-198x-MagMuzyczny-800pxl\" class=\"wp-image-5502\" srcset=\"https:\/\/pracownia52.pl\/www\/wp-content\/uploads\/2016\/06\/david-Thomas-mr-makowski-foto-198x-MagMuzyczny-800pxl.jpg?v=1627123893 800w, https:\/\/pracownia52.pl\/www\/wp-content\/uploads\/2016\/06\/david-Thomas-mr-makowski-foto-198x-MagMuzyczny-800pxl-214x300.jpg?v=1627123893 214w, https:\/\/pracownia52.pl\/www\/wp-content\/uploads\/2016\/06\/david-Thomas-mr-makowski-foto-198x-MagMuzyczny-800pxl-729x1024.jpg?v=1627123893 729w, https:\/\/pracownia52.pl\/www\/wp-content\/uploads\/2016\/06\/david-Thomas-mr-makowski-foto-198x-MagMuzyczny-800pxl-768x1078.jpg?v=1627123893 768w\" sizes=\"auto, (max-width: 767px) 89vw, (max-width: 1000px) 54vw, (max-width: 1071px) 543px, 580px\" \/><\/a><\/figure>\n","protected":false},"excerpt":{"rendered":"<p>1987: \u201eBlustro\u201d Bogdana Mizerskiego (z tancerk\u0105 Lilian\u0105 Alvarado) oraz The Ex i David Thomas (ex Pere Ubu). kilka zdj\u0119\u0107, r\u00f3\u017cne. coraz mniej ich robi\u0142em ju\u017c. a te\u017c interesuj\u0105ca (cho\u0107 wtedy chyba \u017ale przyj\u0119ta, mo\u017ce przesadzam) grupa z (d.) ZSRR: Zwuki Mu \u2013 o kt\u00f3rej wspominamy w najnowszej (2021) ksi\u0105\u017cce.mr m.<\/p>\n","protected":false},"author":1,"featured_media":5351,"parent":0,"menu_order":0,"comment_status":"closed","ping_status":"closed","template":"","meta":{"footnotes":""},"class_list":["post-5340","page","type-page","status-publish","has-post-thumbnail","hentry"],"_links":{"self":[{"href":"https:\/\/pracownia52.pl\/www\/index.php?rest_route=\/wp\/v2\/pages\/5340","targetHints":{"allow":["GET"]}}],"collection":[{"href":"https:\/\/pracownia52.pl\/www\/index.php?rest_route=\/wp\/v2\/pages"}],"about":[{"href":"https:\/\/pracownia52.pl\/www\/index.php?rest_route=\/wp\/v2\/types\/page"}],"author":[{"embeddable":true,"href":"https:\/\/pracownia52.pl\/www\/index.php?rest_route=\/wp\/v2\/users\/1"}],"replies":[{"embeddable":true,"href":"https:\/\/pracownia52.pl\/www\/index.php?rest_route=%2Fwp%2Fv2%2Fcomments&post=5340"}],"version-history":[{"count":15,"href":"https:\/\/pracownia52.pl\/www\/index.php?rest_route=\/wp\/v2\/pages\/5340\/revisions"}],"predecessor-version":[{"id":10250,"href":"https:\/\/pracownia52.pl\/www\/index.php?rest_route=\/wp\/v2\/pages\/5340\/revisions\/10250"}],"wp:featuredmedia":[{"embeddable":true,"href":"https:\/\/pracownia52.pl\/www\/index.php?rest_route=\/wp\/v2\/media\/5351"}],"wp:attachment":[{"href":"https:\/\/pracownia52.pl\/www\/index.php?rest_route=%2Fwp%2Fv2%2Fmedia&parent=5340"}],"curies":[{"name":"wp","href":"https:\/\/api.w.org\/{rel}","templated":true}]}}