{"id":542,"date":"2010-06-12T11:57:37","date_gmt":"2010-06-12T11:57:37","guid":{"rendered":"http:\/\/pracownia52.pl\/www\/?page_id=542"},"modified":"2018-12-24T11:32:24","modified_gmt":"2018-12-24T11:32:24","slug":"piosenka-studencka-poetycka-i-temu-podobne","status":"publish","type":"page","link":"https:\/\/pracownia52.pl\/www\/?page_id=542","title":{"rendered":"piosenka studencka, poetycka \u2013 i temu podobne"},"content":{"rendered":"\n<p>pod koniec lat 70. troch\u0119 ju\u017c robi\u0142em zdj\u0119\u0107 do \u201eNowego Medyka\u201d, \u201e<a href=\"https:\/\/pracownia52.pl\/www\/?page_id=343\"><strong>Jazzu<\/strong><\/a>\u201d\u2026 sporo z nich by\u0142o z festiwali tzw. piosenki studenckiej: w Krakowie czy ze Spotka\u0144 Zamkowych \u201e\u015apiewajmy poezj\u0119\u201d w Olsztynie\u2026<br \/>(tekst do doko\u0144czenia)<br \/>mr m.<\/p>\n\n\n\n<ul class=\"wp-block-gallery columns-3 is-cropped wp-block-gallery-1 is-layout-flex wp-block-gallery-is-layout-flex\"><li class=\"blocks-gallery-item\"><figure><a href=\"https:\/\/pracownia52.pl\/www\/wp-content\/uploads\/2010\/06\/krakow-1978-7-001-mn.jpg\"><img loading=\"lazy\" decoding=\"async\" width=\"550\" height=\"367\" src=\"https:\/\/pracownia52.pl\/www\/wp-content\/uploads\/2010\/06\/krakow-1978-7-001-mn.jpg\" alt=\"\" data-id=\"545\" class=\"wp-image-545\" srcset=\"https:\/\/pracownia52.pl\/www\/wp-content\/uploads\/2010\/06\/krakow-1978-7-001-mn.jpg?v=1627124302 550w, https:\/\/pracownia52.pl\/www\/wp-content\/uploads\/2010\/06\/krakow-1978-7-001-mn-300x200.jpg?v=1627124302 300w\" sizes=\"auto, (max-width: 550px) 100vw, 550px\" \/><\/a><\/figure><\/li><li class=\"blocks-gallery-item\"><figure><a href=\"https:\/\/pracownia52.pl\/www\/wp-content\/uploads\/2010\/06\/waly-jagiellonski-1979-low-1.jpg\"><img loading=\"lazy\" decoding=\"async\" width=\"800\" height=\"523\" src=\"https:\/\/pracownia52.pl\/www\/wp-content\/uploads\/2010\/06\/waly-jagiellonski-1979-low-1.jpg\" alt=\"\" data-id=\"861\" class=\"wp-image-861\" srcset=\"https:\/\/pracownia52.pl\/www\/wp-content\/uploads\/2010\/06\/waly-jagiellonski-1979-low-1.jpg?v=1627124291 800w, https:\/\/pracownia52.pl\/www\/wp-content\/uploads\/2010\/06\/waly-jagiellonski-1979-low-1-300x196.jpg?v=1627124291 300w, https:\/\/pracownia52.pl\/www\/wp-content\/uploads\/2010\/06\/waly-jagiellonski-1979-low-1-768x502.jpg?v=1627124291 768w\" sizes=\"auto, (max-width: 767px) 89vw, (max-width: 1000px) 54vw, (max-width: 1071px) 543px, 580px\" \/><\/a><\/figure><\/li><li class=\"blocks-gallery-item\"><figure><a href=\"https:\/\/pracownia52.pl\/www\/wp-content\/uploads\/2010\/06\/1979-kaczmarski-gintrowski-lapinski-1.jpg\"><img loading=\"lazy\" decoding=\"async\" width=\"800\" height=\"545\" src=\"https:\/\/pracownia52.pl\/www\/wp-content\/uploads\/2010\/06\/1979-kaczmarski-gintrowski-lapinski-1.jpg\" alt=\"\" data-id=\"2041\" class=\"wp-image-2041\" srcset=\"https:\/\/pracownia52.pl\/www\/wp-content\/uploads\/2010\/06\/1979-kaczmarski-gintrowski-lapinski-1.jpg?v=1627124232 800w, https:\/\/pracownia52.pl\/www\/wp-content\/uploads\/2010\/06\/1979-kaczmarski-gintrowski-lapinski-1-300x204.jpg?v=1627124232 300w, https:\/\/pracownia52.pl\/www\/wp-content\/uploads\/2010\/06\/1979-kaczmarski-gintrowski-lapinski-1-768x523.jpg?v=1627124232 768w\" sizes=\"auto, (max-width: 767px) 89vw, (max-width: 1000px) 54vw, (max-width: 1071px) 543px, 580px\" \/><\/a><\/figure><\/li><li class=\"blocks-gallery-item\"><figure><a href=\"https:\/\/pracownia52.pl\/www\/wp-content\/uploads\/2010\/06\/baba-1978-006-mn.jpg\"><img loading=\"lazy\" decoding=\"async\" width=\"550\" height=\"363\" src=\"https:\/\/pracownia52.pl\/www\/wp-content\/uploads\/2010\/06\/baba-1978-006-mn.jpg\" alt=\"\" data-id=\"2043\" class=\"wp-image-2043\" srcset=\"https:\/\/pracownia52.pl\/www\/wp-content\/uploads\/2010\/06\/baba-1978-006-mn.jpg?v=1627124232 550w, https:\/\/pracownia52.pl\/www\/wp-content\/uploads\/2010\/06\/baba-1978-006-mn-300x198.jpg?v=1627124232 300w\" sizes=\"auto, (max-width: 550px) 100vw, 550px\" \/><\/a><\/figure><\/li><li class=\"blocks-gallery-item\"><figure><a href=\"https:\/\/pracownia52.pl\/www\/wp-content\/uploads\/2010\/06\/stan-klawe-1978-005-mn.jpg\"><img loading=\"lazy\" decoding=\"async\" width=\"550\" height=\"366\" src=\"https:\/\/pracownia52.pl\/www\/wp-content\/uploads\/2010\/06\/stan-klawe-1978-005-mn.jpg\" alt=\"\" data-id=\"2044\" class=\"wp-image-2044\" srcset=\"https:\/\/pracownia52.pl\/www\/wp-content\/uploads\/2010\/06\/stan-klawe-1978-005-mn.jpg?v=1627124231 550w, https:\/\/pracownia52.pl\/www\/wp-content\/uploads\/2010\/06\/stan-klawe-1978-005-mn-300x200.jpg?v=1627124231 300w\" sizes=\"auto, (max-width: 550px) 100vw, 550px\" \/><\/a><\/figure><\/li><li class=\"blocks-gallery-item\"><figure><a href=\"https:\/\/pracownia52.pl\/www\/wp-content\/uploads\/2010\/06\/1978-6-fest-kult-szsp-maria-wiernikowska-111.jpg\"><img loading=\"lazy\" decoding=\"async\" width=\"800\" height=\"521\" src=\"https:\/\/pracownia52.pl\/www\/wp-content\/uploads\/2010\/06\/1978-6-fest-kult-szsp-maria-wiernikowska-111.jpg\" alt=\"\" data-id=\"2781\" class=\"wp-image-2781\" srcset=\"https:\/\/pracownia52.pl\/www\/wp-content\/uploads\/2010\/06\/1978-6-fest-kult-szsp-maria-wiernikowska-111.jpg?v=1627124175 800w, https:\/\/pracownia52.pl\/www\/wp-content\/uploads\/2010\/06\/1978-6-fest-kult-szsp-maria-wiernikowska-111-300x195.jpg?v=1627124175 300w, https:\/\/pracownia52.pl\/www\/wp-content\/uploads\/2010\/06\/1978-6-fest-kult-szsp-maria-wiernikowska-111-768x500.jpg?v=1627124175 768w\" sizes=\"auto, (max-width: 767px) 89vw, (max-width: 1000px) 54vw, (max-width: 1071px) 543px, 580px\" \/><\/a><\/figure><\/li><li class=\"blocks-gallery-item\"><figure><a href=\"https:\/\/pracownia52.pl\/www\/wp-content\/uploads\/2010\/06\/olsztyn-1978-ea-001-mn.jpg\"><img loading=\"lazy\" decoding=\"async\" width=\"550\" height=\"371\" src=\"https:\/\/pracownia52.pl\/www\/wp-content\/uploads\/2010\/06\/olsztyn-1978-ea-001-mn.jpg\" alt=\"\" data-id=\"2045\" class=\"wp-image-2045\" srcset=\"https:\/\/pracownia52.pl\/www\/wp-content\/uploads\/2010\/06\/olsztyn-1978-ea-001-mn.jpg?v=1627124231 550w, https:\/\/pracownia52.pl\/www\/wp-content\/uploads\/2010\/06\/olsztyn-1978-ea-001-mn-300x202.jpg?v=1627124231 300w\" sizes=\"auto, (max-width: 550px) 100vw, 550px\" \/><\/a><\/figure><\/li><li class=\"blocks-gallery-item\"><figure><a href=\"https:\/\/pracownia52.pl\/www\/wp-content\/uploads\/2010\/06\/jacek-kaczmarski-9x-001.jpg\"><img loading=\"lazy\" decoding=\"async\" width=\"550\" height=\"368\" src=\"https:\/\/pracownia52.pl\/www\/wp-content\/uploads\/2010\/06\/jacek-kaczmarski-9x-001.jpg\" alt=\"\" data-id=\"2048\" class=\"wp-image-2048\" srcset=\"https:\/\/pracownia52.pl\/www\/wp-content\/uploads\/2010\/06\/jacek-kaczmarski-9x-001.jpg?v=1627124231 550w, https:\/\/pracownia52.pl\/www\/wp-content\/uploads\/2010\/06\/jacek-kaczmarski-9x-001-300x201.jpg?v=1627124231 300w\" sizes=\"auto, (max-width: 550px) 100vw, 550px\" \/><\/a><\/figure><\/li><\/ul>\n","protected":false},"excerpt":{"rendered":"<p>pod koniec lat 70. troch\u0119 ju\u017c robi\u0142em zdj\u0119\u0107 do \u201eNowego Medyka\u201d, \u201eJazzu\u201d\u2026 sporo z nich by\u0142o z festiwali tzw. piosenki studenckiej: w Krakowie czy ze Spotka\u0144 Zamkowych \u201e\u015apiewajmy poezj\u0119\u201d w Olsztynie\u2026(tekst do doko\u0144czenia)mr m.<\/p>\n","protected":false},"author":1,"featured_media":0,"parent":0,"menu_order":0,"comment_status":"closed","ping_status":"open","template":"","meta":{"footnotes":""},"class_list":["post-542","page","type-page","status-publish","hentry"],"_links":{"self":[{"href":"https:\/\/pracownia52.pl\/www\/index.php?rest_route=\/wp\/v2\/pages\/542","targetHints":{"allow":["GET"]}}],"collection":[{"href":"https:\/\/pracownia52.pl\/www\/index.php?rest_route=\/wp\/v2\/pages"}],"about":[{"href":"https:\/\/pracownia52.pl\/www\/index.php?rest_route=\/wp\/v2\/types\/page"}],"author":[{"embeddable":true,"href":"https:\/\/pracownia52.pl\/www\/index.php?rest_route=\/wp\/v2\/users\/1"}],"replies":[{"embeddable":true,"href":"https:\/\/pracownia52.pl\/www\/index.php?rest_route=%2Fwp%2Fv2%2Fcomments&post=542"}],"version-history":[{"count":23,"href":"https:\/\/pracownia52.pl\/www\/index.php?rest_route=\/wp\/v2\/pages\/542\/revisions"}],"predecessor-version":[{"id":8243,"href":"https:\/\/pracownia52.pl\/www\/index.php?rest_route=\/wp\/v2\/pages\/542\/revisions\/8243"}],"wp:attachment":[{"href":"https:\/\/pracownia52.pl\/www\/index.php?rest_route=%2Fwp%2Fv2%2Fmedia&parent=542"}],"curies":[{"name":"wp","href":"https:\/\/api.w.org\/{rel}","templated":true}]}}