{"id":620,"date":"2010-06-12T13:21:50","date_gmt":"2010-06-12T13:21:50","guid":{"rendered":"http:\/\/pracownia52.pl\/www\/?page_id=620"},"modified":"2019-07-20T11:42:15","modified_gmt":"2019-07-20T11:42:15","slug":"proletaryat","status":"publish","type":"page","link":"https:\/\/pracownia52.pl\/www\/?page_id=620","title":{"rendered":"Proletaryat"},"content":{"rendered":"\n<figure class=\"wp-block-image\"><img loading=\"lazy\" decoding=\"async\" width=\"500\" height=\"337\" src=\"http:\/\/pracownia52.pl\/www\/wp-content\/uploads\/2010\/06\/proletaryat-pabianice-142n.jpg\" alt=\"\" class=\"wp-image-622\" srcset=\"https:\/\/pracownia52.pl\/www\/wp-content\/uploads\/2010\/06\/proletaryat-pabianice-142n.jpg?v=1627124301 500w, https:\/\/pracownia52.pl\/www\/wp-content\/uploads\/2010\/06\/proletaryat-pabianice-142n-300x202.jpg?v=1627124301 300w\" sizes=\"auto, (max-width: 500px) 100vw, 500px\" \/><\/figure>\n\n\n\n<p>Zdj\u0119cia, plakat, projekty CD, MK. takie sobie <a href=\"https:\/\/www.discogs.com\/Proletaryat-Proletariat\/release\/2204653\">projekty<\/a>, dosta\u0142em pierwszy raz komputery do r\u0119ki; to i fascynacja. Ale zdj\u0119cia (chyba) fajne. niestety bez ci\u0105gu dalszego: <strong>Katarzyna Kanclerz<\/strong>\u2026 Zob. te\u017c: <strong><a href=\"http:\/\/pracownia52.pl\/www\/?page_id=332\">Izabelin Studio<\/a><\/strong>. Troch\u0119 te\u017c zdj\u0119\u0107 z samych Pabianic, zwyczajny upadek.<br \/>mr m.<br \/><\/p>\n\n\n\n<ul class=\"wp-block-gallery columns-4 is-cropped wp-block-gallery-1 is-layout-flex wp-block-gallery-is-layout-flex\"><li class=\"blocks-gallery-item\"><figure><a href=\"https:\/\/pracownia52.pl\/www\/wp-content\/uploads\/2010\/06\/Proletaryat-LP-arston-proj-mr-makowski.jpg\"><img loading=\"lazy\" decoding=\"async\" width=\"600\" height=\"598\" src=\"https:\/\/pracownia52.pl\/www\/wp-content\/uploads\/2010\/06\/Proletaryat-LP-arston-proj-mr-makowski.jpg\" alt=\"\" data-id=\"5370\" class=\"wp-image-5370\" srcset=\"https:\/\/pracownia52.pl\/www\/wp-content\/uploads\/2010\/06\/Proletaryat-LP-arston-proj-mr-makowski.jpg?v=1627125764 600w, https:\/\/pracownia52.pl\/www\/wp-content\/uploads\/2010\/06\/Proletaryat-LP-arston-proj-mr-makowski-300x300.jpg?v=1627125764 300w, https:\/\/pracownia52.pl\/www\/wp-content\/uploads\/2010\/06\/Proletaryat-LP-arston-proj-mr-makowski-150x150.jpg?v=1627125764 150w, https:\/\/pracownia52.pl\/www\/wp-content\/uploads\/2010\/06\/Proletaryat-LP-arston-proj-mr-makowski-75x75.jpg?v=1627125764 75w\" sizes=\"auto, (max-width: 600px) 100vw, 600px\" \/><\/a><\/figure><\/li><li class=\"blocks-gallery-item\"><figure><a href=\"https:\/\/pracownia52.pl\/www\/wp-content\/uploads\/2010\/06\/pabianice-MK-low-proletaryat-1990-1.jpg\"><img loading=\"lazy\" decoding=\"async\" width=\"534\" height=\"800\" src=\"https:\/\/pracownia52.pl\/www\/wp-content\/uploads\/2010\/06\/pabianice-MK-low-proletaryat-1990-1.jpg\" alt=\"\" data-id=\"5149\" class=\"wp-image-5149\" srcset=\"https:\/\/pracownia52.pl\/www\/wp-content\/uploads\/2010\/06\/pabianice-MK-low-proletaryat-1990-1.jpg?v=1627123921 534w, https:\/\/pracownia52.pl\/www\/wp-content\/uploads\/2010\/06\/pabianice-MK-low-proletaryat-1990-1-200x300.jpg?v=1627123921 200w\" sizes=\"auto, (max-width: 534px) 100vw, 534px\" \/><\/a><\/figure><\/li><li class=\"blocks-gallery-item\"><figure><a href=\"https:\/\/pracownia52.pl\/www\/wp-content\/uploads\/2010\/06\/proletaryat-pabianic-40p3.jpg\"><img loading=\"lazy\" decoding=\"async\" width=\"450\" height=\"674\" src=\"https:\/\/pracownia52.pl\/www\/wp-content\/uploads\/2010\/06\/proletaryat-pabianic-40p3.jpg\" alt=\"\" data-id=\"5156\" class=\"wp-image-5156\" srcset=\"https:\/\/pracownia52.pl\/www\/wp-content\/uploads\/2010\/06\/proletaryat-pabianic-40p3.jpg?v=1627123920 450w, https:\/\/pracownia52.pl\/www\/wp-content\/uploads\/2010\/06\/proletaryat-pabianic-40p3-200x300.jpg?v=1627123920 200w\" sizes=\"auto, (max-width: 450px) 100vw, 450px\" \/><\/a><\/figure><\/li><li class=\"blocks-gallery-item\"><figure><a href=\"https:\/\/pracownia52.pl\/www\/wp-content\/uploads\/2010\/06\/pabianice-low-maska-proletaryat-1990-3.jpg\"><img loading=\"lazy\" decoding=\"async\" width=\"800\" height=\"533\" src=\"https:\/\/pracownia52.pl\/www\/wp-content\/uploads\/2010\/06\/pabianice-low-maska-proletaryat-1990-3.jpg\" alt=\"\" data-id=\"5148\" class=\"wp-image-5148\" srcset=\"https:\/\/pracownia52.pl\/www\/wp-content\/uploads\/2010\/06\/pabianice-low-maska-proletaryat-1990-3.jpg?v=1627123922 800w, https:\/\/pracownia52.pl\/www\/wp-content\/uploads\/2010\/06\/pabianice-low-maska-proletaryat-1990-3-300x200.jpg?v=1627123922 300w, https:\/\/pracownia52.pl\/www\/wp-content\/uploads\/2010\/06\/pabianice-low-maska-proletaryat-1990-3-768x512.jpg?v=1627123922 768w\" sizes=\"auto, (max-width: 767px) 89vw, (max-width: 1000px) 54vw, (max-width: 1071px) 543px, 580px\" \/><\/a><\/figure><\/li><li class=\"blocks-gallery-item\"><figure><a href=\"https:\/\/pracownia52.pl\/www\/wp-content\/uploads\/2010\/06\/Pabianice-proletaryat-picture-low-1990-1.jpg\"><img loading=\"lazy\" decoding=\"async\" width=\"800\" height=\"538\" src=\"https:\/\/pracownia52.pl\/www\/wp-content\/uploads\/2010\/06\/Pabianice-proletaryat-picture-low-1990-1.jpg\" alt=\"\" data-id=\"5150\" class=\"wp-image-5150\" srcset=\"https:\/\/pracownia52.pl\/www\/wp-content\/uploads\/2010\/06\/Pabianice-proletaryat-picture-low-1990-1.jpg?v=1627123921 800w, https:\/\/pracownia52.pl\/www\/wp-content\/uploads\/2010\/06\/Pabianice-proletaryat-picture-low-1990-1-300x202.jpg?v=1627123921 300w, https:\/\/pracownia52.pl\/www\/wp-content\/uploads\/2010\/06\/Pabianice-proletaryat-picture-low-1990-1-768x516.jpg?v=1627123921 768w\" sizes=\"auto, (max-width: 767px) 89vw, (max-width: 1000px) 54vw, (max-width: 1071px) 543px, 580px\" \/><\/a><\/figure><\/li><li class=\"blocks-gallery-item\"><figure><a href=\"https:\/\/pracownia52.pl\/www\/wp-content\/uploads\/2010\/06\/Pict-pab-prol-1990-low-4.jpg\"><img loading=\"lazy\" decoding=\"async\" width=\"800\" height=\"528\" src=\"https:\/\/pracownia52.pl\/www\/wp-content\/uploads\/2010\/06\/Pict-pab-prol-1990-low-4.jpg\" alt=\"\" data-id=\"5151\" class=\"wp-image-5151\" srcset=\"https:\/\/pracownia52.pl\/www\/wp-content\/uploads\/2010\/06\/Pict-pab-prol-1990-low-4.jpg?v=1627123921 800w, https:\/\/pracownia52.pl\/www\/wp-content\/uploads\/2010\/06\/Pict-pab-prol-1990-low-4-300x198.jpg?v=1627123921 300w, https:\/\/pracownia52.pl\/www\/wp-content\/uploads\/2010\/06\/Pict-pab-prol-1990-low-4-768x507.jpg?v=1627123921 768w\" sizes=\"auto, (max-width: 767px) 89vw, (max-width: 1000px) 54vw, (max-width: 1071px) 543px, 580px\" \/><\/a><\/figure><\/li><li class=\"blocks-gallery-item\"><figure><a href=\"https:\/\/pracownia52.pl\/www\/wp-content\/uploads\/2010\/06\/Pict-pab-prol-low-1990b-6.jpg\"><img loading=\"lazy\" decoding=\"async\" width=\"800\" height=\"529\" src=\"https:\/\/pracownia52.pl\/www\/wp-content\/uploads\/2010\/06\/Pict-pab-prol-low-1990b-6.jpg\" alt=\"\" data-id=\"5152\" class=\"wp-image-5152\" srcset=\"https:\/\/pracownia52.pl\/www\/wp-content\/uploads\/2010\/06\/Pict-pab-prol-low-1990b-6.jpg?v=1627123921 800w, https:\/\/pracownia52.pl\/www\/wp-content\/uploads\/2010\/06\/Pict-pab-prol-low-1990b-6-300x198.jpg?v=1627123921 300w, https:\/\/pracownia52.pl\/www\/wp-content\/uploads\/2010\/06\/Pict-pab-prol-low-1990b-6-768x508.jpg?v=1627123921 768w\" sizes=\"auto, (max-width: 767px) 89vw, (max-width: 1000px) 54vw, (max-width: 1071px) 543px, 580px\" \/><\/a><\/figure><\/li><li class=\"blocks-gallery-item\"><figure><a href=\"https:\/\/pracownia52.pl\/www\/wp-content\/uploads\/2010\/06\/Picture-p-1990-low-2.jpg\"><img loading=\"lazy\" decoding=\"async\" width=\"800\" height=\"535\" src=\"https:\/\/pracownia52.pl\/www\/wp-content\/uploads\/2010\/06\/Picture-p-1990-low-2.jpg\" alt=\"\" data-id=\"5153\" class=\"wp-image-5153\" srcset=\"https:\/\/pracownia52.pl\/www\/wp-content\/uploads\/2010\/06\/Picture-p-1990-low-2.jpg?v=1627123920 800w, https:\/\/pracownia52.pl\/www\/wp-content\/uploads\/2010\/06\/Picture-p-1990-low-2-300x201.jpg?v=1627123920 300w, https:\/\/pracownia52.pl\/www\/wp-content\/uploads\/2010\/06\/Picture-p-1990-low-2-768x514.jpg?v=1627123920 768w\" sizes=\"auto, (max-width: 767px) 89vw, (max-width: 1000px) 54vw, (max-width: 1071px) 543px, 580px\" \/><\/a><\/figure><\/li><li class=\"blocks-gallery-item\"><figure><a href=\"https:\/\/pracownia52.pl\/www\/wp-content\/uploads\/2010\/06\/prolet-lato-90-01.jpg\"><img loading=\"lazy\" decoding=\"async\" width=\"500\" height=\"345\" src=\"https:\/\/pracownia52.pl\/www\/wp-content\/uploads\/2010\/06\/prolet-lato-90-01.jpg\" alt=\"\" data-id=\"5154\" class=\"wp-image-5154\" srcset=\"https:\/\/pracownia52.pl\/www\/wp-content\/uploads\/2010\/06\/prolet-lato-90-01.jpg?v=1627123920 500w, https:\/\/pracownia52.pl\/www\/wp-content\/uploads\/2010\/06\/prolet-lato-90-01-300x207.jpg?v=1627123920 300w\" sizes=\"auto, (max-width: 500px) 100vw, 500px\" \/><\/a><\/figure><\/li><\/ul>\n\n\n\n<ul class=\"wp-block-gallery columns-1 is-cropped wp-block-gallery-2 is-layout-flex wp-block-gallery-is-layout-flex\"><li class=\"blocks-gallery-item\"><figure><img loading=\"lazy\" decoding=\"async\" width=\"1024\" height=\"675\" src=\"https:\/\/pracownia52.pl\/www\/wp-content\/uploads\/2019\/07\/1990-Proletaryat-pabianice-fot-mr-makowski-346-1024x675.jpg\" alt=\"\" data-id=\"9564\" data-link=\"https:\/\/pracownia52.pl\/www\/?attachment_id=9564\" class=\"wp-image-9564\" srcset=\"https:\/\/pracownia52.pl\/www\/wp-content\/uploads\/2019\/07\/1990-Proletaryat-pabianice-fot-mr-makowski-346-1024x675.jpg?v=1627123571 1024w, https:\/\/pracownia52.pl\/www\/wp-content\/uploads\/2019\/07\/1990-Proletaryat-pabianice-fot-mr-makowski-346-300x198.jpg?v=1627123571 300w, https:\/\/pracownia52.pl\/www\/wp-content\/uploads\/2019\/07\/1990-Proletaryat-pabianice-fot-mr-makowski-346-768x506.jpg?v=1627123571 768w, https:\/\/pracownia52.pl\/www\/wp-content\/uploads\/2019\/07\/1990-Proletaryat-pabianice-fot-mr-makowski-346.jpg?v=1627123571 1200w\" sizes=\"auto, (max-width: 767px) 89vw, (max-width: 1000px) 54vw, (max-width: 1071px) 543px, 580px\" \/><\/figure><\/li><\/ul>\n","protected":false},"excerpt":{"rendered":"<p>Zdj\u0119cia, plakat, projekty CD, MK. takie sobie projekty, dosta\u0142em pierwszy raz komputery do r\u0119ki; to i fascynacja. Ale zdj\u0119cia (chyba) fajne. niestety bez ci\u0105gu dalszego: Katarzyna Kanclerz\u2026 Zob. te\u017c: Izabelin Studio. Troch\u0119 te\u017c zdj\u0119\u0107 z samych Pabianic, zwyczajny upadek.mr m.<\/p>\n","protected":false},"author":1,"featured_media":0,"parent":0,"menu_order":0,"comment_status":"closed","ping_status":"open","template":"","meta":{"footnotes":""},"class_list":["post-620","page","type-page","status-publish","hentry"],"_links":{"self":[{"href":"https:\/\/pracownia52.pl\/www\/index.php?rest_route=\/wp\/v2\/pages\/620","targetHints":{"allow":["GET"]}}],"collection":[{"href":"https:\/\/pracownia52.pl\/www\/index.php?rest_route=\/wp\/v2\/pages"}],"about":[{"href":"https:\/\/pracownia52.pl\/www\/index.php?rest_route=\/wp\/v2\/types\/page"}],"author":[{"embeddable":true,"href":"https:\/\/pracownia52.pl\/www\/index.php?rest_route=\/wp\/v2\/users\/1"}],"replies":[{"embeddable":true,"href":"https:\/\/pracownia52.pl\/www\/index.php?rest_route=%2Fwp%2Fv2%2Fcomments&post=620"}],"version-history":[{"count":11,"href":"https:\/\/pracownia52.pl\/www\/index.php?rest_route=\/wp\/v2\/pages\/620\/revisions"}],"predecessor-version":[{"id":9565,"href":"https:\/\/pracownia52.pl\/www\/index.php?rest_route=\/wp\/v2\/pages\/620\/revisions\/9565"}],"wp:attachment":[{"href":"https:\/\/pracownia52.pl\/www\/index.php?rest_route=%2Fwp%2Fv2%2Fmedia&parent=620"}],"curies":[{"name":"wp","href":"https:\/\/api.w.org\/{rel}","templated":true}]}}