{"id":7803,"date":"2018-10-17T11:32:39","date_gmt":"2018-10-17T11:32:39","guid":{"rendered":"https:\/\/pracownia52.pl\/www\/?page_id=7803"},"modified":"2018-10-17T11:32:39","modified_gmt":"2018-10-17T11:32:39","slug":"stefan-figlarowicz","status":"publish","type":"page","link":"https:\/\/pracownia52.pl\/www\/?page_id=7803","title":{"rendered":"Stefan Figlarowicz"},"content":{"rendered":"<p>kilka rozm\u00f3w, bo te\u017c by\u0142 znajomym Mai i <a href=\"https:\/\/pracownia52.pl\/www\/?page_id=883\"><strong>mego ojca<\/strong><\/a>. Kilka jego uwag o mych zdj\u0119ciach bardzo mi pomog\u0142o.<br \/>\n<a href=\"https:\/\/pl.wikipedia.org\/wiki\/Stefan_Figlarowicz\"><strong>Stefan Figlarowicz<\/strong><\/a> (1937-2015), fotograf, prezes\u2026<br \/>\nmr m.<img loading=\"lazy\" decoding=\"async\" src=\"https:\/\/pracownia52.pl\/www\/wp-content\/uploads\/2018\/10\/1979-St-Figlarowicz-fot-mr-makowski-098-low.jpg\" alt=\"\" width=\"1200\" height=\"804\" class=\"alignnone size-full wp-image-7806\" srcset=\"https:\/\/pracownia52.pl\/www\/wp-content\/uploads\/2018\/10\/1979-St-Figlarowicz-fot-mr-makowski-098-low.jpg?v=1627123694 1200w, https:\/\/pracownia52.pl\/www\/wp-content\/uploads\/2018\/10\/1979-St-Figlarowicz-fot-mr-makowski-098-low-300x201.jpg?v=1627123694 300w, https:\/\/pracownia52.pl\/www\/wp-content\/uploads\/2018\/10\/1979-St-Figlarowicz-fot-mr-makowski-098-low-1024x686.jpg?v=1627123694 1024w, https:\/\/pracownia52.pl\/www\/wp-content\/uploads\/2018\/10\/1979-St-Figlarowicz-fot-mr-makowski-098-low-768x515.jpg?v=1627123694 768w\" sizes=\"auto, (max-width: 767px) 89vw, (max-width: 1000px) 54vw, (max-width: 1071px) 543px, 580px\" \/><\/p>\n","protected":false},"excerpt":{"rendered":"<p>kilka rozm\u00f3w, bo te\u017c by\u0142 znajomym Mai i mego ojca. Kilka jego uwag o mych zdj\u0119ciach bardzo mi pomog\u0142o. Stefan Figlarowicz (1937-2015), fotograf, prezes\u2026 mr m.<\/p>\n","protected":false},"author":1,"featured_media":0,"parent":0,"menu_order":3,"comment_status":"closed","ping_status":"closed","template":"","meta":{"footnotes":""},"class_list":["post-7803","page","type-page","status-publish","hentry"],"_links":{"self":[{"href":"https:\/\/pracownia52.pl\/www\/index.php?rest_route=\/wp\/v2\/pages\/7803","targetHints":{"allow":["GET"]}}],"collection":[{"href":"https:\/\/pracownia52.pl\/www\/index.php?rest_route=\/wp\/v2\/pages"}],"about":[{"href":"https:\/\/pracownia52.pl\/www\/index.php?rest_route=\/wp\/v2\/types\/page"}],"author":[{"embeddable":true,"href":"https:\/\/pracownia52.pl\/www\/index.php?rest_route=\/wp\/v2\/users\/1"}],"replies":[{"embeddable":true,"href":"https:\/\/pracownia52.pl\/www\/index.php?rest_route=%2Fwp%2Fv2%2Fcomments&post=7803"}],"version-history":[{"count":3,"href":"https:\/\/pracownia52.pl\/www\/index.php?rest_route=\/wp\/v2\/pages\/7803\/revisions"}],"predecessor-version":[{"id":7807,"href":"https:\/\/pracownia52.pl\/www\/index.php?rest_route=\/wp\/v2\/pages\/7803\/revisions\/7807"}],"wp:attachment":[{"href":"https:\/\/pracownia52.pl\/www\/index.php?rest_route=%2Fwp%2Fv2%2Fmedia&parent=7803"}],"curies":[{"name":"wp","href":"https:\/\/api.w.org\/{rel}","templated":true}]}}