{"id":8014,"date":"2018-11-29T13:03:32","date_gmt":"2018-11-29T13:03:32","guid":{"rendered":"https:\/\/pracownia52.pl\/www\/?page_id=8014"},"modified":"2018-11-29T13:03:32","modified_gmt":"2018-11-29T13:03:32","slug":"easy-rider","status":"publish","type":"page","link":"https:\/\/pracownia52.pl\/www\/?page_id=8014","title":{"rendered":"Easy Rider"},"content":{"rendered":"<p>Grupa bluesowa, wroc\u0142awska. I nawet jak\u0105\u015b kaset\u0119 zrobi\u0142em, wysz\u0142a \u2013 ale si\u0119 nie podoba\u0142a za bardzo cz\u0142onkom i LP zrobi\u0142 kto\u015b inny. (Mam gdzie\u015b chyba projekt, ja lubi\u0142em :)<br \/>\nmr m.<br \/>\n<div id='gallery-1' class='gallery galleryid-8014 gallery-columns-1 gallery-size-full'><figure class='gallery-item'>\n\t\t\t<div class='gallery-icon landscape'>\n\t\t\t\t<a href='https:\/\/pracownia52.pl\/www\/wp-content\/uploads\/2018\/11\/01-1988-Easy-Rider-951-fot-mr-makowski.jpg'><img loading=\"lazy\" decoding=\"async\" width=\"1200\" height=\"802\" src=\"https:\/\/pracownia52.pl\/www\/wp-content\/uploads\/2018\/11\/01-1988-Easy-Rider-951-fot-mr-makowski.jpg?v=1627123673\" class=\"attachment-full size-full\" alt=\"\" srcset=\"https:\/\/pracownia52.pl\/www\/wp-content\/uploads\/2018\/11\/01-1988-Easy-Rider-951-fot-mr-makowski.jpg?v=1627123673 1200w, https:\/\/pracownia52.pl\/www\/wp-content\/uploads\/2018\/11\/01-1988-Easy-Rider-951-fot-mr-makowski-300x201.jpg?v=1627123673 300w, https:\/\/pracownia52.pl\/www\/wp-content\/uploads\/2018\/11\/01-1988-Easy-Rider-951-fot-mr-makowski-1024x684.jpg?v=1627123673 1024w, https:\/\/pracownia52.pl\/www\/wp-content\/uploads\/2018\/11\/01-1988-Easy-Rider-951-fot-mr-makowski-768x513.jpg?v=1627123673 768w\" sizes=\"auto, 100vw\" \/><\/a>\n\t\t\t<\/div><\/figure>\n\t\t<\/div>\n<\/p>\n","protected":false},"excerpt":{"rendered":"<p>Grupa bluesowa, wroc\u0142awska. I nawet jak\u0105\u015b kaset\u0119 zrobi\u0142em, wysz\u0142a \u2013 ale si\u0119 nie podoba\u0142a za bardzo cz\u0142onkom i LP zrobi\u0142 kto\u015b inny. (Mam gdzie\u015b chyba projekt, ja lubi\u0142em :) mr m.<\/p>\n","protected":false},"author":1,"featured_media":0,"parent":0,"menu_order":0,"comment_status":"closed","ping_status":"closed","template":"","meta":{"footnotes":""},"class_list":["post-8014","page","type-page","status-publish","hentry"],"_links":{"self":[{"href":"https:\/\/pracownia52.pl\/www\/index.php?rest_route=\/wp\/v2\/pages\/8014","targetHints":{"allow":["GET"]}}],"collection":[{"href":"https:\/\/pracownia52.pl\/www\/index.php?rest_route=\/wp\/v2\/pages"}],"about":[{"href":"https:\/\/pracownia52.pl\/www\/index.php?rest_route=\/wp\/v2\/types\/page"}],"author":[{"embeddable":true,"href":"https:\/\/pracownia52.pl\/www\/index.php?rest_route=\/wp\/v2\/users\/1"}],"replies":[{"embeddable":true,"href":"https:\/\/pracownia52.pl\/www\/index.php?rest_route=%2Fwp%2Fv2%2Fcomments&post=8014"}],"version-history":[{"count":2,"href":"https:\/\/pracownia52.pl\/www\/index.php?rest_route=\/wp\/v2\/pages\/8014\/revisions"}],"predecessor-version":[{"id":8017,"href":"https:\/\/pracownia52.pl\/www\/index.php?rest_route=\/wp\/v2\/pages\/8014\/revisions\/8017"}],"wp:attachment":[{"href":"https:\/\/pracownia52.pl\/www\/index.php?rest_route=%2Fwp%2Fv2%2Fmedia&parent=8014"}],"curies":[{"name":"wp","href":"https:\/\/api.w.org\/{rel}","templated":true}]}}