{"id":8056,"date":"2018-12-14T09:13:23","date_gmt":"2018-12-14T09:13:23","guid":{"rendered":"https:\/\/pracownia52.pl\/www\/?page_id=8056"},"modified":"2018-12-16T08:43:20","modified_gmt":"2018-12-16T08:43:20","slug":"antiquintet","status":"publish","type":"page","link":"https:\/\/pracownia52.pl\/www\/?page_id=8056","title":{"rendered":"Antiquintet"},"content":{"rendered":"\n<p><strong><a href=\"https:\/\/pl.wikipedia.org\/wiki\/Antiquintet\">grupa z Gda<\/a><\/strong><a href=\"https:\/\/pl.wikipedia.org\/wiki\/Antiquintet\">.<\/a><\/p>\n\n\n\n<p>Tu w sk\u0142adzie (chyba chwilowym?) z Leszkiem Dranickim, (ex-<strong><a href=\"https:\/\/pracownia52.pl\/www\/?page_id=416\">Krzak<\/a><\/strong>). Ciekawe jest te\u017c t\u0142o: to Gda\u0144sk, rok 1983, jeszcze nie wszystko tu wyburzone i zamienione na \u201elokale <em>pod<\/em> wynajem\u201d\u2026<\/p>\n\n\n\n<blockquote class=\"wp-block-quote is-layout-flow wp-block-quote-is-layout-flow\"><p><a href=\"https:\/\/www.facebook.com\/pjankow?__tn__=%2CdCH-R-R&amp;eid=ARAdEj8So5P-qXltBYeEAuVfzql0peQ4M6JXMmjQ2Ed6T_Ye26YK0xgVM-j7s_uKL8BSYFvkuMMDD7m-&amp;hc_ref=ARTNYEgmoFCieSWGEMentp8GiL4O_IPyvP2pn9tq9WI1hlvl5-VUZRO7X_EbBVI9VA4&amp;fref=nf\">Piotr Jankowski<\/a><br \/>To wyj\u0105tkowe zdj\u0119cie, zrobione 1983 w Gda\u0144sku, zobaczy\u0142em wczoraj po raz pierwszy. Zesp\u00f3\u0142 ANTIQUINTET, z kt\u00f3rym potem wyjechali\u015bmy do Niemiec (na d\u0142u\u017cej). Zast\u0105pi\u0142em w tej formacji J\u00f3zka Eliasza, z kt\u00f3rym zesp\u00f3\u0142 odnosi\u0142 swoje sukcesy min. na Jazzie nad Odr\u0105. Sk\u0142ad od lewej:&nbsp;<a href=\"https:\/\/www.facebook.com\/leszek.kulakowski1?__tn__=%2CdKH-R-R&amp;eid=ARBb83GzeC2Q1YqRtqxs5k777zZMO4K9KY-CB6O4-hkNw_rrQm--w9H5jFd1LJFYNjGyAsH0sPwHvCa1&amp;fref=mentions\">Leszek Kulakowski<\/a>, Lech Wieleba ,&nbsp;<a href=\"https:\/\/www.facebook.com\/leszek.dranicki?__tn__=%2CdKH-R-R&amp;eid=ARD_vtRULSVRnbM6mh7Qz-KDkZQm1xvEzb1rW2_kbVqoJR0fu67IjOkf9H0GHuexRY2u3Ic0z2jZyJWs&amp;fref=mentions\">Leszek Dranicki<\/a>&nbsp;i ja.<\/p><cite>(facebook, gru. 2018)<\/cite><\/blockquote>\n\n\n\n<p>(opis dotyczy pierwszego od lewej zdj\u0119cia w galerii ni\u017cej)<\/p>\n\n\n\n<p>mr m.<\/p>\n\n\n\n<ul class=\"wp-block-gallery columns-2 is-cropped wp-block-gallery-1 is-layout-flex wp-block-gallery-is-layout-flex\"><li class=\"blocks-gallery-item\"><figure><a href=\"https:\/\/pracownia52.pl\/www\/wp-content\/uploads\/2018\/12\/01-1983-Antyquintet-229-fot-mr-makowski-1024x688.jpg\"><img loading=\"lazy\" decoding=\"async\" width=\"1024\" height=\"688\" src=\"https:\/\/pracownia52.pl\/www\/wp-content\/uploads\/2018\/12\/01-1983-Antyquintet-229-fot-mr-makowski-1024x688.jpg\" alt=\"\" data-id=\"8057\" data-link=\"https:\/\/pracownia52.pl\/www\/?attachment_id=8057\" class=\"wp-image-8057\" srcset=\"https:\/\/pracownia52.pl\/www\/wp-content\/uploads\/2018\/12\/01-1983-Antyquintet-229-fot-mr-makowski-1024x688.jpg?v=1627123671 1024w, https:\/\/pracownia52.pl\/www\/wp-content\/uploads\/2018\/12\/01-1983-Antyquintet-229-fot-mr-makowski-300x202.jpg?v=1627123671 300w, https:\/\/pracownia52.pl\/www\/wp-content\/uploads\/2018\/12\/01-1983-Antyquintet-229-fot-mr-makowski-768x516.jpg?v=1627123671 768w, https:\/\/pracownia52.pl\/www\/wp-content\/uploads\/2018\/12\/01-1983-Antyquintet-229-fot-mr-makowski.jpg?v=1627123671 1200w\" sizes=\"auto, (max-width: 767px) 89vw, (max-width: 1000px) 54vw, (max-width: 1071px) 543px, 580px\" \/><\/a><\/figure><\/li><li class=\"blocks-gallery-item\"><figure><a href=\"https:\/\/pracownia52.pl\/www\/wp-content\/uploads\/2018\/12\/02-1983-Antyquintet-235-fot-mr-makowski-1024x668.jpg\"><img loading=\"lazy\" decoding=\"async\" width=\"1024\" height=\"668\" src=\"https:\/\/pracownia52.pl\/www\/wp-content\/uploads\/2018\/12\/02-1983-Antyquintet-235-fot-mr-makowski-1024x668.jpg\" alt=\"\" data-id=\"8065\" data-link=\"https:\/\/pracownia52.pl\/www\/?attachment_id=8065\" class=\"wp-image-8065\" srcset=\"https:\/\/pracownia52.pl\/www\/wp-content\/uploads\/2018\/12\/02-1983-Antyquintet-235-fot-mr-makowski-1024x668.jpg?v=1627123670 1024w, https:\/\/pracownia52.pl\/www\/wp-content\/uploads\/2018\/12\/02-1983-Antyquintet-235-fot-mr-makowski-300x196.jpg?v=1627123670 300w, https:\/\/pracownia52.pl\/www\/wp-content\/uploads\/2018\/12\/02-1983-Antyquintet-235-fot-mr-makowski-768x501.jpg?v=1627123670 768w, https:\/\/pracownia52.pl\/www\/wp-content\/uploads\/2018\/12\/02-1983-Antyquintet-235-fot-mr-makowski.jpg?v=1627123670 1200w\" sizes=\"auto, (max-width: 767px) 89vw, (max-width: 1000px) 54vw, (max-width: 1071px) 543px, 580px\" \/><\/a><\/figure><\/li><\/ul>\n\n\n\n<figure class=\"wp-block-image\"><img loading=\"lazy\" decoding=\"async\" width=\"677\" height=\"1024\" src=\"https:\/\/pracownia52.pl\/www\/wp-content\/uploads\/2018\/12\/03-1983-Antyquintet-236-fot-mr-makowski-677x1024.jpg\" alt=\"\" class=\"wp-image-8072\" srcset=\"https:\/\/pracownia52.pl\/www\/wp-content\/uploads\/2018\/12\/03-1983-Antyquintet-236-fot-mr-makowski-677x1024.jpg?v=1627123670 677w, https:\/\/pracownia52.pl\/www\/wp-content\/uploads\/2018\/12\/03-1983-Antyquintet-236-fot-mr-makowski-198x300.jpg?v=1627123670 198w, https:\/\/pracownia52.pl\/www\/wp-content\/uploads\/2018\/12\/03-1983-Antyquintet-236-fot-mr-makowski-768x1162.jpg?v=1627123670 768w, https:\/\/pracownia52.pl\/www\/wp-content\/uploads\/2018\/12\/03-1983-Antyquintet-236-fot-mr-makowski-1016x1536.jpg?v=1627123670 1016w, https:\/\/pracownia52.pl\/www\/wp-content\/uploads\/2018\/12\/03-1983-Antyquintet-236-fot-mr-makowski.jpg?v=1627123670 1200w\" sizes=\"auto, (max-width: 677px) 100vw, 677px\" \/><\/figure>\n","protected":false},"excerpt":{"rendered":"<p>grupa z Gda. Tu w sk\u0142adzie (chyba chwilowym?) z Leszkiem Dranickim, (ex-Krzak). Ciekawe jest te\u017c t\u0142o: to Gda\u0144sk, rok 1983, jeszcze nie wszystko tu wyburzone i zamienione na \u201elokale pod wynajem\u201d\u2026 Piotr JankowskiTo wyj\u0105tkowe zdj\u0119cie, zrobione 1983 w Gda\u0144sku, zobaczy\u0142em wczoraj po raz pierwszy. Zesp\u00f3\u0142 ANTIQUINTET, z kt\u00f3rym potem wyjechali\u015bmy do Niemiec (na d\u0142u\u017cej). Zast\u0105pi\u0142em &hellip; <\/p>\n<p class=\"link-more\"><a href=\"https:\/\/pracownia52.pl\/www\/?page_id=8056\" class=\"more-link\">Czytaj dalej<span class=\"screen-reader-text\"> \u201eAntiquintet\u201d<\/span><\/a><\/p>\n","protected":false},"author":1,"featured_media":8061,"parent":0,"menu_order":0,"comment_status":"closed","ping_status":"closed","template":"","meta":{"footnotes":""},"class_list":["post-8056","page","type-page","status-publish","has-post-thumbnail","hentry"],"_links":{"self":[{"href":"https:\/\/pracownia52.pl\/www\/index.php?rest_route=\/wp\/v2\/pages\/8056","targetHints":{"allow":["GET"]}}],"collection":[{"href":"https:\/\/pracownia52.pl\/www\/index.php?rest_route=\/wp\/v2\/pages"}],"about":[{"href":"https:\/\/pracownia52.pl\/www\/index.php?rest_route=\/wp\/v2\/types\/page"}],"author":[{"embeddable":true,"href":"https:\/\/pracownia52.pl\/www\/index.php?rest_route=\/wp\/v2\/users\/1"}],"replies":[{"embeddable":true,"href":"https:\/\/pracownia52.pl\/www\/index.php?rest_route=%2Fwp%2Fv2%2Fcomments&post=8056"}],"version-history":[{"count":9,"href":"https:\/\/pracownia52.pl\/www\/index.php?rest_route=\/wp\/v2\/pages\/8056\/revisions"}],"predecessor-version":[{"id":8076,"href":"https:\/\/pracownia52.pl\/www\/index.php?rest_route=\/wp\/v2\/pages\/8056\/revisions\/8076"}],"wp:featuredmedia":[{"embeddable":true,"href":"https:\/\/pracownia52.pl\/www\/index.php?rest_route=\/wp\/v2\/media\/8061"}],"wp:attachment":[{"href":"https:\/\/pracownia52.pl\/www\/index.php?rest_route=%2Fwp%2Fv2%2Fmedia&parent=8056"}],"curies":[{"name":"wp","href":"https:\/\/api.w.org\/{rel}","templated":true}]}}

<p><strong><a href="https://pl.wikipedia.org/wiki/Antiquintet">grupa z Gda</a></strong><a href="https://pl.wikipedia.org/wiki/Antiquintet">.</a></p>



<p>Tu w składzie (chyba chwilowym?) z Leszkiem Dranickim, (ex-<strong><a href="https://pracownia52.pl/www/?page_id=416">Krzak</a></strong>). Ciekawe jest też tło: to Gdańsk, rok 1983, jeszcze nie wszystko tu wyburzone i zamienione na „lokale <em>pod</em> wynajem”…</p>



<blockquote class="wp-block-quote is-layout-flow wp-block-quote-is-layout-flow"><p><a href="https://www.facebook.com/pjankow?__tn__=%2CdCH-R-R&amp;eid=ARAdEj8So5P-qXltBYeEAuVfzql0peQ4M6JXMmjQ2Ed6T_Ye26YK0xgVM-j7s_uKL8BSYFvkuMMDD7m-&amp;hc_ref=ARTNYEgmoFCieSWGEMentp8GiL4O_IPyvP2pn9tq9WI1hlvl5-VUZRO7X_EbBVI9VA4&amp;fref=nf">Piotr Jankowski</a><br />To wyjątkowe zdjęcie, zrobione 1983 w Gdańsku, zobaczyłem wczoraj po raz pierwszy. Zespół ANTIQUINTET, z którym potem wyjechaliśmy do Niemiec (na dłużej). Zastąpiłem w tej formacji Józka Eliasza, z którym zespół odnosił swoje sukcesy min. na Jazzie nad Odrą. Skład od lewej:&nbsp;<a href="https://www.facebook.com/leszek.kulakowski1?__tn__=%2CdKH-R-R&amp;eid=ARBb83GzeC2Q1YqRtqxs5k777zZMO4K9KY-CB6O4-hkNw_rrQm--w9H5jFd1LJFYNjGyAsH0sPwHvCa1&amp;fref=mentions">Leszek Kulakowski</a>, Lech Wieleba ,&nbsp;<a href="https://www.facebook.com/leszek.dranicki?__tn__=%2CdKH-R-R&amp;eid=ARD_vtRULSVRnbM6mh7Qz-KDkZQm1xvEzb1rW2_kbVqoJR0fu67IjOkf9H0GHuexRY2u3Ic0z2jZyJWs&amp;fref=mentions">Leszek Dranicki</a>&nbsp;i ja.</p><cite>(facebook, gru. 2018)</cite></blockquote>



<p>(opis dotyczy pierwszego od lewej zdjęcia w galerii niżej)</p>



<p>mr m.</p>



<ul class="wp-block-gallery columns-2 is-cropped wp-block-gallery-1 is-layout-flex wp-block-gallery-is-layout-flex"><li class="blocks-gallery-item"><figure><a href="https://pracownia52.pl/www/wp-content/uploads/2018/12/01-1983-Antyquintet-229-fot-mr-makowski-1024x688.jpg"><img loading="lazy" decoding="async" width="1024" height="688" src="https://pracownia52.pl/www/wp-content/uploads/2018/12/01-1983-Antyquintet-229-fot-mr-makowski-1024x688.jpg" alt="" data-id="8057" data-link="https://pracownia52.pl/www/?attachment_id=8057" class="wp-image-8057" srcset="https://pracownia52.pl/www/wp-content/uploads/2018/12/01-1983-Antyquintet-229-fot-mr-makowski-1024x688.jpg?v=1627123671 1024w, https://pracownia52.pl/www/wp-content/uploads/2018/12/01-1983-Antyquintet-229-fot-mr-makowski-300x202.jpg?v=1627123671 300w, https://pracownia52.pl/www/wp-content/uploads/2018/12/01-1983-Antyquintet-229-fot-mr-makowski-768x516.jpg?v=1627123671 768w, https://pracownia52.pl/www/wp-content/uploads/2018/12/01-1983-Antyquintet-229-fot-mr-makowski.jpg?v=1627123671 1200w" sizes="auto, (max-width: 767px) 89vw, (max-width: 1000px) 54vw, (max-width: 1071px) 543px, 580px" /></a></figure></li><li class="blocks-gallery-item"><figure><a href="https://pracownia52.pl/www/wp-content/uploads/2018/12/02-1983-Antyquintet-235-fot-mr-makowski-1024x668.jpg"><img loading="lazy" decoding="async" width="1024" height="668" src="https://pracownia52.pl/www/wp-content/uploads/2018/12/02-1983-Antyquintet-235-fot-mr-makowski-1024x668.jpg" alt="" data-id="8065" data-link="https://pracownia52.pl/www/?attachment_id=8065" class="wp-image-8065" srcset="https://pracownia52.pl/www/wp-content/uploads/2018/12/02-1983-Antyquintet-235-fot-mr-makowski-1024x668.jpg?v=1627123670 1024w, https://pracownia52.pl/www/wp-content/uploads/2018/12/02-1983-Antyquintet-235-fot-mr-makowski-300x196.jpg?v=1627123670 300w, https://pracownia52.pl/www/wp-content/uploads/2018/12/02-1983-Antyquintet-235-fot-mr-makowski-768x501.jpg?v=1627123670 768w, https://pracownia52.pl/www/wp-content/uploads/2018/12/02-1983-Antyquintet-235-fot-mr-makowski.jpg?v=1627123670 1200w" sizes="auto, (max-width: 767px) 89vw, (max-width: 1000px) 54vw, (max-width: 1071px) 543px, 580px" /></a></figure></li></ul>



<figure class="wp-block-image"><img loading="lazy" decoding="async" width="677" height="1024" src="https://pracownia52.pl/www/wp-content/uploads/2018/12/03-1983-Antyquintet-236-fot-mr-makowski-677x1024.jpg" alt="" class="wp-image-8072" srcset="https://pracownia52.pl/www/wp-content/uploads/2018/12/03-1983-Antyquintet-236-fot-mr-makowski-677x1024.jpg?v=1627123670 677w, https://pracownia52.pl/www/wp-content/uploads/2018/12/03-1983-Antyquintet-236-fot-mr-makowski-198x300.jpg?v=1627123670 198w, https://pracownia52.pl/www/wp-content/uploads/2018/12/03-1983-Antyquintet-236-fot-mr-makowski-768x1162.jpg?v=1627123670 768w, https://pracownia52.pl/www/wp-content/uploads/2018/12/03-1983-Antyquintet-236-fot-mr-makowski-1016x1536.jpg?v=1627123670 1016w, https://pracownia52.pl/www/wp-content/uploads/2018/12/03-1983-Antyquintet-236-fot-mr-makowski.jpg?v=1627123670 1200w" sizes="auto, (max-width: 677px) 100vw, 677px" /></figure>

<p>grupa z Gda. Tu w składzie (chyba chwilowym?) z Leszkiem Dranickim, (ex-Krzak). Ciekawe jest też tło: to Gdańsk, rok 1983, jeszcze nie wszystko tu wyburzone i zamienione na „lokale pod wynajem”… Piotr JankowskiTo wyjątkowe zdjęcie, zrobione 1983 w Gdańsku, zobaczyłem wczoraj po raz pierwszy. Zespół ANTIQUINTET, z którym potem wyjechaliśmy do Niemiec (na dłużej). Zastąpiłem &hellip; </p>
<p class="link-more"><a href="https://pracownia52.pl/www/?page_id=8056" class="more-link">Czytaj dalej<span class="screen-reader-text"> „Antiquintet”</span></a></p>
