{"id":822,"date":"2010-06-12T16:55:43","date_gmt":"2010-06-12T16:55:43","guid":{"rendered":"http:\/\/pracownia52.pl\/www\/?page_id=822"},"modified":"2019-01-10T12:41:26","modified_gmt":"2019-01-10T12:41:26","slug":"vetto-tomasz-tomicki","status":"publish","type":"page","link":"https:\/\/pracownia52.pl\/www\/?page_id=822","title":{"rendered":"Vetto"},"content":{"rendered":"\n<figure class=\"wp-block-image\"><a href=\"http:\/\/vetto.pl\"><img loading=\"lazy\" decoding=\"async\" width=\"300\" height=\"319\" src=\"http:\/\/pracownia52.pl\/www\/wp-content\/uploads\/2010\/06\/vetto-logo.png\" alt=\"\" class=\"wp-image-825\" srcset=\"https:\/\/pracownia52.pl\/www\/wp-content\/uploads\/2010\/06\/vetto-logo.png?v=1650181166 300w, https:\/\/pracownia52.pl\/www\/wp-content\/uploads\/2010\/06\/vetto-logo-282x300.png?v=1650181166 282w\" sizes=\"auto, (max-width: 300px) 100vw, 300px\" \/><\/a><\/figure>\n\n\n\n<p>Logo i strona www dla gabinetu weterynaryjnego \u201e<strong><a href=\"http:\/\/vetto.pl\">Vetto<\/a><\/strong>\u201d \u2013 Tomasz Tomicki (sk\u0105din\u0105d przez lata \u015bwietny weterynarz moich ps\u00f3w ;)<br \/> mr m.<br \/> <\/p>\n","protected":false},"excerpt":{"rendered":"<p>Logo i strona www dla gabinetu weterynaryjnego \u201eVetto\u201d \u2013 Tomasz Tomicki (sk\u0105din\u0105d przez lata \u015bwietny weterynarz moich ps\u00f3w ;) mr m.<\/p>\n","protected":false},"author":1,"featured_media":0,"parent":0,"menu_order":3,"comment_status":"closed","ping_status":"open","template":"","meta":{"footnotes":""},"class_list":["post-822","page","type-page","status-publish","hentry"],"_links":{"self":[{"href":"https:\/\/pracownia52.pl\/www\/index.php?rest_route=\/wp\/v2\/pages\/822","targetHints":{"allow":["GET"]}}],"collection":[{"href":"https:\/\/pracownia52.pl\/www\/index.php?rest_route=\/wp\/v2\/pages"}],"about":[{"href":"https:\/\/pracownia52.pl\/www\/index.php?rest_route=\/wp\/v2\/types\/page"}],"author":[{"embeddable":true,"href":"https:\/\/pracownia52.pl\/www\/index.php?rest_route=\/wp\/v2\/users\/1"}],"replies":[{"embeddable":true,"href":"https:\/\/pracownia52.pl\/www\/index.php?rest_route=%2Fwp%2Fv2%2Fcomments&post=822"}],"version-history":[{"count":11,"href":"https:\/\/pracownia52.pl\/www\/index.php?rest_route=\/wp\/v2\/pages\/822\/revisions"}],"predecessor-version":[{"id":8722,"href":"https:\/\/pracownia52.pl\/www\/index.php?rest_route=\/wp\/v2\/pages\/822\/revisions\/8722"}],"wp:attachment":[{"href":"https:\/\/pracownia52.pl\/www\/index.php?rest_route=%2Fwp%2Fv2%2Fmedia&parent=822"}],"curies":[{"name":"wp","href":"https:\/\/api.w.org\/{rel}","templated":true}]}}