{"id":8489,"date":"2018-12-30T13:51:49","date_gmt":"2018-12-30T13:51:49","guid":{"rendered":"https:\/\/pracownia52.pl\/www\/?page_id=8489"},"modified":"2019-01-01T10:01:18","modified_gmt":"2019-01-01T10:01:18","slug":"zima-stulecia","status":"publish","type":"page","link":"https:\/\/pracownia52.pl\/www\/?page_id=8489","title":{"rendered":"zima \u201estulecia\u201d"},"content":{"rendered":"\n<p>Cudzys\u0142\u00f3w, bo w tamtym stuleciu <a href=\"http:\/\/nikt.net\/?p=2290\"><strong>takich zim by\u0142o w Polsce kilka<\/strong><\/a>, jak nie kilkana\u015bcie. Ale idzie o zim\u0119 1978\/79, do\u015b\u0107 dobrze <a href=\"http:\/\/thefacto.pl\/ksiazki\/literatura-faktu\/zima-stulecia.html\"><strong>opisan\u0105<\/strong><\/a>. Mam nieco zdj\u0119\u0107, ale niezbyt ciekawe \u2013 na nich g\u0142\u00f3wnie bia\u0142o (a raczej szaro-bia\u0142o). <\/p>\n\n\n\n<p>mr m.<\/p>\n\n\n\n<ul class=\"wp-block-gallery columns-2 is-cropped wp-block-gallery-1 is-layout-flex wp-block-gallery-is-layout-flex\"><li class=\"blocks-gallery-item\"><figure><a href=\"https:\/\/pracownia52.pl\/www\/wp-content\/uploads\/2018\/12\/zima-stulecia-1978-080-fot-mr-makowski-1024x689.jpg\"><img loading=\"lazy\" decoding=\"async\" width=\"1024\" height=\"689\" src=\"https:\/\/pracownia52.pl\/www\/wp-content\/uploads\/2018\/12\/zima-stulecia-1978-080-fot-mr-makowski-1024x689.jpg\" alt=\"\" data-id=\"8490\" class=\"wp-image-8490\" srcset=\"https:\/\/pracownia52.pl\/www\/wp-content\/uploads\/2018\/12\/zima-stulecia-1978-080-fot-mr-makowski-1024x689.jpg?v=1627123662 1024w, https:\/\/pracownia52.pl\/www\/wp-content\/uploads\/2018\/12\/zima-stulecia-1978-080-fot-mr-makowski-300x202.jpg?v=1627123662 300w, https:\/\/pracownia52.pl\/www\/wp-content\/uploads\/2018\/12\/zima-stulecia-1978-080-fot-mr-makowski-768x516.jpg?v=1627123662 768w, https:\/\/pracownia52.pl\/www\/wp-content\/uploads\/2018\/12\/zima-stulecia-1978-080-fot-mr-makowski.jpg?v=1627123662 1200w\" sizes=\"auto, (max-width: 767px) 89vw, (max-width: 1000px) 54vw, (max-width: 1071px) 543px, 580px\" \/><\/a><\/figure><\/li><li class=\"blocks-gallery-item\"><figure><a href=\"https:\/\/pracownia52.pl\/www\/wp-content\/uploads\/2018\/12\/003-1979-zima-stulecia-styczen-fot-mr-makowski-Raszyn-AA079-1024x687.jpg\"><img loading=\"lazy\" decoding=\"async\" width=\"1024\" height=\"687\" src=\"https:\/\/pracownia52.pl\/www\/wp-content\/uploads\/2018\/12\/003-1979-zima-stulecia-styczen-fot-mr-makowski-Raszyn-AA079-1024x687.jpg\" alt=\"\" data-id=\"8493\" class=\"wp-image-8493\" srcset=\"https:\/\/pracownia52.pl\/www\/wp-content\/uploads\/2018\/12\/003-1979-zima-stulecia-styczen-fot-mr-makowski-Raszyn-AA079-1024x687.jpg?v=1627123662 1024w, https:\/\/pracownia52.pl\/www\/wp-content\/uploads\/2018\/12\/003-1979-zima-stulecia-styczen-fot-mr-makowski-Raszyn-AA079-300x201.jpg?v=1627123662 300w, https:\/\/pracownia52.pl\/www\/wp-content\/uploads\/2018\/12\/003-1979-zima-stulecia-styczen-fot-mr-makowski-Raszyn-AA079-768x515.jpg?v=1627123662 768w, https:\/\/pracownia52.pl\/www\/wp-content\/uploads\/2018\/12\/003-1979-zima-stulecia-styczen-fot-mr-makowski-Raszyn-AA079.jpg?v=1627123662 1200w\" sizes=\"auto, (max-width: 767px) 89vw, (max-width: 1000px) 54vw, (max-width: 1071px) 543px, 580px\" \/><\/a><\/figure><\/li><\/ul>\n","protected":false},"excerpt":{"rendered":"<p>Cudzys\u0142\u00f3w, bo w tamtym stuleciu takich zim by\u0142o w Polsce kilka, jak nie kilkana\u015bcie. Ale idzie o zim\u0119 1978\/79, do\u015b\u0107 dobrze opisan\u0105. Mam nieco zdj\u0119\u0107, ale niezbyt ciekawe \u2013 na nich g\u0142\u00f3wnie bia\u0142o (a raczej szaro-bia\u0142o). mr m.<\/p>\n","protected":false},"author":1,"featured_media":0,"parent":0,"menu_order":3,"comment_status":"closed","ping_status":"closed","template":"","meta":{"footnotes":""},"class_list":["post-8489","page","type-page","status-publish","hentry"],"_links":{"self":[{"href":"https:\/\/pracownia52.pl\/www\/index.php?rest_route=\/wp\/v2\/pages\/8489","targetHints":{"allow":["GET"]}}],"collection":[{"href":"https:\/\/pracownia52.pl\/www\/index.php?rest_route=\/wp\/v2\/pages"}],"about":[{"href":"https:\/\/pracownia52.pl\/www\/index.php?rest_route=\/wp\/v2\/types\/page"}],"author":[{"embeddable":true,"href":"https:\/\/pracownia52.pl\/www\/index.php?rest_route=\/wp\/v2\/users\/1"}],"replies":[{"embeddable":true,"href":"https:\/\/pracownia52.pl\/www\/index.php?rest_route=%2Fwp%2Fv2%2Fcomments&post=8489"}],"version-history":[{"count":2,"href":"https:\/\/pracownia52.pl\/www\/index.php?rest_route=\/wp\/v2\/pages\/8489\/revisions"}],"predecessor-version":[{"id":8494,"href":"https:\/\/pracownia52.pl\/www\/index.php?rest_route=\/wp\/v2\/pages\/8489\/revisions\/8494"}],"wp:attachment":[{"href":"https:\/\/pracownia52.pl\/www\/index.php?rest_route=%2Fwp%2Fv2%2Fmedia&parent=8489"}],"curies":[{"name":"wp","href":"https:\/\/api.w.org\/{rel}","templated":true}]}}

<p>Cudzysłów, bo w tamtym stuleciu <a href="http://nikt.net/?p=2290"><strong>takich zim było w Polsce kilka</strong></a>, jak nie kilkanaście. Ale idzie o zimę 1978/79, dość dobrze <a href="http://thefacto.pl/ksiazki/literatura-faktu/zima-stulecia.html"><strong>opisaną</strong></a>. Mam nieco zdjęć, ale niezbyt ciekawe – na nich głównie biało (a raczej szaro-biało). </p>



<p>mr m.</p>



<ul class="wp-block-gallery columns-2 is-cropped wp-block-gallery-1 is-layout-flex wp-block-gallery-is-layout-flex"><li class="blocks-gallery-item"><figure><a href="https://pracownia52.pl/www/wp-content/uploads/2018/12/zima-stulecia-1978-080-fot-mr-makowski-1024x689.jpg"><img loading="lazy" decoding="async" width="1024" height="689" src="https://pracownia52.pl/www/wp-content/uploads/2018/12/zima-stulecia-1978-080-fot-mr-makowski-1024x689.jpg" alt="" data-id="8490" class="wp-image-8490" srcset="https://pracownia52.pl/www/wp-content/uploads/2018/12/zima-stulecia-1978-080-fot-mr-makowski-1024x689.jpg?v=1627123662 1024w, https://pracownia52.pl/www/wp-content/uploads/2018/12/zima-stulecia-1978-080-fot-mr-makowski-300x202.jpg?v=1627123662 300w, https://pracownia52.pl/www/wp-content/uploads/2018/12/zima-stulecia-1978-080-fot-mr-makowski-768x516.jpg?v=1627123662 768w, https://pracownia52.pl/www/wp-content/uploads/2018/12/zima-stulecia-1978-080-fot-mr-makowski.jpg?v=1627123662 1200w" sizes="auto, (max-width: 767px) 89vw, (max-width: 1000px) 54vw, (max-width: 1071px) 543px, 580px" /></a></figure></li><li class="blocks-gallery-item"><figure><a href="https://pracownia52.pl/www/wp-content/uploads/2018/12/003-1979-zima-stulecia-styczen-fot-mr-makowski-Raszyn-AA079-1024x687.jpg"><img loading="lazy" decoding="async" width="1024" height="687" src="https://pracownia52.pl/www/wp-content/uploads/2018/12/003-1979-zima-stulecia-styczen-fot-mr-makowski-Raszyn-AA079-1024x687.jpg" alt="" data-id="8493" class="wp-image-8493" srcset="https://pracownia52.pl/www/wp-content/uploads/2018/12/003-1979-zima-stulecia-styczen-fot-mr-makowski-Raszyn-AA079-1024x687.jpg?v=1627123662 1024w, https://pracownia52.pl/www/wp-content/uploads/2018/12/003-1979-zima-stulecia-styczen-fot-mr-makowski-Raszyn-AA079-300x201.jpg?v=1627123662 300w, https://pracownia52.pl/www/wp-content/uploads/2018/12/003-1979-zima-stulecia-styczen-fot-mr-makowski-Raszyn-AA079-768x515.jpg?v=1627123662 768w, https://pracownia52.pl/www/wp-content/uploads/2018/12/003-1979-zima-stulecia-styczen-fot-mr-makowski-Raszyn-AA079.jpg?v=1627123662 1200w" sizes="auto, (max-width: 767px) 89vw, (max-width: 1000px) 54vw, (max-width: 1071px) 543px, 580px" /></a></figure></li></ul>

<p>Cudzysłów, bo w tamtym stuleciu takich zim było w Polsce kilka, jak nie kilkanaście. Ale idzie o zimę 1978/79, dość dobrze opisaną. Mam nieco zdjęć, ale niezbyt ciekawe – na nich głównie biało (a raczej szaro-biało). mr m.</p>
