{"id":8644,"date":"2019-01-06T10:56:06","date_gmt":"2019-01-06T10:56:06","guid":{"rendered":"https:\/\/pracownia52.pl\/www\/?page_id=8644"},"modified":"2019-01-06T10:58:58","modified_gmt":"2019-01-06T10:58:58","slug":"jazz-juniors-1980","status":"publish","type":"page","link":"https:\/\/pracownia52.pl\/www\/?page_id=8644","title":{"rendered":"jazz juniors (1980)"},"content":{"rendered":"\n<p>\u2026i chyba jeszcze z raz czy dwa p\u00f3\u017aniej. Na trzecim zdj\u0119ciu: <strong><a href=\"https:\/\/pl.wikipedia.org\/wiki\/Ma\u0142gorzata_Gebel\">Gosia Gebel<\/a><\/strong> (ze z\u0142aman\u0105 nog\u0105, co wida\u0107) \u2013 i kto\u015b. Ma\u0142gorzata wtedy jeszcze w Polsce; p\u00f3\u017aniej chwil\u0119 w Berlinie, pomaga\u0142a muzykom z peerelu, mnie za\u0142atwi\u0142a akredytacj\u0119 na <a href=\"https:\/\/pracownia52.pl\/www\/?page_id=4361\"><strong>Berliner Jazzfest<\/strong><\/a> (1983). Bardzo <em>jazzowa<\/em> i serdeczna osoba. mr m.<\/p>\n\n\n\n<ul class=\"wp-block-gallery columns-3 is-cropped wp-block-gallery-1 is-layout-flex wp-block-gallery-is-layout-flex\"><li class=\"blocks-gallery-item\"><figure><a href=\"https:\/\/pracownia52.pl\/www\/wp-content\/uploads\/2019\/01\/antoni-ziut-gralak-jazz-juniors-1980-38.jpg\"><img loading=\"lazy\" decoding=\"async\" width=\"717\" height=\"498\" src=\"https:\/\/pracownia52.pl\/www\/wp-content\/uploads\/2019\/01\/antoni-ziut-gralak-jazz-juniors-1980-38.jpg\" alt=\"\" data-id=\"8647\" data-link=\"https:\/\/pracownia52.pl\/www\/?attachment_id=8647\" class=\"wp-image-8647\" srcset=\"https:\/\/pracownia52.pl\/www\/wp-content\/uploads\/2019\/01\/antoni-ziut-gralak-jazz-juniors-1980-38.jpg?v=1627123651 717w, https:\/\/pracownia52.pl\/www\/wp-content\/uploads\/2019\/01\/antoni-ziut-gralak-jazz-juniors-1980-38-300x208.jpg?v=1627123651 300w\" sizes=\"auto, (max-width: 717px) 100vw, 717px\" \/><\/a><figcaption>Antoni \u201eZiut\u201d Gralak<\/figcaption><\/figure><\/li><li class=\"blocks-gallery-item\"><figure><a href=\"https:\/\/pracownia52.pl\/www\/wp-content\/uploads\/2019\/01\/1980-jazz-juniors-ziut-gralak-44.jpg\"><img loading=\"lazy\" decoding=\"async\" width=\"800\" height=\"526\" src=\"https:\/\/pracownia52.pl\/www\/wp-content\/uploads\/2019\/01\/1980-jazz-juniors-ziut-gralak-44.jpg\" alt=\"\" data-id=\"8646\" data-link=\"https:\/\/pracownia52.pl\/www\/?attachment_id=8646\" class=\"wp-image-8646\" srcset=\"https:\/\/pracownia52.pl\/www\/wp-content\/uploads\/2019\/01\/1980-jazz-juniors-ziut-gralak-44.jpg?v=1627123651 800w, https:\/\/pracownia52.pl\/www\/wp-content\/uploads\/2019\/01\/1980-jazz-juniors-ziut-gralak-44-300x197.jpg?v=1627123651 300w, https:\/\/pracownia52.pl\/www\/wp-content\/uploads\/2019\/01\/1980-jazz-juniors-ziut-gralak-44-768x505.jpg?v=1627123651 768w\" sizes=\"auto, (max-width: 767px) 89vw, (max-width: 1000px) 54vw, (max-width: 1071px) 543px, 580px\" \/><\/a><\/figure><\/li><li class=\"blocks-gallery-item\"><figure><a href=\"https:\/\/pracownia52.pl\/www\/wp-content\/uploads\/2019\/01\/gosia-gebel-chyba-jazz-juniors-1980-37.jpg\"><img loading=\"lazy\" decoding=\"async\" width=\"800\" height=\"525\" src=\"https:\/\/pracownia52.pl\/www\/wp-content\/uploads\/2019\/01\/gosia-gebel-chyba-jazz-juniors-1980-37.jpg\" alt=\"\" data-id=\"8648\" data-link=\"https:\/\/pracownia52.pl\/www\/?attachment_id=8648\" class=\"wp-image-8648\" srcset=\"https:\/\/pracownia52.pl\/www\/wp-content\/uploads\/2019\/01\/gosia-gebel-chyba-jazz-juniors-1980-37.jpg?v=1627123651 800w, https:\/\/pracownia52.pl\/www\/wp-content\/uploads\/2019\/01\/gosia-gebel-chyba-jazz-juniors-1980-37-300x197.jpg?v=1627123651 300w, https:\/\/pracownia52.pl\/www\/wp-content\/uploads\/2019\/01\/gosia-gebel-chyba-jazz-juniors-1980-37-768x504.jpg?v=1627123651 768w\" sizes=\"auto, (max-width: 767px) 89vw, (max-width: 1000px) 54vw, (max-width: 1071px) 543px, 580px\" \/><\/a><\/figure><\/li><\/ul>\n","protected":false},"excerpt":{"rendered":"<p>\u2026i chyba jeszcze z raz czy dwa p\u00f3\u017aniej. Na trzecim zdj\u0119ciu: Gosia Gebel (ze z\u0142aman\u0105 nog\u0105, co wida\u0107) \u2013 i kto\u015b. Ma\u0142gorzata wtedy jeszcze w Polsce; p\u00f3\u017aniej chwil\u0119 w Berlinie, pomaga\u0142a muzykom z peerelu, mnie za\u0142atwi\u0142a akredytacj\u0119 na Berliner Jazzfest (1983). Bardzo jazzowa i serdeczna osoba. mr m.<\/p>\n","protected":false},"author":1,"featured_media":0,"parent":0,"menu_order":0,"comment_status":"closed","ping_status":"closed","template":"","meta":{"footnotes":""},"class_list":["post-8644","page","type-page","status-publish","hentry"],"_links":{"self":[{"href":"https:\/\/pracownia52.pl\/www\/index.php?rest_route=\/wp\/v2\/pages\/8644","targetHints":{"allow":["GET"]}}],"collection":[{"href":"https:\/\/pracownia52.pl\/www\/index.php?rest_route=\/wp\/v2\/pages"}],"about":[{"href":"https:\/\/pracownia52.pl\/www\/index.php?rest_route=\/wp\/v2\/types\/page"}],"author":[{"embeddable":true,"href":"https:\/\/pracownia52.pl\/www\/index.php?rest_route=\/wp\/v2\/users\/1"}],"replies":[{"embeddable":true,"href":"https:\/\/pracownia52.pl\/www\/index.php?rest_route=%2Fwp%2Fv2%2Fcomments&post=8644"}],"version-history":[{"count":5,"href":"https:\/\/pracownia52.pl\/www\/index.php?rest_route=\/wp\/v2\/pages\/8644\/revisions"}],"predecessor-version":[{"id":8652,"href":"https:\/\/pracownia52.pl\/www\/index.php?rest_route=\/wp\/v2\/pages\/8644\/revisions\/8652"}],"wp:attachment":[{"href":"https:\/\/pracownia52.pl\/www\/index.php?rest_route=%2Fwp%2Fv2%2Fmedia&parent=8644"}],"curies":[{"name":"wp","href":"https:\/\/api.w.org\/{rel}","templated":true}]}}

<p>…i chyba jeszcze z raz czy dwa później. Na trzecim zdjęciu: <strong><a href="https://pl.wikipedia.org/wiki/Małgorzata_Gebel">Gosia Gebel</a></strong> (ze złamaną nogą, co widać) – i ktoś. Małgorzata wtedy jeszcze w Polsce; później chwilę w Berlinie, pomagała muzykom z peerelu, mnie załatwiła akredytację na <a href="https://pracownia52.pl/www/?page_id=4361"><strong>Berliner Jazzfest</strong></a> (1983). Bardzo <em>jazzowa</em> i serdeczna osoba. mr m.</p>



<ul class="wp-block-gallery columns-3 is-cropped wp-block-gallery-1 is-layout-flex wp-block-gallery-is-layout-flex"><li class="blocks-gallery-item"><figure><a href="https://pracownia52.pl/www/wp-content/uploads/2019/01/antoni-ziut-gralak-jazz-juniors-1980-38.jpg"><img loading="lazy" decoding="async" width="717" height="498" src="https://pracownia52.pl/www/wp-content/uploads/2019/01/antoni-ziut-gralak-jazz-juniors-1980-38.jpg" alt="" data-id="8647" data-link="https://pracownia52.pl/www/?attachment_id=8647" class="wp-image-8647" srcset="https://pracownia52.pl/www/wp-content/uploads/2019/01/antoni-ziut-gralak-jazz-juniors-1980-38.jpg?v=1627123651 717w, https://pracownia52.pl/www/wp-content/uploads/2019/01/antoni-ziut-gralak-jazz-juniors-1980-38-300x208.jpg?v=1627123651 300w" sizes="auto, (max-width: 717px) 100vw, 717px" /></a><figcaption>Antoni „Ziut” Gralak</figcaption></figure></li><li class="blocks-gallery-item"><figure><a href="https://pracownia52.pl/www/wp-content/uploads/2019/01/1980-jazz-juniors-ziut-gralak-44.jpg"><img loading="lazy" decoding="async" width="800" height="526" src="https://pracownia52.pl/www/wp-content/uploads/2019/01/1980-jazz-juniors-ziut-gralak-44.jpg" alt="" data-id="8646" data-link="https://pracownia52.pl/www/?attachment_id=8646" class="wp-image-8646" srcset="https://pracownia52.pl/www/wp-content/uploads/2019/01/1980-jazz-juniors-ziut-gralak-44.jpg?v=1627123651 800w, https://pracownia52.pl/www/wp-content/uploads/2019/01/1980-jazz-juniors-ziut-gralak-44-300x197.jpg?v=1627123651 300w, https://pracownia52.pl/www/wp-content/uploads/2019/01/1980-jazz-juniors-ziut-gralak-44-768x505.jpg?v=1627123651 768w" sizes="auto, (max-width: 767px) 89vw, (max-width: 1000px) 54vw, (max-width: 1071px) 543px, 580px" /></a></figure></li><li class="blocks-gallery-item"><figure><a href="https://pracownia52.pl/www/wp-content/uploads/2019/01/gosia-gebel-chyba-jazz-juniors-1980-37.jpg"><img loading="lazy" decoding="async" width="800" height="525" src="https://pracownia52.pl/www/wp-content/uploads/2019/01/gosia-gebel-chyba-jazz-juniors-1980-37.jpg" alt="" data-id="8648" data-link="https://pracownia52.pl/www/?attachment_id=8648" class="wp-image-8648" srcset="https://pracownia52.pl/www/wp-content/uploads/2019/01/gosia-gebel-chyba-jazz-juniors-1980-37.jpg?v=1627123651 800w, https://pracownia52.pl/www/wp-content/uploads/2019/01/gosia-gebel-chyba-jazz-juniors-1980-37-300x197.jpg?v=1627123651 300w, https://pracownia52.pl/www/wp-content/uploads/2019/01/gosia-gebel-chyba-jazz-juniors-1980-37-768x504.jpg?v=1627123651 768w" sizes="auto, (max-width: 767px) 89vw, (max-width: 1000px) 54vw, (max-width: 1071px) 543px, 580px" /></a></figure></li></ul>

<p>…i chyba jeszcze z raz czy dwa później. Na trzecim zdjęciu: Gosia Gebel (ze złamaną nogą, co widać) – i ktoś. Małgorzata wtedy jeszcze w Polsce; później chwilę w Berlinie, pomagała muzykom z peerelu, mnie załatwiła akredytację na Berliner Jazzfest (1983). Bardzo jazzowa i serdeczna osoba. mr m.</p>
