{"id":8694,"date":"2019-01-09T10:27:02","date_gmt":"2019-01-09T10:27:02","guid":{"rendered":"https:\/\/pracownia52.pl\/www\/?page_id=8694"},"modified":"2019-01-09T11:09:04","modified_gmt":"2019-01-09T11:09:04","slug":"krwiodawcy","status":"publish","type":"page","link":"https:\/\/pracownia52.pl\/www\/?page_id=8694","title":{"rendered":"krwiodawcy"},"content":{"rendered":"\n<p>Jeden z pierwszych mych foto\/reporta\u017cy \u2013 dziwna nazwa, bo co to za <em>reporta\u017c<\/em>, ale \u2013 dla \u201e<strong><a href=\"https:\/\/pracownia52.pl\/www\/?page_id=8667\">Nowego Medyka<\/a><\/strong>\u201d (1977 chyba), taka fotografia ma\u0142ego realizmu; jest tego nieco wi\u0119cej\u2026 Stacja krwiodawstwa przy ul. Alfreda Nobla, ale tam chyba dzi\u015b nowy budynek stoi, by\u0142em w starym.<br \/>(Negatywy 6&#215;6, m\u0119cz\u0105co ci\u0119\u017cki sprz\u0119t, ech\u2026)<br \/>mr m.<\/p>\n\n\n\n<ul class=\"wp-block-gallery columns-3 is-cropped wp-block-gallery-1 is-layout-flex wp-block-gallery-is-layout-flex\"><li class=\"blocks-gallery-item\"><figure><a href=\"https:\/\/pracownia52.pl\/www\/wp-content\/uploads\/2019\/01\/002-1977-krwiodawcy-nobla850-1024x1019.jpg\"><img loading=\"lazy\" decoding=\"async\" width=\"1024\" height=\"1019\" src=\"https:\/\/pracownia52.pl\/www\/wp-content\/uploads\/2019\/01\/002-1977-krwiodawcy-nobla850-1024x1019.jpg\" alt=\"\" data-id=\"8697\" data-link=\"https:\/\/pracownia52.pl\/www\/?attachment_id=8697\" class=\"wp-image-8697\" srcset=\"https:\/\/pracownia52.pl\/www\/wp-content\/uploads\/2019\/01\/002-1977-krwiodawcy-nobla850-1024x1019.jpg?v=1627123647 1024w, https:\/\/pracownia52.pl\/www\/wp-content\/uploads\/2019\/01\/002-1977-krwiodawcy-nobla850-300x300.jpg?v=1627123647 300w, https:\/\/pracownia52.pl\/www\/wp-content\/uploads\/2019\/01\/002-1977-krwiodawcy-nobla850-150x150.jpg?v=1627123647 150w, https:\/\/pracownia52.pl\/www\/wp-content\/uploads\/2019\/01\/002-1977-krwiodawcy-nobla850-768x764.jpg?v=1627123647 768w, https:\/\/pracownia52.pl\/www\/wp-content\/uploads\/2019\/01\/002-1977-krwiodawcy-nobla850-75x75.jpg?v=1627123647 75w, https:\/\/pracownia52.pl\/www\/wp-content\/uploads\/2019\/01\/002-1977-krwiodawcy-nobla850.jpg?v=1627123647 1200w\" sizes=\"auto, (max-width: 767px) 89vw, (max-width: 1000px) 54vw, (max-width: 1071px) 543px, 580px\" \/><\/a><\/figure><\/li><li class=\"blocks-gallery-item\"><figure><a href=\"https:\/\/pracownia52.pl\/www\/wp-content\/uploads\/2019\/01\/001-1977-krwiodawcy-nobla849-1024x1021.jpg\"><img loading=\"lazy\" decoding=\"async\" width=\"1024\" height=\"1021\" src=\"https:\/\/pracownia52.pl\/www\/wp-content\/uploads\/2019\/01\/001-1977-krwiodawcy-nobla849-1024x1021.jpg\" alt=\"\" data-id=\"8696\" data-link=\"https:\/\/pracownia52.pl\/www\/?attachment_id=8696\" class=\"wp-image-8696\" srcset=\"https:\/\/pracownia52.pl\/www\/wp-content\/uploads\/2019\/01\/001-1977-krwiodawcy-nobla849-1024x1021.jpg?v=1627123647 1024w, https:\/\/pracownia52.pl\/www\/wp-content\/uploads\/2019\/01\/001-1977-krwiodawcy-nobla849-300x300.jpg?v=1627123647 300w, https:\/\/pracownia52.pl\/www\/wp-content\/uploads\/2019\/01\/001-1977-krwiodawcy-nobla849-150x150.jpg?v=1627123647 150w, https:\/\/pracownia52.pl\/www\/wp-content\/uploads\/2019\/01\/001-1977-krwiodawcy-nobla849-768x765.jpg?v=1627123647 768w, https:\/\/pracownia52.pl\/www\/wp-content\/uploads\/2019\/01\/001-1977-krwiodawcy-nobla849-75x75.jpg?v=1627123647 75w, https:\/\/pracownia52.pl\/www\/wp-content\/uploads\/2019\/01\/001-1977-krwiodawcy-nobla849.jpg?v=1627123647 1200w\" sizes=\"auto, (max-width: 767px) 89vw, (max-width: 1000px) 54vw, (max-width: 1071px) 543px, 580px\" \/><\/a><\/figure><\/li><li class=\"blocks-gallery-item\"><figure><a href=\"https:\/\/pracownia52.pl\/www\/wp-content\/uploads\/2019\/01\/003-1977-krwiodawcy-nobla-856-fot-mr-makowski-1024x1012.jpg\"><img loading=\"lazy\" decoding=\"async\" width=\"1024\" height=\"1012\" src=\"https:\/\/pracownia52.pl\/www\/wp-content\/uploads\/2019\/01\/003-1977-krwiodawcy-nobla-856-fot-mr-makowski-1024x1012.jpg\" alt=\"\" data-id=\"8701\" data-link=\"https:\/\/pracownia52.pl\/www\/?attachment_id=8701\" class=\"wp-image-8701\" srcset=\"https:\/\/pracownia52.pl\/www\/wp-content\/uploads\/2019\/01\/003-1977-krwiodawcy-nobla-856-fot-mr-makowski-1024x1012.jpg?v=1627123646 1024w, https:\/\/pracownia52.pl\/www\/wp-content\/uploads\/2019\/01\/003-1977-krwiodawcy-nobla-856-fot-mr-makowski-300x297.jpg?v=1627123646 300w, https:\/\/pracownia52.pl\/www\/wp-content\/uploads\/2019\/01\/003-1977-krwiodawcy-nobla-856-fot-mr-makowski-768x759.jpg?v=1627123646 768w, https:\/\/pracownia52.pl\/www\/wp-content\/uploads\/2019\/01\/003-1977-krwiodawcy-nobla-856-fot-mr-makowski-75x75.jpg?v=1627123646 75w, https:\/\/pracownia52.pl\/www\/wp-content\/uploads\/2019\/01\/003-1977-krwiodawcy-nobla-856-fot-mr-makowski.jpg?v=1627123646 1200w\" sizes=\"auto, (max-width: 767px) 89vw, (max-width: 1000px) 54vw, (max-width: 1071px) 543px, 580px\" \/><\/a><\/figure><\/li><\/ul>\n","protected":false},"excerpt":{"rendered":"<p>Jeden z pierwszych mych foto\/reporta\u017cy \u2013 dziwna nazwa, bo co to za reporta\u017c, ale \u2013 dla \u201eNowego Medyka\u201d (1977 chyba), taka fotografia ma\u0142ego realizmu; jest tego nieco wi\u0119cej\u2026 Stacja krwiodawstwa przy ul. Alfreda Nobla, ale tam chyba dzi\u015b nowy budynek stoi, by\u0142em w starym.(Negatywy 6&#215;6, m\u0119cz\u0105co ci\u0119\u017cki sprz\u0119t, ech\u2026)mr m.<\/p>\n","protected":false},"author":1,"featured_media":8697,"parent":0,"menu_order":3,"comment_status":"closed","ping_status":"closed","template":"","meta":{"footnotes":""},"class_list":["post-8694","page","type-page","status-publish","has-post-thumbnail","hentry"],"_links":{"self":[{"href":"https:\/\/pracownia52.pl\/www\/index.php?rest_route=\/wp\/v2\/pages\/8694","targetHints":{"allow":["GET"]}}],"collection":[{"href":"https:\/\/pracownia52.pl\/www\/index.php?rest_route=\/wp\/v2\/pages"}],"about":[{"href":"https:\/\/pracownia52.pl\/www\/index.php?rest_route=\/wp\/v2\/types\/page"}],"author":[{"embeddable":true,"href":"https:\/\/pracownia52.pl\/www\/index.php?rest_route=\/wp\/v2\/users\/1"}],"replies":[{"embeddable":true,"href":"https:\/\/pracownia52.pl\/www\/index.php?rest_route=%2Fwp%2Fv2%2Fcomments&post=8694"}],"version-history":[{"count":5,"href":"https:\/\/pracownia52.pl\/www\/index.php?rest_route=\/wp\/v2\/pages\/8694\/revisions"}],"predecessor-version":[{"id":8702,"href":"https:\/\/pracownia52.pl\/www\/index.php?rest_route=\/wp\/v2\/pages\/8694\/revisions\/8702"}],"wp:featuredmedia":[{"embeddable":true,"href":"https:\/\/pracownia52.pl\/www\/index.php?rest_route=\/wp\/v2\/media\/8697"}],"wp:attachment":[{"href":"https:\/\/pracownia52.pl\/www\/index.php?rest_route=%2Fwp%2Fv2%2Fmedia&parent=8694"}],"curies":[{"name":"wp","href":"https:\/\/api.w.org\/{rel}","templated":true}]}}