{"id":883,"date":"2010-06-13T06:22:20","date_gmt":"2010-06-13T06:22:20","guid":{"rendered":"http:\/\/pracownia52.pl\/www\/?page_id=883"},"modified":"2026-01-09T17:24:48","modified_gmt":"2026-01-09T17:24:48","slug":"zbigniew-makowski","status":"publish","type":"page","link":"https:\/\/pracownia52.pl\/www\/?page_id=883","title":{"rendered":"Zbigniew Makowski"},"content":{"rendered":"\n<p>Raczej nie robi\u0142em zdj\u0119\u0107 (tym bardziej projekt\u00f3w) dla ojca: konflikt pokole\u0144 (+ takie tam, inne).  Ale jedno lubi\u0119: prof. <strong>Mieczys\u0142aw Wallis<\/strong>, na kr\u00f3tko przed \u015bmierci\u0105 \u2013 i przed ogromnym obrazem ZM w galerii Zapiecek (1974). Jak przed bram\u0105 do innego \u015bwiata. (Tu, na g\u00f3rze: wer. z 2023 roku, <strong><a href=\"https:\/\/makowski.info\/?p=2475\" data-type=\"link\" data-id=\"https:\/\/makowski.info\/?p=2475\">sztucznie kolorowana<\/a><\/strong>.) To, co porusza w fotografii, tamtej sprzed lat \u2013 to nie fotograf, ale ludzie. Warto fotografowa\u0107 ludzi: tylko to zostaje. <br \/>\u2026<br \/>A wi\u0119cej: <a href=\"http:\/\/makowski.info\/\"><strong>tam<\/strong><\/a> lub <a href=\"http:\/\/nikt.net\/?p=316\"><strong>tam<\/strong><\/a>.<br \/>Polecam te\u017c ksi\u0105\u017ck\u0119 (ISBN 978-83-953254-0-3, wyd. 2020), kt\u00f3r\u0105 u\u0142o\u017cy\u0142em i wyda\u0142em: \u201e<a href=\"http:\/\/makowski.info\/?p=1351\"><strong>Podr\u00f3\u017c do \u015brodka mojego ojca. Aktywista Zbigniew Makowski (1946-1956)<\/strong><\/a>\u201d. Nie o sztuce ona \u2013 a raczej o czasach.<br \/>mr m.<\/p>\n\n\n\n<figure class=\"wp-block-gallery has-nested-images columns-2 is-cropped wp-block-gallery-1 is-layout-flex wp-block-gallery-is-layout-flex\">\n<figure class=\"wp-block-image size-full\"><a href=\"https:\/\/pracownia52.pl\/www\/wp-content\/uploads\/2026\/01\/1979-Zbigniew-Makowski-fot-mr-makowski-mniejsze.jpg\"><img loading=\"lazy\" decoding=\"async\" width=\"900\" height=\"614\" data-id=\"10607\" src=\"https:\/\/pracownia52.pl\/www\/wp-content\/uploads\/2026\/01\/1979-Zbigniew-Makowski-fot-mr-makowski-mniejsze.jpg\" alt=\"\" class=\"wp-image-10607\" srcset=\"https:\/\/pracownia52.pl\/www\/wp-content\/uploads\/2026\/01\/1979-Zbigniew-Makowski-fot-mr-makowski-mniejsze.jpg?v=1767979646 900w, https:\/\/pracownia52.pl\/www\/wp-content\/uploads\/2026\/01\/1979-Zbigniew-Makowski-fot-mr-makowski-mniejsze-300x205.jpg?v=1767979646 300w, https:\/\/pracownia52.pl\/www\/wp-content\/uploads\/2026\/01\/1979-Zbigniew-Makowski-fot-mr-makowski-mniejsze-768x524.jpg?v=1767979646 768w\" sizes=\"auto, (max-width: 767px) 89vw, (max-width: 1000px) 54vw, (max-width: 1071px) 543px, 580px\" \/><\/a><\/figure>\n\n\n\n<figure class=\"wp-block-image size-large\"><a href=\"https:\/\/pracownia52.pl\/www\/wp-content\/uploads\/2010\/06\/m-wallis-mid-70-w.jpg\"><img loading=\"lazy\" decoding=\"async\" width=\"500\" height=\"342\" data-id=\"886\" src=\"https:\/\/pracownia52.pl\/www\/wp-content\/uploads\/2010\/06\/m-wallis-mid-70-w.jpg\" alt=\"\" class=\"wp-image-886\" srcset=\"https:\/\/pracownia52.pl\/www\/wp-content\/uploads\/2010\/06\/m-wallis-mid-70-w.jpg?v=1627124290 500w, https:\/\/pracownia52.pl\/www\/wp-content\/uploads\/2010\/06\/m-wallis-mid-70-w-300x205.jpg?v=1627124290 300w\" sizes=\"auto, (max-width: 500px) 100vw, 500px\" \/><\/a><\/figure>\n<\/figure>\n","protected":false},"excerpt":{"rendered":"<p>Raczej nie robi\u0142em zdj\u0119\u0107 (tym bardziej projekt\u00f3w) dla ojca: konflikt pokole\u0144 (+ takie tam, inne). Ale jedno lubi\u0119: prof. Mieczys\u0142aw Wallis, na kr\u00f3tko przed \u015bmierci\u0105 \u2013 i przed ogromnym obrazem ZM w galerii Zapiecek (1974). Jak przed bram\u0105 do innego \u015bwiata. (Tu, na g\u00f3rze: wer. z 2023 roku, sztucznie kolorowana.) To, co porusza w fotografii, &hellip; <\/p>\n<p class=\"link-more\"><a href=\"https:\/\/pracownia52.pl\/www\/?page_id=883\" class=\"more-link\">Czytaj dalej<span class=\"screen-reader-text\"> \u201eZbigniew Makowski\u201d<\/span><\/a><\/p>\n","protected":false},"author":1,"featured_media":10266,"parent":0,"menu_order":4,"comment_status":"closed","ping_status":"open","template":"","meta":{"footnotes":""},"class_list":["post-883","page","type-page","status-publish","has-post-thumbnail","hentry"],"_links":{"self":[{"href":"https:\/\/pracownia52.pl\/www\/index.php?rest_route=\/wp\/v2\/pages\/883","targetHints":{"allow":["GET"]}}],"collection":[{"href":"https:\/\/pracownia52.pl\/www\/index.php?rest_route=\/wp\/v2\/pages"}],"about":[{"href":"https:\/\/pracownia52.pl\/www\/index.php?rest_route=\/wp\/v2\/types\/page"}],"author":[{"embeddable":true,"href":"https:\/\/pracownia52.pl\/www\/index.php?rest_route=\/wp\/v2\/users\/1"}],"replies":[{"embeddable":true,"href":"https:\/\/pracownia52.pl\/www\/index.php?rest_route=%2Fwp%2Fv2%2Fcomments&post=883"}],"version-history":[{"count":18,"href":"https:\/\/pracownia52.pl\/www\/index.php?rest_route=\/wp\/v2\/pages\/883\/revisions"}],"predecessor-version":[{"id":10608,"href":"https:\/\/pracownia52.pl\/www\/index.php?rest_route=\/wp\/v2\/pages\/883\/revisions\/10608"}],"wp:featuredmedia":[{"embeddable":true,"href":"https:\/\/pracownia52.pl\/www\/index.php?rest_route=\/wp\/v2\/media\/10266"}],"wp:attachment":[{"href":"https:\/\/pracownia52.pl\/www\/index.php?rest_route=%2Fwp%2Fv2%2Fmedia&parent=883"}],"curies":[{"name":"wp","href":"https:\/\/api.w.org\/{rel}","templated":true}]}}