{"id":9199,"date":"2019-03-03T11:42:47","date_gmt":"2019-03-03T11:42:47","guid":{"rendered":"https:\/\/pracownia52.pl\/www\/?page_id=9199"},"modified":"2019-03-03T13:14:15","modified_gmt":"2019-03-03T13:14:15","slug":"she","status":"publish","type":"page","link":"https:\/\/pracownia52.pl\/www\/?page_id=9199","title":{"rendered":"She"},"content":{"rendered":"\n<p>Jedno, mo\u017ce ze 3 zdj\u0119cia <a href=\"https:\/\/pl.wikipedia.org\/wiki\/She_(zesp\u00f3\u0142_muzyczny)\"><strong>grupy<\/strong><\/a> (1988? Gda\u0144sk lub Warszawa: \u201eRemont\u201d); ale \u017ce lubi\u0119.<br \/>mr m.<\/p>\n","protected":false},"excerpt":{"rendered":"<p>Jedno, mo\u017ce ze 3 zdj\u0119cia grupy (1988? Gda\u0144sk lub Warszawa: \u201eRemont\u201d); ale \u017ce lubi\u0119.mr m.<\/p>\n","protected":false},"author":1,"featured_media":9202,"parent":0,"menu_order":0,"comment_status":"closed","ping_status":"closed","template":"","meta":{"footnotes":""},"class_list":["post-9199","page","type-page","status-publish","has-post-thumbnail","hentry"],"_links":{"self":[{"href":"https:\/\/pracownia52.pl\/www\/index.php?rest_route=\/wp\/v2\/pages\/9199","targetHints":{"allow":["GET"]}}],"collection":[{"href":"https:\/\/pracownia52.pl\/www\/index.php?rest_route=\/wp\/v2\/pages"}],"about":[{"href":"https:\/\/pracownia52.pl\/www\/index.php?rest_route=\/wp\/v2\/types\/page"}],"author":[{"embeddable":true,"href":"https:\/\/pracownia52.pl\/www\/index.php?rest_route=\/wp\/v2\/users\/1"}],"replies":[{"embeddable":true,"href":"https:\/\/pracownia52.pl\/www\/index.php?rest_route=%2Fwp%2Fv2%2Fcomments&post=9199"}],"version-history":[{"count":4,"href":"https:\/\/pracownia52.pl\/www\/index.php?rest_route=\/wp\/v2\/pages\/9199\/revisions"}],"predecessor-version":[{"id":9204,"href":"https:\/\/pracownia52.pl\/www\/index.php?rest_route=\/wp\/v2\/pages\/9199\/revisions\/9204"}],"wp:featuredmedia":[{"embeddable":true,"href":"https:\/\/pracownia52.pl\/www\/index.php?rest_route=\/wp\/v2\/media\/9202"}],"wp:attachment":[{"href":"https:\/\/pracownia52.pl\/www\/index.php?rest_route=%2Fwp%2Fv2%2Fmedia&parent=9199"}],"curies":[{"name":"wp","href":"https:\/\/api.w.org\/{rel}","templated":true}]}}