{"id":9269,"date":"2019-03-12T13:18:48","date_gmt":"2019-03-12T13:18:48","guid":{"rendered":"https:\/\/pracownia52.pl\/www\/?page_id=9269"},"modified":"2019-03-12T13:18:48","modified_gmt":"2019-03-12T13:18:48","slug":"bo-diddley-1983","status":"publish","type":"page","link":"https:\/\/pracownia52.pl\/www\/?page_id=9269","title":{"rendered":"Bo Diddley (1983)"},"content":{"rendered":"\n<p>Jeden koncert w Krakowie, d\u0142uga (i do\u015b\u0107 ponura) opowie\u015b\u0107, mo\u017ce kiedy\u015b. Bardzo marne i bardzo ma\u0142o zdj\u0119\u0107; a szkoda, bo to <a href=\"https:\/\/pl.wikipedia.org\/wiki\/Bo_Diddley\"><strong>geniusz by\u0142<\/strong><\/a>.<br \/>mr m.<\/p>\n","protected":false},"excerpt":{"rendered":"<p>Jeden koncert w Krakowie, d\u0142uga (i do\u015b\u0107 ponura) opowie\u015b\u0107, mo\u017ce kiedy\u015b. Bardzo marne i bardzo ma\u0142o zdj\u0119\u0107; a szkoda, bo to geniusz by\u0142.mr m.<\/p>\n","protected":false},"author":1,"featured_media":9271,"parent":0,"menu_order":0,"comment_status":"closed","ping_status":"closed","template":"","meta":{"footnotes":""},"class_list":["post-9269","page","type-page","status-publish","has-post-thumbnail","hentry"],"_links":{"self":[{"href":"https:\/\/pracownia52.pl\/www\/index.php?rest_route=\/wp\/v2\/pages\/9269","targetHints":{"allow":["GET"]}}],"collection":[{"href":"https:\/\/pracownia52.pl\/www\/index.php?rest_route=\/wp\/v2\/pages"}],"about":[{"href":"https:\/\/pracownia52.pl\/www\/index.php?rest_route=\/wp\/v2\/types\/page"}],"author":[{"embeddable":true,"href":"https:\/\/pracownia52.pl\/www\/index.php?rest_route=\/wp\/v2\/users\/1"}],"replies":[{"embeddable":true,"href":"https:\/\/pracownia52.pl\/www\/index.php?rest_route=%2Fwp%2Fv2%2Fcomments&post=9269"}],"version-history":[{"count":2,"href":"https:\/\/pracownia52.pl\/www\/index.php?rest_route=\/wp\/v2\/pages\/9269\/revisions"}],"predecessor-version":[{"id":9272,"href":"https:\/\/pracownia52.pl\/www\/index.php?rest_route=\/wp\/v2\/pages\/9269\/revisions\/9272"}],"wp:featuredmedia":[{"embeddable":true,"href":"https:\/\/pracownia52.pl\/www\/index.php?rest_route=\/wp\/v2\/media\/9271"}],"wp:attachment":[{"href":"https:\/\/pracownia52.pl\/www\/index.php?rest_route=%2Fwp%2Fv2%2Fmedia&parent=9269"}],"curies":[{"name":"wp","href":"https:\/\/api.w.org\/{rel}","templated":true}]}}