{"id":9295,"date":"2019-03-15T12:57:55","date_gmt":"2019-03-15T12:57:55","guid":{"rendered":"https:\/\/pracownia52.pl\/www\/?page_id=9295"},"modified":"2019-03-15T12:57:55","modified_gmt":"2019-03-15T12:57:55","slug":"stranglers","status":"publish","type":"page","link":"https:\/\/pracownia52.pl\/www\/?page_id=9295","title":{"rendered":"Stranglers"},"content":{"rendered":"\n<p>Koncert z playbacku w \u0141odzi, dla programu 2 TVP (1986?). Tu wy\u017cej \u2013 panowie w szatni klubu sportowego, przed wyst\u0119pem. Inne zabawne zdj\u0119cie to takie z balonem: trwa koncert, a tam kto\u015b balonem leci, wtedy do\u015b\u0107 niespotykane (kiedy\u015b dam). Ale to raczej ciekawostka, ni\u017c <em>do\u015bwiadczenie muzyczne<\/em>.<br \/>Ale J.J. Burnell bywa\u0142 tu cz\u0119\u015bciej: np. na \u201e<strong><a href=\"https:\/\/pracownia52.pl\/www\/?page_id=568\">poza kontrol\u0105<\/a><\/strong>\u201d (1986) \u2013 i nawet gra\u0142.<br \/>mr m.<\/p>\n","protected":false},"excerpt":{"rendered":"<p>Koncert z playbacku w \u0141odzi, dla programu 2 TVP (1986?). Tu wy\u017cej \u2013 panowie w szatni klubu sportowego, przed wyst\u0119pem. Inne zabawne zdj\u0119cie to takie z balonem: trwa koncert, a tam kto\u015b balonem leci, wtedy do\u015b\u0107 niespotykane (kiedy\u015b dam). Ale to raczej ciekawostka, ni\u017c do\u015bwiadczenie muzyczne.Ale J.J. Burnell bywa\u0142 tu cz\u0119\u015bciej: np. na \u201epoza kontrol\u0105\u201d &hellip; <\/p>\n<p class=\"link-more\"><a href=\"https:\/\/pracownia52.pl\/www\/?page_id=9295\" class=\"more-link\">Czytaj dalej<span class=\"screen-reader-text\"> \u201eStranglers\u201d<\/span><\/a><\/p>\n","protected":false},"author":1,"featured_media":9298,"parent":0,"menu_order":0,"comment_status":"closed","ping_status":"closed","template":"","meta":{"footnotes":""},"class_list":["post-9295","page","type-page","status-publish","has-post-thumbnail","hentry"],"_links":{"self":[{"href":"https:\/\/pracownia52.pl\/www\/index.php?rest_route=\/wp\/v2\/pages\/9295","targetHints":{"allow":["GET"]}}],"collection":[{"href":"https:\/\/pracownia52.pl\/www\/index.php?rest_route=\/wp\/v2\/pages"}],"about":[{"href":"https:\/\/pracownia52.pl\/www\/index.php?rest_route=\/wp\/v2\/types\/page"}],"author":[{"embeddable":true,"href":"https:\/\/pracownia52.pl\/www\/index.php?rest_route=\/wp\/v2\/users\/1"}],"replies":[{"embeddable":true,"href":"https:\/\/pracownia52.pl\/www\/index.php?rest_route=%2Fwp%2Fv2%2Fcomments&post=9295"}],"version-history":[{"count":5,"href":"https:\/\/pracownia52.pl\/www\/index.php?rest_route=\/wp\/v2\/pages\/9295\/revisions"}],"predecessor-version":[{"id":9301,"href":"https:\/\/pracownia52.pl\/www\/index.php?rest_route=\/wp\/v2\/pages\/9295\/revisions\/9301"}],"wp:featuredmedia":[{"embeddable":true,"href":"https:\/\/pracownia52.pl\/www\/index.php?rest_route=\/wp\/v2\/media\/9298"}],"wp:attachment":[{"href":"https:\/\/pracownia52.pl\/www\/index.php?rest_route=%2Fwp%2Fv2%2Fmedia&parent=9295"}],"curies":[{"name":"wp","href":"https:\/\/api.w.org\/{rel}","templated":true}]}}