{"id":9534,"date":"2019-07-05T07:18:46","date_gmt":"2019-07-05T07:18:46","guid":{"rendered":"https:\/\/pracownia52.pl\/www\/?page_id=9534"},"modified":"2019-07-05T07:44:04","modified_gmt":"2019-07-05T07:44:04","slug":"festiwal-studentow-szkol-artystycznych-cieszyn-1976","status":"publish","type":"page","link":"https:\/\/pracownia52.pl\/www\/?page_id=9534","title":{"rendered":"Festiwal Student\u00f3w Szk\u00f3\u0142 Artystycznych, Cieszyn (1976)"},"content":{"rendered":"\n<p>Pierwsze takie troch\u0119 serio i <em>zawodowe<\/em> zdj\u0119cia, dla \u201e<a href=\"https:\/\/pracownia52.pl\/www\/?page_id=542\"><strong>Nowego Medyka<\/strong><\/a>\u201d. \u201e<strong><a href=\"https:\/\/ooops.pl\/?p=25908\">Akademia Ruchu<\/a><\/strong>\u201d, r\u00f3\u017cni <em>wizualni<\/em> arty\u015bci: Ba\u0142dyga, <a href=\"https:\/\/pracownia52.pl\/www\/?page_id=668\"><strong>Onuch<\/strong><\/a>, Szajna, big bandy jazzowe z Katowic\u2026 Do tego pan (tow.) <a href=\"https:\/\/ooops.pl\/?p=15606\"><strong>z KC PZPR<\/strong><\/a>, z \u201ewyk\u0142adem\u201d, uwa\u017cnie s\u0142uchali (-\u015bmy), bo w kraju: \u201eCzerwiec\u201d\u2026<br \/>mr m.<\/p>\n\n\n\n<ul class=\"wp-block-gallery columns-3 is-cropped wp-block-gallery-1 is-layout-flex wp-block-gallery-is-layout-flex\"><li class=\"blocks-gallery-item\"><figure><a href=\"https:\/\/pracownia52.pl\/www\/wp-content\/uploads\/2019\/07\/1976-Cieszyn-Fest-Stud-Szk-Artyst-055-fot-mr-makowski-1024x680.jpg\"><img loading=\"lazy\" decoding=\"async\" width=\"1024\" height=\"680\" src=\"https:\/\/pracownia52.pl\/www\/wp-content\/uploads\/2019\/07\/1976-Cieszyn-Fest-Stud-Szk-Artyst-055-fot-mr-makowski-1024x680.jpg\" alt=\"\" data-id=\"9535\" data-link=\"https:\/\/pracownia52.pl\/www\/?attachment_id=9535\" class=\"wp-image-9535\" srcset=\"https:\/\/pracownia52.pl\/www\/wp-content\/uploads\/2019\/07\/1976-Cieszyn-Fest-Stud-Szk-Artyst-055-fot-mr-makowski-1024x680.jpg?v=1627123574 1024w, https:\/\/pracownia52.pl\/www\/wp-content\/uploads\/2019\/07\/1976-Cieszyn-Fest-Stud-Szk-Artyst-055-fot-mr-makowski-300x199.jpg?v=1627123574 300w, https:\/\/pracownia52.pl\/www\/wp-content\/uploads\/2019\/07\/1976-Cieszyn-Fest-Stud-Szk-Artyst-055-fot-mr-makowski-768x510.jpg?v=1627123574 768w, https:\/\/pracownia52.pl\/www\/wp-content\/uploads\/2019\/07\/1976-Cieszyn-Fest-Stud-Szk-Artyst-055-fot-mr-makowski.jpg?v=1627123574 1200w\" sizes=\"auto, (max-width: 767px) 89vw, (max-width: 1000px) 54vw, (max-width: 1071px) 543px, 580px\" \/><\/a><\/figure><\/li><li class=\"blocks-gallery-item\"><figure><a href=\"https:\/\/pracownia52.pl\/www\/wp-content\/uploads\/2019\/07\/005-1976-festiwal-szkol-artystycznych-cieszyn-ulica2-oo4mod-v700-117-low.jpg\"><img loading=\"lazy\" decoding=\"async\" width=\"800\" height=\"529\" src=\"https:\/\/pracownia52.pl\/www\/wp-content\/uploads\/2019\/07\/005-1976-festiwal-szkol-artystycznych-cieszyn-ulica2-oo4mod-v700-117-low.jpg\" alt=\"\" data-id=\"9537\" data-link=\"https:\/\/pracownia52.pl\/www\/?attachment_id=9537\" class=\"wp-image-9537\" srcset=\"https:\/\/pracownia52.pl\/www\/wp-content\/uploads\/2019\/07\/005-1976-festiwal-szkol-artystycznych-cieszyn-ulica2-oo4mod-v700-117-low.jpg?v=1627123573 800w, https:\/\/pracownia52.pl\/www\/wp-content\/uploads\/2019\/07\/005-1976-festiwal-szkol-artystycznych-cieszyn-ulica2-oo4mod-v700-117-low-300x198.jpg?v=1627123573 300w, https:\/\/pracownia52.pl\/www\/wp-content\/uploads\/2019\/07\/005-1976-festiwal-szkol-artystycznych-cieszyn-ulica2-oo4mod-v700-117-low-768x508.jpg?v=1627123573 768w\" sizes=\"auto, (max-width: 767px) 89vw, (max-width: 1000px) 54vw, (max-width: 1071px) 543px, 580px\" \/><\/a><\/figure><\/li><li class=\"blocks-gallery-item\"><figure><a href=\"https:\/\/pracownia52.pl\/www\/wp-content\/uploads\/2019\/07\/1976-cieszyn-fest-szkol-artystycznych-szsp-u135.jpg\"><img loading=\"lazy\" decoding=\"async\" width=\"800\" height=\"535\" src=\"https:\/\/pracownia52.pl\/www\/wp-content\/uploads\/2019\/07\/1976-cieszyn-fest-szkol-artystycznych-szsp-u135.jpg\" alt=\"\" data-id=\"9538\" data-link=\"https:\/\/pracownia52.pl\/www\/?attachment_id=9538\" class=\"wp-image-9538\" srcset=\"https:\/\/pracownia52.pl\/www\/wp-content\/uploads\/2019\/07\/1976-cieszyn-fest-szkol-artystycznych-szsp-u135.jpg?v=1627123573 800w, https:\/\/pracownia52.pl\/www\/wp-content\/uploads\/2019\/07\/1976-cieszyn-fest-szkol-artystycznych-szsp-u135-300x201.jpg?v=1627123573 300w, https:\/\/pracownia52.pl\/www\/wp-content\/uploads\/2019\/07\/1976-cieszyn-fest-szkol-artystycznych-szsp-u135-768x514.jpg?v=1627123573 768w\" sizes=\"auto, (max-width: 767px) 89vw, (max-width: 1000px) 54vw, (max-width: 1071px) 543px, 580px\" \/><\/a><\/figure><\/li><li class=\"blocks-gallery-item\"><figure><a href=\"https:\/\/pracownia52.pl\/www\/wp-content\/uploads\/2019\/07\/1976-cieszyn-fest-szsp-akademia-ruchu-128.jpg\"><img loading=\"lazy\" decoding=\"async\" width=\"800\" height=\"532\" src=\"https:\/\/pracownia52.pl\/www\/wp-content\/uploads\/2019\/07\/1976-cieszyn-fest-szsp-akademia-ruchu-128.jpg\" alt=\"\" data-id=\"9539\" data-link=\"https:\/\/pracownia52.pl\/www\/?attachment_id=9539\" class=\"wp-image-9539\" srcset=\"https:\/\/pracownia52.pl\/www\/wp-content\/uploads\/2019\/07\/1976-cieszyn-fest-szsp-akademia-ruchu-128.jpg?v=1627123573 800w, https:\/\/pracownia52.pl\/www\/wp-content\/uploads\/2019\/07\/1976-cieszyn-fest-szsp-akademia-ruchu-128-300x200.jpg?v=1627123573 300w, https:\/\/pracownia52.pl\/www\/wp-content\/uploads\/2019\/07\/1976-cieszyn-fest-szsp-akademia-ruchu-128-768x511.jpg?v=1627123573 768w\" sizes=\"auto, (max-width: 767px) 89vw, (max-width: 1000px) 54vw, (max-width: 1071px) 543px, 580px\" \/><\/a><\/figure><\/li><li class=\"blocks-gallery-item\"><figure><a href=\"https:\/\/pracownia52.pl\/www\/wp-content\/uploads\/2019\/07\/1976-cieszyn-fest-szsp-ulice-35.jpg\"><img loading=\"lazy\" decoding=\"async\" width=\"536\" height=\"800\" src=\"https:\/\/pracownia52.pl\/www\/wp-content\/uploads\/2019\/07\/1976-cieszyn-fest-szsp-ulice-35.jpg\" alt=\"\" data-id=\"9541\" data-link=\"https:\/\/pracownia52.pl\/www\/?attachment_id=9541\" class=\"wp-image-9541\" srcset=\"https:\/\/pracownia52.pl\/www\/wp-content\/uploads\/2019\/07\/1976-cieszyn-fest-szsp-ulice-35.jpg?v=1627123573 536w, https:\/\/pracownia52.pl\/www\/wp-content\/uploads\/2019\/07\/1976-cieszyn-fest-szsp-ulice-35-201x300.jpg?v=1627123573 201w\" sizes=\"auto, (max-width: 536px) 100vw, 536px\" \/><\/a><\/figure><\/li><li class=\"blocks-gallery-item\"><figure><a href=\"https:\/\/pracownia52.pl\/www\/wp-content\/uploads\/2019\/07\/1976-cieszyn-festiwal-szk-art-36.jpg\"><img loading=\"lazy\" decoding=\"async\" width=\"800\" height=\"538\" src=\"https:\/\/pracownia52.pl\/www\/wp-content\/uploads\/2019\/07\/1976-cieszyn-festiwal-szk-art-36.jpg\" alt=\"\" data-id=\"9542\" data-link=\"https:\/\/pracownia52.pl\/www\/?attachment_id=9542\" class=\"wp-image-9542\" srcset=\"https:\/\/pracownia52.pl\/www\/wp-content\/uploads\/2019\/07\/1976-cieszyn-festiwal-szk-art-36.jpg?v=1627123573 800w, https:\/\/pracownia52.pl\/www\/wp-content\/uploads\/2019\/07\/1976-cieszyn-festiwal-szk-art-36-300x202.jpg?v=1627123573 300w, https:\/\/pracownia52.pl\/www\/wp-content\/uploads\/2019\/07\/1976-cieszyn-festiwal-szk-art-36-768x516.jpg?v=1627123573 768w\" sizes=\"auto, (max-width: 767px) 89vw, (max-width: 1000px) 54vw, (max-width: 1071px) 543px, 580px\" \/><\/a><\/figure><\/li><li class=\"blocks-gallery-item\"><figure><a href=\"https:\/\/pracownia52.pl\/www\/wp-content\/uploads\/2019\/07\/1976-cieszyn-festiwal-SZSP-001-v700-low-1.jpg\"><img loading=\"lazy\" decoding=\"async\" width=\"531\" height=\"800\" src=\"https:\/\/pracownia52.pl\/www\/wp-content\/uploads\/2019\/07\/1976-cieszyn-festiwal-SZSP-001-v700-low-1.jpg\" alt=\"\" data-id=\"9543\" data-link=\"https:\/\/pracownia52.pl\/www\/?attachment_id=9543\" class=\"wp-image-9543\" srcset=\"https:\/\/pracownia52.pl\/www\/wp-content\/uploads\/2019\/07\/1976-cieszyn-festiwal-SZSP-001-v700-low-1.jpg?v=1627123572 531w, https:\/\/pracownia52.pl\/www\/wp-content\/uploads\/2019\/07\/1976-cieszyn-festiwal-SZSP-001-v700-low-1-199x300.jpg?v=1627123572 199w\" sizes=\"auto, (max-width: 531px) 100vw, 531px\" \/><\/a><\/figure><\/li><li class=\"blocks-gallery-item\"><figure><a href=\"https:\/\/pracownia52.pl\/www\/wp-content\/uploads\/2019\/07\/1976-cieszyn-szsp-festiwal-28.jpg\"><img loading=\"lazy\" decoding=\"async\" width=\"800\" height=\"539\" src=\"https:\/\/pracownia52.pl\/www\/wp-content\/uploads\/2019\/07\/1976-cieszyn-szsp-festiwal-28.jpg\" alt=\"\" data-id=\"9544\" data-link=\"https:\/\/pracownia52.pl\/www\/?attachment_id=9544\" class=\"wp-image-9544\" srcset=\"https:\/\/pracownia52.pl\/www\/wp-content\/uploads\/2019\/07\/1976-cieszyn-szsp-festiwal-28.jpg?v=1627123572 800w, https:\/\/pracownia52.pl\/www\/wp-content\/uploads\/2019\/07\/1976-cieszyn-szsp-festiwal-28-300x202.jpg?v=1627123572 300w, https:\/\/pracownia52.pl\/www\/wp-content\/uploads\/2019\/07\/1976-cieszyn-szsp-festiwal-28-768x517.jpg?v=1627123572 768w\" sizes=\"auto, (max-width: 767px) 89vw, (max-width: 1000px) 54vw, (max-width: 1071px) 543px, 580px\" \/><\/a><\/figure><\/li><li class=\"blocks-gallery-item\"><figure><a href=\"https:\/\/pracownia52.pl\/www\/wp-content\/uploads\/2019\/07\/1976-sekretarz-kc-pzpr-spotyka-sie-z-mlodzieza-uczelni-artystycznych-fot-makowski-624x415.jpg\"><img loading=\"lazy\" decoding=\"async\" width=\"624\" height=\"415\" src=\"https:\/\/pracownia52.pl\/www\/wp-content\/uploads\/2019\/07\/1976-sekretarz-kc-pzpr-spotyka-sie-z-mlodzieza-uczelni-artystycznych-fot-makowski-624x415.jpg\" alt=\"\" data-id=\"9547\" data-link=\"https:\/\/pracownia52.pl\/www\/?attachment_id=9547\" class=\"wp-image-9547\" srcset=\"https:\/\/pracownia52.pl\/www\/wp-content\/uploads\/2019\/07\/1976-sekretarz-kc-pzpr-spotyka-sie-z-mlodzieza-uczelni-artystycznych-fot-makowski-624x415.jpg?v=1627123572 624w, https:\/\/pracownia52.pl\/www\/wp-content\/uploads\/2019\/07\/1976-sekretarz-kc-pzpr-spotyka-sie-z-mlodzieza-uczelni-artystycznych-fot-makowski-624x415-300x200.jpg?v=1627123572 300w\" sizes=\"auto, (max-width: 624px) 100vw, 624px\" \/><\/a><\/figure><\/li><\/ul>\n","protected":false},"excerpt":{"rendered":"<p>Pierwsze takie troch\u0119 serio i zawodowe zdj\u0119cia, dla \u201eNowego Medyka\u201d. \u201eAkademia Ruchu\u201d, r\u00f3\u017cni wizualni arty\u015bci: Ba\u0142dyga, Onuch, Szajna, big bandy jazzowe z Katowic\u2026 Do tego pan (tow.) z KC PZPR, z \u201ewyk\u0142adem\u201d, uwa\u017cnie s\u0142uchali (-\u015bmy), bo w kraju: \u201eCzerwiec\u201d\u2026mr m.<\/p>\n","protected":false},"author":1,"featured_media":9540,"parent":0,"menu_order":3,"comment_status":"closed","ping_status":"closed","template":"","meta":{"footnotes":""},"class_list":["post-9534","page","type-page","status-publish","has-post-thumbnail","hentry"],"_links":{"self":[{"href":"https:\/\/pracownia52.pl\/www\/index.php?rest_route=\/wp\/v2\/pages\/9534","targetHints":{"allow":["GET"]}}],"collection":[{"href":"https:\/\/pracownia52.pl\/www\/index.php?rest_route=\/wp\/v2\/pages"}],"about":[{"href":"https:\/\/pracownia52.pl\/www\/index.php?rest_route=\/wp\/v2\/types\/page"}],"author":[{"embeddable":true,"href":"https:\/\/pracownia52.pl\/www\/index.php?rest_route=\/wp\/v2\/users\/1"}],"replies":[{"embeddable":true,"href":"https:\/\/pracownia52.pl\/www\/index.php?rest_route=%2Fwp%2Fv2%2Fcomments&post=9534"}],"version-history":[{"count":7,"href":"https:\/\/pracownia52.pl\/www\/index.php?rest_route=\/wp\/v2\/pages\/9534\/revisions"}],"predecessor-version":[{"id":9551,"href":"https:\/\/pracownia52.pl\/www\/index.php?rest_route=\/wp\/v2\/pages\/9534\/revisions\/9551"}],"wp:featuredmedia":[{"embeddable":true,"href":"https:\/\/pracownia52.pl\/www\/index.php?rest_route=\/wp\/v2\/media\/9540"}],"wp:attachment":[{"href":"https:\/\/pracownia52.pl\/www\/index.php?rest_route=%2Fwp%2Fv2%2Fmedia&parent=9534"}],"curies":[{"name":"wp","href":"https:\/\/api.w.org\/{rel}","templated":true}]}}